000
CXUS53 KLMK 010710
CF6SDF
PRELIMINARY LOCAL CLIMATOLOGICAL DATA (WS FORM: F-6)
STATION: LOUISVILLE KY
MONTH: JULY
YEAR: 2021
LATITUDE: 38 10 N
LONGITUDE: 85 44 W
TEMPERATURE IN F: :PCPN: SNOW: WIND :SUNSHINE: SKY :PK WND
================================================================================
1 2 3 4 5 6A 6B 7 8 9 10 11 12 13 14 15 16 17 18
12Z AVG MX 2MIN
DY MAX MIN AVG DEP HDD CDD WTR SNW DPTH SPD SPD DIR MIN PSBL S-S WX SPD DR
================================================================================
1 78 70 74 -5 0 9 2.92 0.0 0 3.6 9 190 M M 9 123 12 220
2 82 64 73 -6 0 8 0.00 0.0 0 9.2 20 360 M M 5 8 28 340
3 83 62 73 -7 0 8 0.00 0.0 0 5.4 14 280 M M 3 18 280
4 89 67 78 -2 0 13 0.00 0.0 0 5.2 14 290 M M 2 8 19 280
5 92 73 83 3 0 18 0.00 0.0 0 3.3 12 240 M M 4 18 17 250
6 91 76 84 4 0 19 0.04 0.0 0 3.5 18 260 M M 4 38 24 230
7 88 73 81 1 0 16 T 0.0 0 7.1 28 150 M M 6 13 37 150
8 91 74 83 3 0 18 0.07 0.0 0 7.9 21 330 M M 9 3 28 320
9 85 71 78 -2 0 13 0.00 0.0 0 7.1 14 10 M M 7 21 50
10 88 69 79 -1 0 14 0.78 0.0 0 5.8 23 210 M M 8 13 32 200
11 84 70 77 -3 0 12 0.24 0.0 0 8.4 15 170 M M 9 13 20 210
12 86 74 80 0 0 15 0.51 0.0 0 8.6 21 160 M M 9 13 26 170
13 87 74 81 1 0 16 0.08 0.0 0 10.0 21 190 M M 8 3 27 180
14 88 73 81 1 0 16 0.00 0.0 0 5.9 14 200 M M 6 18 250
15 92 72 82 2 0 17 0.00 0.0 0 8.6 16 220 M M 5 23 230
16 91 73 82 2 0 17 0.22 0.0 0 10.5 32 230 M M 8 138 50 240
17 86 73 80 0 0 15 0.29 0.0 0 7.7 14 300 M M 8 13 20 290
18 86 73 80 0 0 15 0.00 0.0 0 6.3 15 100 M M 8 20 130
19 88 69 79 -1 0 14 0.00 0.0 0 8.1 16 30 M M 4 24 30
20 88 69 79 -1 0 14 0.00 0.0 0 6.7 14 10 M M 2 8 20 350
21 88 70 79 -1 0 14 0.00 0.0 0 6.7 14 10 M M 1 8 21 360
22 87 71 79 -1 0 14 0.00 0.0 0 5.8 12 20 M M 5 8 14 120
23 88 69 79 -1 0 14 0.00 0.0 0 4.1 12 120 M M 3 18 120
24 90 68 79 -1 0 14 0.00 0.0 0 5.6 13 200 M M 3 17 200
25 92 79 86 6 0 21 0.00 0.0 0 6.2 12 270 M M 8 17 270
26 94 77 86 6 0 21 0.00 0.0 0 6.5 16 350 M M 3 22 50
27 93 72 83 3 0 18 0.00 0.0 0 4.4 15 360 M M 2 20 360
28 93 70 82 2 0 17 0.00 0.0 0 3.6 13 290 M M 3 8 17 340
29 93 75 84 4 0 19 T 0.0 0 7.5 20 280 M M 7 38 24 280
30 86 75 81 1 0 16 0.00 0.0 0 9.4 18 360 M M 6 27 360
31 81 67 74 -6 0 9 0.01 0.0 0 5.4 16 290 M M 7 18 22 290
================================================================================
SM 2728 2212 0 464 5.16 0.0 204.1 M 172
================================================================================
AV 88.0 71.4 6.6 FASTST M M 6 MAX(MPH)
MISC ----> 32 230 50 240
================================================================================
NOTES:
# LAST OF SEVERAL OCCURRENCES
COLUMN 17 PEAK WIND IN M.P.H.
PRELIMINARY LOCAL CLIMATOLOGICAL DATA (WS FORM: F-6) , PAGE 2
STATION: LOUISVILLE KY
MONTH: JULY
YEAR: 2021
LATITUDE: 38 10 N
LONGITUDE: 85 44 W
[TEMPERATURE DATA] [PRECIPITATION DATA] SYMBOLS USED IN COLUMN 16
AVERAGE MONTHLY: 79.7 TOTAL FOR MONTH: 5.16 1 = FOG OR MIST
DPTR FM NORMAL: -0.2 DPTR FM NORMAL: 1.11 2 = FOG REDUCING VISIBILITY
HIGHEST: 94 ON 26 GRTST 24HR 2.93 ON 30- 1 TO 1/4 MILE OR LESS
LOWEST: 62 ON 3 3 = THUNDER
SNOW, ICE PELLETS, HAIL 4 = ICE PELLETS
TOTAL MONTH: 0.0 INCH 5 = HAIL
GRTST 24HR 0.0 6 = FREEZING RAIN OR DRIZZLE
GRTST DEPTH: 0 7 = DUSTSTORM OR SANDSTORM:
VSBY 1/2 MILE OR LESS
8 = SMOKE OR HAZE
[NO. OF DAYS WITH] [WEATHER - DAYS WITH] 9 = BLOWING SNOW
X = TORNADO
MAX 32 OR BELOW: 0 0.01 INCH OR MORE: 10
MAX 90 OR ABOVE: 11 0.10 INCH OR MORE: 6
MIN 32 OR BELOW: 0 0.50 INCH OR MORE: 3
MIN 0 OR BELOW: 0 1.00 INCH OR MORE: 1
[HDD (BASE 65) ]
TOTAL THIS MO. 0 CLEAR (SCALE 0-3) 8
DPTR FM NORMAL 0 PTCLDY (SCALE 4-7) 18
TOTAL FM JUL 1 0 CLOUDY (SCALE 8-10) 5
DPTR FM NORMAL 0
[CDD (BASE 65) ]
TOTAL THIS MO. 464
DPTR FM NORMAL 2 [PRESSURE DATA]
TOTAL FM JAN 1 1034 HIGHEST SLP M ON M
DPTR FM NORMAL 13 LOWEST SLP 29.77 ON 11
[REMARKS]
#FINAL-07-21#