378
CXUS54 KFWD 010831
CF6SEP
PRELIMINARY LOCAL CLIMATOLOGICAL DATA (WS FORM: F-6)
STATION: STEPHENVILLE
MONTH: FEBRUARY
YEAR: 2021
LATITUDE: 32 13 N
LONGITUDE: 98 11 W
TEMPERATURE IN F: :PCPN: SNOW: WIND :SUNSHINE: SKY :PK WND
================================================================================
1 2 3 4 5 6A 6B 7 8 9 10 11 12 13 14 15 16 17 18
12Z AVG MX 2MIN
DY MAX MIN AVG DEP HDD CDD WTR SNW DPTH SPD SPD DIR MIN PSBL S-S WX SPD DR
================================================================================
1 60 35 48 3 17 0 0.00 M M 5.2 12 30 M M 0 16 360
2 67 36 52 7 13 0 0.00 M M 5.1 15 170 M M 0 20 170
3 76 41 59 14 6 0 0.00 M M 10.0 16 170 M M 0 24 180
4 66 45 56 11 9 0 0.00 M M 10.0 18 340 M M 0 26 320
5 60 38 49 3 16 0 0.00 M M 5.9 9 40 M M 2 16 40
6 63 40 52 6 13 0 0.00 M M 10.4 20 330 M M 3 30 320
7 67 33 50 4 15 0 0.00 M M 8.5 18 200 M M 2 26 200
8 75 37 56 10 9 0 0.00 M M 10.1 13 340 M M 4 22 260
9 37 30 34 -12 31 0 M M M 9.1 14 350 M M 10 20 350
10 31 27 29 -17 36 0 0.00 M M 9.2 13 350 M M 10 18 10
11 28 23 26 -20 39 0 M M M 9.3 13 330 M M 10 21 330
12 26 22 24 -23 41 0 0.00 0.0 0 10.0 15 330 M M 10 21 330
13 30 19 25 -22 40 0 0.00 M M 10.8 15 340 M M 10 22 30
14 26 7 17 -30 48 0 M M M 15.0 21 340 M M 10 33 350
15 15 3 9 -38 56 0 0.00 M M 13.5 21 350 M M 2 32 350
16 22 0 11 -37 54 0 0.00 M M 6.1 12 130 M M 5 18 120
17 25 18 22 -26 43 0 0.00 M M 8.1 13 360 M M 10 M M
18 30 20 25 -23 40 0 0.00 M M 12.3 17 330 M M 5 23 360
19 47 14 31 -17 34 0 0.00 M M 4.1 8 170 M M 0 M M
20 63 25 44 -4 21 0 0.00 M M 9.2 15 160 M M 0 22 160
21 74 42 58 9 7 0 0.00 M M 13.2 20 220 M M 3 32 170
22 73 31 52 3 13 0 0.00 M M 4.8 15 240 M M 0 21 210
23 82 42 62 13 3 0 0.00 0.0 M 9.2 18 200 M M 0 30 200
24 70 50 60 11 5 0 0.00 M M 9.6 17 320 M M 0 24 320
25 52 43 48 -2 17 0 0.09 M M 7.9 10 20 M M 8 21 10
26 62 43 53 3 12 0 0.51 M M 4.0 8 220 M M 7 3 18 30
27 71 51 61 11 4 0 0.00 M M 6.2 14 170 M M 9 24 170
28 70 50 60 10 5 0 0.00 M M 9.2 17 320 M M 7 24 340
================================================================================
SM 1468 865 647 0 0.60 0.0 246.1 M 127
================================================================================
AV 52.4 30.9 8.8 FASTST M M 5 MAX(MPH)
MISC ----> 21 350 33 350
================================================================================
NOTES:
# LAST OF SEVERAL OCCURRENCES
COLUMN 17 PEAK WIND IN M.P.H.
PRELIMINARY LOCAL CLIMATOLOGICAL DATA (WS FORM: F-6) , PAGE 2
STATION: STEPHENVILLE
MONTH: FEBRUARY
YEAR: 2021
LATITUDE: 32 13 N
LONGITUDE: 98 11 W
[TEMPERATURE DATA] [PRECIPITATION DATA] SYMBOLS USED IN COLUMN 16
AVERAGE MONTHLY: 41.7 TOTAL FOR MONTH: 0.60 1 = FOG OR MIST
DPTR FM NORMAL: -5.7 DPTR FM NORMAL: -1.65 2 = FOG REDUCING VISIBILITY
HIGHEST: 82 ON 23 GRTST 24HR 0.51 ON 26-26 TO 1/4 MILE OR LESS
LOWEST: 0 ON 16 3 = THUNDER
SNOW, ICE PELLETS, HAIL 4 = ICE PELLETS
TOTAL MONTH: 0.0 INCH 5 = HAIL
GRTST 24HR 0.0 6 = FREEZING RAIN OR DRIZZLE
GRTST DEPTH: 0 7 = DUSTSTORM OR SANDSTORM:
VSBY 1/2 MILE OR LESS
8 = SMOKE OR HAZE
[NO. OF DAYS WITH] [WEATHER - DAYS WITH] 9 = BLOWING SNOW
X = TORNADO
MAX 32 OR BELOW: 9 0.01 INCH OR MORE: 2
MAX 90 OR ABOVE: 0 0.10 INCH OR MORE: 1
MIN 32 OR BELOW: 13 0.50 INCH OR MORE: 1
MIN 0 OR BELOW: 1 1.00 INCH OR MORE: 0
[HDD (BASE 65) ]
TOTAL THIS MO. 647 CLEAR (SCALE 0-3) 12
DPTR FM NORMAL 151 PTCLDY (SCALE 4-7) 7
TOTAL FM JUL 1 2038 CLOUDY (SCALE 8-10) 9
DPTR FM NORMAL -205
[CDD (BASE 65) ]
TOTAL THIS MO. 0
DPTR FM NORMAL -2 [PRESSURE DATA]
TOTAL FM JAN 1 0 HIGHEST SLP M ON M
DPTR FM NORMAL -1 LOWEST SLP M ON M
[REMARKS]
#FINAL-02-21#