000
CXUS56 KOTX 011010
CF6SFF
PRELIMINARY LOCAL CLIMATOLOGICAL DATA (WS FORM: F-6)
STATION: SPOKANE WA FELTS AIRPORT
MONTH: DECEMBER
YEAR: 2021
LATITUDE: 47 40 N
LONGITUDE: 117 20 W
TEMPERATURE IN F: :PCPN: SNOW: WIND :SUNSHINE: SKY :PK WND
================================================================================
1 2 3 4 5 6A 6B 7 8 9 10 11 12 13 14 15 16 17 18
12Z AVG MX 2MIN
DY MAX MIN AVG DEP HDD CDD WTR SNW DPTH SPD SPD DIR MIN PSBL S-S WX SPD DR
================================================================================
1 62 51 57 24 8 0 0.00 M M 9.1 18 220 M M 2 24 230
2 55 36 46 13 19 0 0.00 M M 5.7 18 200 M M 4 24 200
3 39 30 35 2 30 0 0.00 M M 0.3 5 60 M M 4 1 7 70
4 40 32 36 3 29 0 0.02 M M 3.3 14 230 M M 9 18 17 230
5 35 24 30 -2 35 0 0.00 M M 3.1 12 340 M M 2 12 14 330
6 29 25 27 -5 38 0 0.09 M M 0.9 7 60 M M 10 128 9 340
7 34 27 31 -1 34 0 0.00 M M 0.6 6 240 M M 10 1 7 270
8 45 26 36 4 29 0 0.00 M M 4.8 24 260 M M 6 18 38 260
9 35 26 31 -1 34 0 0.01 M M 4.9 13 220 M M 7 1 18 200
10 37 27 32 0 33 0 T M M 7.8 18 200 M M 10 1 26 210
11 47 37 42 11 23 0 0.09 M M 18.2 30 200 M M 10 1 39 200
12 43 33 38 7 27 0 0.01 M M 8.2 21 230 M M 8 29 230
13 42 30 36 5 29 0 0.04 M M 7.1 20 80 M M 6 1 26 90
14 39 27 33 2 32 0 0.00 M M 5.2 15 230 M M 5 19 200
15 36 24 30 -1 35 0 0.00 M M 2.0 9 90 M M 3 12 100
16 32 20 26 -5 39 0 0.10 M M 4.6 13 230 M M 9 12 19 280
17 24 9 17 -14 48 0 0.00 M M 1.1 9 290 M M 3 18 13 290
18 42 22 32 1 33 0 0.21 M M 6.4 22 220 M M 10 1 29 200
19 38 28 33 2 32 0 0.00 M M 3.0 9 130 M M 8 1 14 260
20 29 22 26 -5 39 0 0.09 M M 0.3 6 330 M M 8 1 8 340
21 28 21 25 -6 40 0 T M M 1.5 6 70 M M 10 1 9 20
22 44 25 35 5 30 0 0.21 M M 2.0 13 200 M M 9 1 18 200
23 43 34 39 9 26 0 0.02 M M 11.9 26 230 M M 7 35 220
24 37 31 34 4 31 0 0.03 M M 7.0 17 210 M M 9 1 23 220
25 37 29 33 3 32 0 T M M 7.5 22 210 M M 7 1 29 220
26 32 23 28 -2 37 0 0.02 M M 5.4 17 230 M M 8 18 21 230
27 25 13 19 -11 46 0 0.01 M M 5.0 15 220 M M 10 18 17 220
28 17 7 12 -19 53 0 T M M 1.9 8 330 M M 8 18 10 320
29 17 9 13 -18 52 0 T M M 4.3 13 200 M M 9 18 16 230
30 18 12 15 -16 50 0 0.11 M M 1.4 8 330 M M 10 18 12 330
31 21 10 16 -15 49 0 T M M 3.6 10 240 M M 9 18 12 240
================================================================================
SM 1102 770 1072 0 1.06 M 148.1 M 230
================================================================================
AV 35.5 24.8 4.8 FASTST M M 7 MAX(MPH)
MISC ----> 30 200 39 200
================================================================================
NOTES:
# LAST OF SEVERAL OCCURRENCES
COLUMN 17 PEAK WIND IN M.P.H.
PRELIMINARY LOCAL CLIMATOLOGICAL DATA (WS FORM: F-6) , PAGE 2
STATION: SPOKANE WA FELTS AIRPORT
MONTH: DECEMBER
YEAR: 2021
LATITUDE: 47 40 N
LONGITUDE: 117 20 W
[TEMPERATURE DATA] [PRECIPITATION DATA] SYMBOLS USED IN COLUMN 16
AVERAGE MONTHLY: 30.2 TOTAL FOR MONTH: 1.06 1 = FOG OR MIST
DPTR FM NORMAL: -1.1 DPTR FM NORMAL: -1.12 2 = FOG REDUCING VISIBILITY
HIGHEST: 62 ON 1 GRTST 24HR 0.21 ON 18-18 TO 1/4 MILE OR LESS
LOWEST: 7 ON 28 3 = THUNDER
SNOW, ICE PELLETS, HAIL 4 = ICE PELLETS
TOTAL MONTH: M 5 = HAIL
GRTST 24HR M ON M 6 = FREEZING RAIN OR DRIZZLE
GRTST DEPTH: M ON M 7 = DUSTSTORM OR SANDSTORM:
VSBY 1/2 MILE OR LESS
8 = SMOKE OR HAZE
[NO. OF DAYS WITH] [WEATHER - DAYS WITH] 9 = BLOWING SNOW
X = TORNADO
MAX 32 OR BELOW: 11 0.01 INCH OR MORE: 15
MAX 90 OR ABOVE: 0 0.10 INCH OR MORE: 4
MIN 32 OR BELOW: 26 0.50 INCH OR MORE: 0
MIN 0 OR BELOW: 0 1.00 INCH OR MORE: 0
[HDD (BASE 65) ]
TOTAL THIS MO. 1072 CLEAR (SCALE 0-3) 4
DPTR FM NORMAL 28 PTCLDY (SCALE 4-7) 11
TOTAL FM JUL 1 2333 CLOUDY (SCALE 8-10) 16
DPTR FM NORMAL -190
[CDD (BASE 65) ]
TOTAL THIS MO. 0
DPTR FM NORMAL 0 [PRESSURE DATA]
TOTAL FM JAN 1 931 HIGHEST SLP M ON M
DPTR FM NORMAL 424 LOWEST SLP 29.27 ON 23
[REMARKS]
#FINAL-12-21#