000
CXUS56 KMTR 010900
CF6SFO
PRELIMINARY LOCAL CLIMATOLOGICAL DATA (WS FORM: F-6)
STATION: SAN FRANCISCO AIRPORT
MONTH: OCTOBER
YEAR: 2023
LATITUDE: 37 37 N
LONGITUDE: 122 23 W
TEMPERATURE IN F: :PCPN: SNOW: WIND :SUNSHINE: SKY :PK WND
================================================================================
1 2 3 4 5 6A 6B 7 8 9 10 11 12 13 14 15 16 17 18
12Z AVG MX 2MIN
DY MAX MIN AVG DEP HDD CDD WTR SNW DPTH SPD SPD DIR MIN PSBL S-S WX SPD DR
================================================================================
1 74 57 66 1 0 1 0.00 M M 6.8 20 300 M M 3 8 24 310
2 74 55 65 0 0 0 0.00 M M 10.5 23 300 M M 3 18 28 300
3 75 55 65 0 0 0 0.00 M M 7.4 17 300 M M 1 8 22 300
4 90 61 76 11 0 11 0.00 M M 2.3 12 290 M M 0 8 13 290
5 92 65 79 15 0 14 0.00 M M 4.8 20 280 M M 0 26 290
6 92 66 79 15 0 14 0.00 M M 6.2 21 290 M M 0 26 290
7 91 63 77 13 0 12 0.00 M M 8.1 20 290 M M 0 25 300
8 69 58 64 0 1 0 0.00 M M 13.8 26 300 M M 2 32 290
9 74 57 66 2 0 1 T M M 6.8 14 200 M M 7 19 200
10 73 60 67 3 0 2 0.00 M M 12.6 22 270 M M 6 1 29 270
11 71 59 65 1 0 0 0.00 M M 15.0 23 290 M M 2 8 31 290
12 77 55 66 2 0 1 0.00 M M 7.8 22 290 M M 3 8 27 280
13 74 55 65 1 0 0 0.00 M M 6.8 21 280 M M 7 30 300
14 74 61 68 5 0 3 0.00 M M 6.6 20 280 M M 7 26 290
15 77 57 67 4 0 2 0.00 M M 8.5 20 300 M M 5 8 26 300
16 76 56 66 3 0 1 0.00 M M 8.2 20 280 M M 4 26 280
17 77 59 68 5 0 3 0.00 M M 10.1 25 290 M M 3 18 33 290
18 86 58 72 9 0 7 0.00 M M 3.6 15 290 M M 0 8 18 300
19 88 61 75 12 0 10 0.00 M M 5.3 17 300 M M 0 8 20 300
20 73 60 67 5 0 2 0.00 M M 6.5 16 230 M M 4 8 22 310
21 72 57 65 3 0 0 0.00 M M 7.1 18 280 M M 5 26 240
22 70 62 66 4 0 1 T M M 9.6 18 250 M M 9 18 24 250
23 72 60 66 4 0 1 0.00 M M 8.6 22 270 M M 5 8 28 300
24 71 57 64 2 1 0 0.00 M M 9.1 25 280 M M 4 18 32 270
25 68 58 63 2 2 0 T M M 12.1 25 270 M M 6 33 270
26 67 50 59 -2 6 0 0.00 M M 10.0 22 280 M M 3 28 290
27 65 50 58 -3 7 0 0.00 M M 11.0 23 280 M M 2 30 290
28 70 49 60 -1 5 0 0.00 M M 8.4 20 290 M M 1 26 290
29 74 50 62 1 3 0 0.00 M M 7.1 20 60 M M 1 23 60
30 74 50 62 2 3 0 0.00 M M 3.4 13 290 M M 3 15 300
31 74 50 62 2 3 0 0.00 M M 1.2 6 190 M M 4 8 7 30
================================================================================
SM 2354 1771 31 86 T M 245.3 M 100
================================================================================
AV 75.9 57.1 7.9 FASTST M M 3 MAX(MPH)
MISC ----> 26 300 # 33 290
================================================================================
NOTES:
# LAST OF SEVERAL OCCURRENCES
COLUMN 17 PEAK WIND IN M.P.H.
PRELIMINARY LOCAL CLIMATOLOGICAL DATA (WS FORM: F-6) , PAGE 2
STATION: SAN FRANCISCO AIRPORT
MONTH: OCTOBER
YEAR: 2023
LATITUDE: 37 37 N
LONGITUDE: 122 23 W
[TEMPERATURE DATA] [PRECIPITATION DATA] SYMBOLS USED IN COLUMN 16
AVERAGE MONTHLY: 66.5 TOTAL FOR MONTH: T 1 = FOG OR MIST
DPTR FM NORMAL: 3.6 DPTR FM NORMAL: -0.79 2 = FOG REDUCING VISIBILITY
HIGHEST: 92 ON 6, 5 GRTST 24HR T ON 9- 9 TO 1/4 MILE OR LESS
LOWEST: 49 ON 28 3 = THUNDER
SNOW, ICE PELLETS, HAIL 4 = ICE PELLETS
TOTAL MONTH: M 5 = HAIL
GRTST 24HR M ON M 6 = FREEZING RAIN OR DRIZZLE
GRTST DEPTH: M ON M 7 = DUSTSTORM OR SANDSTORM:
VSBY 1/2 MILE OR LESS
8 = SMOKE OR HAZE
[NO. OF DAYS WITH] [WEATHER - DAYS WITH] 9 = BLOWING SNOW
X = TORNADO
MAX 32 OR BELOW: 0 0.01 INCH OR MORE: 0
MAX 90 OR ABOVE: 4 0.10 INCH OR MORE: 0
MIN 32 OR BELOW: 0 0.50 INCH OR MORE: 0
MIN 0 OR BELOW: 0 1.00 INCH OR MORE: 0
[HDD (BASE 65) ]
TOTAL THIS MO. 31 CLEAR (SCALE 0-3) 15
DPTR FM NORMAL -69 PTCLDY (SCALE 4-7) 15
TOTAL FM JUL 1 84 CLOUDY (SCALE 8-10) 1
DPTR FM NORMAL -162
[CDD (BASE 65) ]
TOTAL THIS MO. 86
DPTR FM NORMAL 53 [PRESSURE DATA]
TOTAL FM JAN 1 273 HIGHEST SLP M ON M
DPTR FM NORMAL 74 LOWEST SLP 29.77 ON 22
[REMARKS]
#FINAL-10-23#