000
CXUS53 KSGF 010638
CLMSGF
CLIMATE REPORT
NATIONAL WEATHER SERVICE
138 AM CDT SAT JUL 01 2023
...................................
...THE SPRINGFIELD MO CLIMATE SUMMARY FOR THE MONTH OF JUNE 2023...
CLIMATE NORMAL PERIOD: 1991 TO 2020
CLIMATE RECORD PERIOD: 1888 TO 2023
WEATHER OBSERVED NORMAL DEPART LAST YEAR`S
VALUE DATE(S) VALUE FROM VALUE
NORMAL
..............................................................
TEMPERATURE (F)
RECORD
HIGH 101 06/28/2012
06/27/2012
06/27/1954
LOW 42 06/01/1966
HIGHEST 99 06/29 84 15 97
LOWEST 56 06/13 62 -6 52
AVG. MAXIMUM 85.9 85.2 0.7 87.2
AVG. MINIMUM 63.1 64.6 -1.5
MEAN 74.5 74.9 -0.4
DAYS MAX >= 90 5 6.1 -1.1
DAYS MAX <= 32 0 0.0 0.0
DAYS MIN <= 32 0 0.0 0.0
DAYS MIN <= 0 0 0.0 0.0
PRECIPITATION (INCHES)
RECORD
MAXIMUM 13.41 2008
MINIMUM 0.23 1991
TOTALS 1.99 4.47 -2.48 1.95
DAILY AVG. 0.07 0.15 -0.08
DAYS >= .01 9 10.2 -1.2
DAYS >= .10 4 7.1 -3.1
DAYS >= .50 2 3.3 -1.3
DAYS >= 1.00 0 1.2 -1.2
GREATEST
24 HR. TOTAL 0.96 05/31 TO 05/31 0.97
DEGREE DAYS
HEATING TOTAL 0 6 -6 0
SINCE 7/1 4037 4274 -237 MM
COOLING TOTAL 294 302 -8 350
SINCE 1/1 454 451 3 MM
FREEZE DATES
RECORD
EARLIEST 05/19/1894
LATEST 09/24/1989
EARLIEST 10/17 10/17
LATEST 04/23 04/19
..............................................................
WIND (MPH)
AVERAGE WIND SPEED 6.0
RESULTANT WIND SPEED/DIRECTION 2/150
HIGHEST WIND SPEED/DIRECTION 38/030 DATE 06/16
HIGHEST GUST SPEED/DIRECTION 49/020 DATE 06/16
49/230 06/18
SKY COVER
POSSIBLE SUNSHINE (PERCENT) MM
AVERAGE SKY COVER 0.14
NUMBER OF DAYS FAIR 26
NUMBER OF DAYS PC 3
NUMBER OF DAYS CLOUDY 1
AVERAGE RH (PERCENT) 68
WEATHER CONDITIONS. NUMBER OF DAYS WITH
THUNDERSTORM 8 MIXED PRECIP 0
HEAVY RAIN 2 RAIN 4
LIGHT RAIN 8 FREEZING RAIN 0
LT FREEZING RAIN 0 HAIL 0
HEAVY SNOW 0 SNOW 0
LIGHT SNOW 0 SLEET 0
FOG 10 FOG W/VIS <= 1/4 MILE 0
HAZE 1
- INDICATES NEGATIVE NUMBERS.
R INDICATES RECORD WAS SET OR TIED.
MM INDICATES DATA IS MISSING.
T INDICATES TRACE AMOUNT.
$$