000
CXUS55 KBYZ 011052
CF6SHR
PRELIMINARY LOCAL CLIMATOLOGICAL DATA (WS FORM: F-6)

                                          STATION:   SHERIDAN WY
                                          MONTH:     JUNE
                                          YEAR:      2012
                                          LATITUDE:   44 46 N
                                          LONGITUDE: 106 58 W

  TEMPERATURE IN F:       :PCPN:    SNOW:  WIND      :SUNSHINE: SKY     :PK WND
================================================================================
1   2   3   4   5  6A  6B    7    8   9   10  11  12  13   14  15   16   17  18
                                     12Z  AVG MX 2MIN
DY MAX MIN AVG DEP HDD CDD  WTR  SNW DPTH SPD SPD DIR MIN PSBL S-S WX    SPD DR
================================================================================

 1  73  51  62   5   3   0 0.15    M    M  7.5 21 330   M    M   6 1      26 340
 2  86  46  66   9   0   1 0.09    M    M  5.9 38 300   M    M   0 3      47 290
 3  77  54  66   8   0   1 0.01    M    M  4.5 16 280   M    M   3        21 290
 4  87  49  68  10   0   3 0.00    M    M  4.1 30 220   M    M   0        39 210
 5  91  60  76  18   0  11 0.00    M    M 17.1 32 140   M    M   0        43 150
 6  74  45  60   2   5   0 0.00    M    M  6.6 21 230   M    M   0        29 130
 7  73  43  58  -1   7   0 0.00    M    M  3.2 12 130   M    M   1        16 120
 8  88  47  68   9   0   3 0.00    M    M  7.8 46 300   M    M   0        56 310
 9  62  48  55  -4  10   0 0.07    M    M  8.7 36 310   M    M   8 1      44 300
10  69  37  53  -7  12   0    T    M    M 13.1 32 320   M    M   4        43 320
11  72  45  59  -1   6   0 0.00    M    M  8.1 30 310   M    M   4        39 300
12  79  45  62   2   3   0 0.00    M    M  5.1 20 170   M    M   2        24 150
13  79  44  62   1   3   0 0.00    M    M  8.1 24 330   M    M   2        31 320
14  75  44  60  -1   5   0 0.00    M    M  4.6 18 330   M    M   1        24 170
15  79  46  63   2   2   0    T    M    M  9.0 25 290   M    M   1        32 330
16  83  40  62   0   3   0 0.00    M    M  2.4 12 150   M    M   0        16 130
17  87  48  68   6   0   3 0.01    M    M  6.3 14 360   M    M   1        20 360
18  89  50  70   8   0   5    T    M    M  8.3 31 260   M    M   3 3      41 270
19  73  49  61  -2   4   0    T    M    M 10.6 32 310   M    M   5        39 310
20  69  43  56  -7   9   0 0.00    M    M 13.2 31 330   M    M   3        39 320
21  85  39  62  -1   3   0 0.00    M    M  2.9 14  40   M    M   0        18  50
22  93  46  70   6   0   5 0.00    M    M  7.2 18  30   M    M   0        25 150
23  93  52  73   9   0   8 0.00    M    M  3.4  9 260   M    M   0        14 310
24 100  55  78  14   0  13 0.00    M    M  4.1 12 290   M    M   0        15  70
25 100  62  81  16   0  16 0.00    M    M  4.7 22 130   M    M   0        30 140
26 102  57  80  15   0  15 0.00    M    M 11.7 36 210   M    M   0        48 200
27  85  49  67   2   0   2 0.00    M    M  5.9 17 320   M    M   5 8      23 130
28  95  45  70   4   0   5 0.00    M    M  3.4 12  30   M    M   0        18  90
29  97  52  75   9   0  10 0.00    M    M  5.8 20 300   M    M   0        26 310
30  93  54  74   8   0   9 0.00    M    M  3.9 14 300   M    M   0        16 300
================================================================================
SM 2508 1445        75 110  0.33    M    207.2          M       49
================================================================================
AV 83.6 48.2                               6.9 FASTST   M    M   2    MAX(MPH)
                                 MISC ---->  # 46 300               # 56  310
================================================================================
NOTES:
# LAST OF SEVERAL OCCURRENCES

COLUMN 17 PEAK WIND IN M.P.H.

PRELIMINARY LOCAL CLIMATOLOGICAL DATA (WS FORM: F-6) , PAGE 2

                                          STATION:  SHERIDAN WY
                                          MONTH:    JUNE
                                          YEAR:     2012
                                          LATITUDE:   44 46 N
                                          LONGITUDE: 106 58 W

[TEMPERATURE DATA]      [PRECIPITATION DATA]       SYMBOLS USED IN COLUMN 16

AVERAGE MONTHLY: 65.9   TOTAL FOR MONTH:   0.33    1 = FOG OR MIST
DPTR FM NORMAL:   4.3   DPTR FM NORMAL:   -1.79    2 = FOG REDUCING VISIBILITY
HIGHEST:   102 ON 26    GRTST 24HR  0.15 ON  1- 1      TO 1/4 MILE OR LESS
LOWEST:     37 ON 10                               3 = THUNDER
                        SNOW, ICE PELLETS, HAIL    4 = ICE PELLETS
                        TOTAL MONTH:    M          5 = HAIL
                        GRTST 24HR    M  ON   M    6 = FREEZING RAIN OR DRIZZLE
                        GRTST DEPTH:  M  ON   M    7 = DUSTSTORM OR SANDSTORM:
                                                       VSBY 1/2 MILE OR LESS
                                                   8 = SMOKE OR HAZE
[NO. OF DAYS WITH]      [WEATHER - DAYS WITH]      9 = BLOWING SNOW
                                                   X = TORNADO
MAX 32 OR BELOW:   0    0.01 INCH OR MORE:   5
MAX 90 OR ABOVE:   9    0.10 INCH OR MORE:   1
MIN 32 OR BELOW:   0    0.50 INCH OR MORE:   0
MIN  0 OR BELOW:   0    1.00 INCH OR MORE:   0

[HDD (BASE 65) ]
TOTAL THIS MO.    75    CLEAR  (SCALE 0-3)  23
DPTR FM NORMAL   -74    PTCLDY (SCALE 4-7)   7
TOTAL FM JUL 1  6649    CLOUDY (SCALE 8-10)  0
DPTR FM NORMAL  -994

[CDD (BASE 65) ]
TOTAL THIS MO.   110
DPTR FM NORMAL    64    [PRESSURE DATA]
TOTAL FM JAN 1   114    HIGHEST SLP 30.19 ON 20
DPTR FM NORMAL    64    LOWEST  SLP 29.35 ON  5

[REMARKS]
#FINAL-06-12#
