000
CXUS55 KBYZ 011052
CF6SHR
PRELIMINARY LOCAL CLIMATOLOGICAL DATA (WS FORM: F-6)

                                          STATION:   SHERIDAN WY
                                          MONTH:     JUNE
                                          YEAR:      2011
                                          LATITUDE:   44 46 N
                                          LONGITUDE: 106 58 W

  TEMPERATURE IN F:       :PCPN:    SNOW:  WIND      :SUNSHINE: SKY     :PK WND
================================================================================
1   2   3   4   5  6A  6B    7    8   9   10  11  12  13   14  15   16   17  18
                                     12Z  AVG MX 2MIN
DY MAX MIN AVG DEP HDD CDD  WTR  SNW DPTH SPD SPD DIR MIN PSBL S-S WX    SPD DR
================================================================================

 1  81  41  61   4   4   0 0.00    M    M  7.9 26 140   M    M   0        32 140
 2  76  45  61   3   4   0 0.00    M    M 14.6 33 240   M    M   0        44 200
 3  67  36  52  -6  13   0 0.00    M    M 13.1 29 280   M    M   0        39 210
 4  74  36  55  -3  10   0 0.00    M    M  6.1 16 120   M    M   0        21 110
 5  87  44  66   7   0   1 0.00    M    M  2.4 10  30   M    M   0        13  40
 6  86  45  66   7   0   1 0.00    M    M  6.1 51 200   M    M   1 18     63 210
 7  74  50  62   3   3   0 0.00    M    M 17.0 36 280   M    M   4        55 260
 8  59  46  53  -6  12   0 0.27    M    M  6.2 12 260   M    M  10 1      14 140
 9  59  47  53  -7  12   0 0.59    M    M 11.9 29 130   M    M   9 1      37 140
10  64  43  54  -6  11   0 0.00    M    M  5.2 18 320   M    M   7        23 320
11  72  48  60   0   5   0 0.00    M    M  4.5 28 330   M    M   2        35 320
12  69  45  57  -4   8   0    T    M    M  4.7 23 300   M    M   1 3      26 300
13  79  42  61   0   4   0    T    M    M  6.1 29 300   M    M   1 38     38 300
14  70  44  57  -4   8   0    T    M    M  9.1 30 330   M    M   4        38 340
15  78  39  59  -2   6   0 0.00    M    M  5.0 45 300   M    M   1 8      58 300
16  67  46  57  -5   8   0 0.12    M    M  6.9 33 310   M    M   7 18     41 310
17  71  45  58  -4   7   0 0.13    M    M  8.7 32 310   M    M   5 1      39 310
18  77  41  59  -3   6   0 0.00    M    M  4.3 16 150   M    M   2        18 160
19  64  51  58  -5   7   0 0.21    M    M  8.1 18 330   M    M   8 1      23 340
20  70  49  60  -3   5   0 0.01    M    M  6.1 24 290   M    M   7        28 280
21  74  46  60  -3   5   0 0.00    M    M  9.0 23 340   M    M   2        30 350
22  80  44  62  -2   3   0 0.00    M    M  2.2 24 350   M    M   0 38     29 350
23  86  53  70   6   0   5 0.04    M    M  7.4 29 300   M    M   1 38     36 300
24  81  50  66   2   0   1 0.04    M    M  4.1 31 320   M    M   1 38     40 320
25  74  48  61  -3   4   0 0.00    M    M  5.3 22 310   M    M   5        26 310
26  63  49  56  -9   9   0 0.26    M    M  8.1 20 320   M    M   5 13     31 160
27  76  40  58  -7   7   0 0.00    M    M  4.8 14 140   M    M   0        21 120
28  93  46  70   5   0   5 0.00    M    M  5.1 17 100   M    M   0 8      23 130
29  97  61  79  14   0  14 0.00    M    M  9.7 28 230   M    M   0        36 220
30  84  59  72   6   0   7 0.01    M    M  6.4 22 310   M    M   1 38     33 260
================================================================================
SM 2252 1379       161  34  1.68    M    216.1          M       84
================================================================================
AV 75.1 46.0                               7.2 FASTST   M    M   3    MAX(MPH)
                                 MISC ---->  # 51 200               # 63  210
================================================================================
NOTES:
# LAST OF SEVERAL OCCURRENCES

COLUMN 17 PEAK WIND IN M.P.H.

PRELIMINARY LOCAL CLIMATOLOGICAL DATA (WS FORM: F-6) , PAGE 2

                                          STATION:  SHERIDAN WY
                                          MONTH:    JUNE
                                          YEAR:     2011
                                          LATITUDE:   44 46 N
                                          LONGITUDE: 106 58 W

[TEMPERATURE DATA]      [PRECIPITATION DATA]       SYMBOLS USED IN COLUMN 16

AVERAGE MONTHLY: 60.5   TOTAL FOR MONTH:   1.68    1 = FOG OR MIST
DPTR FM NORMAL:  -1.1   DPTR FM NORMAL:   -0.34    2 = FOG REDUCING VISIBILITY
HIGHEST:    97 ON 29    GRTST 24HR  0.80 ON  8- 9      TO 1/4 MILE OR LESS
LOWEST:     36 ON  4, 3                            3 = THUNDER
                        SNOW, ICE PELLETS, HAIL    4 = ICE PELLETS
                        TOTAL MONTH:    M          5 = HAIL
                        GRTST 24HR    M  ON   M    6 = FREEZING RAIN OR DRIZZLE
                        GRTST DEPTH:  M  ON   M    7 = DUSTSTORM OR SANDSTORM:
                                                       VSBY 1/2 MILE OR LESS
                                                   8 = SMOKE OR HAZE
[NO. OF DAYS WITH]      [WEATHER - DAYS WITH]      9 = BLOWING SNOW
                                                   X = TORNADO
MAX 32 OR BELOW:   0    0.01 INCH OR MORE:  10
MAX 90 OR ABOVE:   2    0.10 INCH OR MORE:   6
MIN 32 OR BELOW:   0    0.50 INCH OR MORE:   1
MIN  0 OR BELOW:   0    1.00 INCH OR MORE:   0

[HDD (BASE 65) ]
TOTAL THIS MO.   161    CLEAR  (SCALE 0-3)  19
DPTR FM NORMAL    25    PTCLDY (SCALE 4-7)   9
TOTAL FM JUL 1  7855    CLOUDY (SCALE 8-10)  2
DPTR FM NORMAL   134

[CDD (BASE 65) ]
TOTAL THIS MO.    34
DPTR FM NORMAL   -16    [PRESSURE DATA]
TOTAL FM JAN 1    34    HIGHEST SLP 30.28 ON  4
DPTR FM NORMAL   -21    LOWEST  SLP 29.33 ON  7

[REMARKS]
#FINAL-06-11#
