000
CXUS55 KBYZ 311052
CF6SHR
PRELIMINARY LOCAL CLIMATOLOGICAL DATA (WS FORM: F-6)

                                          STATION:   SHERIDAN WY
                                          MONTH:     DECEMBER
                                          YEAR:      2011
                                          LATITUDE:   44 46 N
                                          LONGITUDE: 106 58 W

  TEMPERATURE IN F:       :PCPN:    SNOW:  WIND      :SUNSHINE: SKY     :PK WND
================================================================================
1   2   3   4   5  6A  6B    7    8   9   10  11  12  13   14  15   16   17  18
                                     12Z  AVG MX 2MIN
DY MAX MIN AVG DEP HDD CDD  WTR  SNW DPTH SPD SPD DIR MIN PSBL S-S WX    SPD DR
================================================================================

 1  27   3  15 -11  50   0 0.09    M    M  6.1 30 310   M    M   4 1      37 310
 2  39   5  22  -3  43   0 0.01    M    M  8.9 24 310   M    M   4 1      26 310
 3  31  15  23  -2  42   0 0.00    M    M  6.7 25 310   M    M   3        29 310
 4  29   6  18  -6  47   0 0.02    M    M 16.0 33 320   M    M   9 18     43 320
 5  23  -5   9 -15  56   0 0.00    M    M  2.0  9 190   M    M   0         9 190
 6  40   1  21  -3  44   0 0.00    M    M  3.9 16 300   M    M   0        18 300
 7  41  18  30   6  35   0 0.01    M    M  3.7 13 290   M    M   3 1      16  20
 8  27   7  17  -6  48   0 0.07    M    M  2.1 20 350   M    M   7 18     24  10
 9  32  14  23   0  42   0 0.00    M    M  3.5 13 300   M    M   6        17 160
10  41  13  27   4  38   0 0.00    M    M  2.1 10 220   M    M   0        14 210
11  42   9  26   3  39   0 0.00    M    M  2.5 13 210   M    M   0        18 160
12  29  12  21  -2  44   0 0.00    M    M  2.9 13 290   M    M   2 1      15 290
13  22   9  16  -6  49   0 0.00    M    M  1.2  8 300   M    M   9 128     9 300
14  39   7  23   1  42   0    T    M    M 11.9 38 300   M    M   6 18     46 300
15  33  11  22   0  43   0 0.00    M    M  1.3  9 350   M    M   3         9 340
16  39  18  29   7  36   0 0.00    M    M  3.9 13 320   M    M   3        20  40
17  46  17  32  10  33   0 0.00    M    M  3.5 20 170   M    M   0        22 170
18  50  19  35  13  30   0 0.01    M    M  5.4 17 330   M    M   2 1      21 340
19  32   7  20  -2  45   0 0.06    M    M  4.7 14 130   M    M   4 1      17 140
20  44   7  26   4  39   0 0.00    M    M  5.1 16 350   M    M   2        22 360
21  35  23  29   7  36   0 0.04    M    M 13.9 25 330   M    M  10 1      30 310
22  30   8  19  -3  46   0 0.00    M    M  2.5 15 140   M    M   3 128    20 140
23  44  11  28   6  37   0 0.00    M    M  2.3  9 170   M    M   0         9 190
24  42  16  29   7  36   0 0.00    M    M  2.3 10 290   M    M   0        10 300
25  45  18  32  10  33   0 0.00    M    M  2.6 13 240   M    M   0        15 240
26  45  16  31   9  34   0 0.00    M    M 11.0 28 330   M    M   0        33 330
27  46  14  30   8  35   0 0.00    M    M  3.2 12 260   M    M   2        17 250
28  53  35  44  22  21   0 0.00    M    M 13.8 31 280   M    M   3        37 280
29  54  29  42  20  23   0 0.03    M    M 16.0 48 320   M    M   4 1      64 320
30  47  25  36  13  29   0 0.00    M    M  6.2 29 310   M    M   2        38 310
================================================================================
SM 1147  388      1175   0  0.34    M    171.2          M       91
================================================================================
AV 38.2 12.9                               5.7 FASTST   M    M   3    MAX(MPH)
                                 MISC ---->  # 48 320               # 64  320
================================================================================
NOTES:
# LAST OF SEVERAL OCCURRENCES

COLUMN 17 PEAK WIND IN M.P.H.

PRELIMINARY LOCAL CLIMATOLOGICAL DATA (WS FORM: F-6) , PAGE 2

                                          STATION:  SHERIDAN WY
                                          MONTH:    DECEMBER
                                          YEAR:     2011
                                          LATITUDE:   44 46 N
                                          LONGITUDE: 106 58 W

[TEMPERATURE DATA]      [PRECIPITATION DATA]       SYMBOLS USED IN COLUMN 16

AVERAGE MONTHLY: 25.6   TOTAL FOR MONTH:   0.34    1 = FOG OR MIST
DPTR FM NORMAL:   2.8   DPTR FM NORMAL:   -0.20    2 = FOG REDUCING VISIBILITY
HIGHEST:    54 ON 29    GRTST 24HR  0.28 ON 30- 1      TO 1/4 MILE OR LESS
LOWEST:     -5 ON  5                               3 = THUNDER
                        SNOW, ICE PELLETS, HAIL    4 = ICE PELLETS
                        TOTAL MONTH:    M          5 = HAIL
                        GRTST 24HR    M  ON   M    6 = FREEZING RAIN OR DRIZZLE
                        GRTST DEPTH:  M  ON   M    7 = DUSTSTORM OR SANDSTORM:
                                                       VSBY 1/2 MILE OR LESS
                                                   8 = SMOKE OR HAZE
[NO. OF DAYS WITH]      [WEATHER - DAYS WITH]      9 = BLOWING SNOW
                                                   X = TORNADO
MAX 32 OR BELOW:  10    0.01 INCH OR MORE:   9
MAX 90 OR ABOVE:   0    0.10 INCH OR MORE:   0
MIN 32 OR BELOW:  29    0.50 INCH OR MORE:   0
MIN  0 OR BELOW:   1    1.00 INCH OR MORE:   0

[HDD (BASE 65) ]
TOTAL THIS MO.  1175    CLEAR  (SCALE 0-3)  19
DPTR FM NORMAL   -90    PTCLDY (SCALE 4-7)   8
TOTAL FM JUL 1  2799    CLOUDY (SCALE 8-10)  3
DPTR FM NORMAL  -344

[CDD (BASE 65) ]
TOTAL THIS MO.     0
DPTR FM NORMAL     0    [PRESSURE DATA]
TOTAL FM JAN 1   511    HIGHEST SLP M ON M
DPTR FM NORMAL    92    LOWEST  SLP 29.50 ON M

[REMARKS]
