000
CXUS55 KBYZ 011052
CF6SHR
PRELIMINARY LOCAL CLIMATOLOGICAL DATA (WS FORM: F-6)

                                          STATION:   SHERIDAN WY
                                          MONTH:     AUGUST
                                          YEAR:      2012
                                          LATITUDE:   44 46 N
                                          LONGITUDE: 106 58 W

  TEMPERATURE IN F:       :PCPN:    SNOW:  WIND      :SUNSHINE: SKY     :PK WND
================================================================================
1   2   3   4   5  6A  6B    7    8   9   10  11  12  13   14  15   16   17  18
                                     12Z  AVG MX 2MIN
DY MAX MIN AVG DEP HDD CDD  WTR  SNW DPTH SPD SPD DIR MIN PSBL S-S WX    SPD DR
================================================================================

 1  92  59  76   4   0  11 0.00    M    M  7.9 23 320   M    M   0        28 320
 2  91  55  73   1   0   8 0.00    M    M  8.0 23 300   M    M   0 8      30 300
 3  71  47  59 -12   6   0 0.04    M    M 11.5 23 300   M    M   7 18     30 300
 4  80  44  62  -9   3   0 0.00    M    M  5.5 17 330   M    M   0        24 340
 5  95  44  70  -1   0   5 0.00    M    M  2.0 10  10   M    M   0        14 310
 6  96  52  74   3   0   9 0.00    M    M  3.8 20 300   M    M   0        30 320
 7  95  59  77   6   0  12 0.00    M    M  9.3 32 310   M    M   0 8      41 310
 8  97  53  75   4   0  10 0.00    M    M  3.0 10 130   M    M   0        14 160
 9  93  68  81  10   0  16 0.00    M    M  6.3 30 210   M    M   0 8      38 220
10  92  59  76   5   0  11 0.07    M    M  6.9 22  10   M    M   2        29  10
11  75  53  64  -6   1   0    T    M    M  9.6 35 330   M    M   6        40 330
12  86  49  68  -2   0   3 0.00    M    M  4.0 14  90   M    M   1        18  70
13  89  55  72   2   0   7 0.00    M    M  5.6 15  40   M    M   0 3      21  40
14  94  50  72   2   0   7 0.00    M    M  2.5 13 320   M    M   0 8      15 320
15  73  55  64  -6   1   0    T    M    M 13.8 39 310   M    M   8 8      48 310
16  76  49  63  -6   2   0 0.00    M    M  4.6 13 120   M    M   5        21 150
17  85  43  64  -5   1   0 0.00    M    M  6.6 24 340   M    M   0        29 330
18  83  44  64  -5   1   0 0.00    M    M  5.3 17 330   M    M   0        23 360
19  87  40  64  -5   1   0 0.00    M    M  2.0  9 130   M    M   0        17 150
20  91  55  73   5   0   8 0.00    M    M  3.9 17 360   M    M   1        23  20
21  94  50  72   4   0   7 0.00    M    M  3.7 15 150   M    M   0 8      23 110
22  90  56  73   5   0   8    T    M    M  9.6 37 320   M    M   1 8      44 310
23  94  51  73   5   0   8 0.00    M    M  4.1 20 280   M    M   0 8      24 280
24  92  53  73   6   0   8 0.00    M    M  9.8 26 320   M    M   0 8      32 320
25  85  39  62  -5   3   0 0.00    M    M  4.9 21 140   M    M   0        26 140
26  88  42  65  -1   0   0 0.00    M    M  3.0 15 140   M    M   0        28 270
27  98  49  74   8   0   9 0.00    M    M  3.5 10  50   M    M   0        15  10
28  99  54  77  11   0  12 0.00    M    M  5.5 16 320   M    M   0        23 330
29 102  56  79  13   0  14 0.00    M    M  7.3 22 270   M    M   0        28  40
30  83  46  65   0   0   0 0.00    M    M  3.5 16 170   M    M   0        21 140
31  91  52  72   7   0   7    T    M    M  3.9 22 300   M    M   1        41 290
================================================================================
SM 2757 1581        19 180  0.11    M    180.9          M       32
================================================================================
AV 88.9 51.0                               5.8 FASTST   M    M   1    MAX(MPH)
                                 MISC ---->  # 39 310               # 48  310
================================================================================
NOTES:
# LAST OF SEVERAL OCCURRENCES

COLUMN 17 PEAK WIND IN M.P.H.

PRELIMINARY LOCAL CLIMATOLOGICAL DATA (WS FORM: F-6) , PAGE 2

                                          STATION:  SHERIDAN WY
                                          MONTH:    AUGUST
                                          YEAR:     2012
                                          LATITUDE:   44 46 N
                                          LONGITUDE: 106 58 W

[TEMPERATURE DATA]      [PRECIPITATION DATA]       SYMBOLS USED IN COLUMN 16

AVERAGE MONTHLY: 70.0   TOTAL FOR MONTH:   0.11    1 = FOG OR MIST
DPTR FM NORMAL:   1.0   DPTR FM NORMAL:   -0.61    2 = FOG REDUCING VISIBILITY
HIGHEST:   102 ON 29    GRTST 24HR  0.07 ON 10-10      TO 1/4 MILE OR LESS
LOWEST:     39 ON 25                               3 = THUNDER
                        SNOW, ICE PELLETS, HAIL    4 = ICE PELLETS
                        TOTAL MONTH:    M          5 = HAIL
                        GRTST 24HR    M  ON   M    6 = FREEZING RAIN OR DRIZZLE
                        GRTST DEPTH:  M  ON   M    7 = DUSTSTORM OR SANDSTORM:
                                                       VSBY 1/2 MILE OR LESS
                                                   8 = SMOKE OR HAZE
[NO. OF DAYS WITH]      [WEATHER - DAYS WITH]      9 = BLOWING SNOW
                                                   X = TORNADO
MAX 32 OR BELOW:   0    0.01 INCH OR MORE:   2
MAX 90 OR ABOVE:  18    0.10 INCH OR MORE:   0
MIN 32 OR BELOW:   0    0.50 INCH OR MORE:   0
MIN  0 OR BELOW:   0    1.00 INCH OR MORE:   0

[HDD (BASE 65) ]
TOTAL THIS MO.    19    CLEAR  (SCALE 0-3)  27
DPTR FM NORMAL   -17    PTCLDY (SCALE 4-7)   3
TOTAL FM JUL 1    19    CLOUDY (SCALE 8-10)  1
DPTR FM NORMAL   -43

[CDD (BASE 65) ]
TOTAL THIS MO.   180
DPTR FM NORMAL    22    [PRESSURE DATA]
TOTAL FM JAN 1   637    HIGHEST SLP 30.24 ON 15
DPTR FM NORMAL   247    LOWEST  SLP 29.59 ON 24

[REMARKS]
#FINAL-08-12#
