000
CXUS55 KBYZ 011052
CF6SHR
PRELIMINARY LOCAL CLIMATOLOGICAL DATA (WS FORM: F-6)

                                          STATION:   SHERIDAN WY
                                          MONTH:     APRIL
                                          YEAR:      2012
                                          LATITUDE:   44 46 N
                                          LONGITUDE: 106 58 W

  TEMPERATURE IN F:       :PCPN:    SNOW:  WIND      :SUNSHINE: SKY     :PK WND
================================================================================
1   2   3   4   5  6A  6B    7    8   9   10  11  12  13   14  15   16   17  18
                                     12Z  AVG MX 2MIN
DY MAX MIN AVG DEP HDD CDD  WTR  SNW DPTH SPD SPD DIR MIN PSBL S-S WX    SPD DR
================================================================================

 1  72  39  56  16   9   0 0.14    M    M 13.5 29 310   M    M   4 1      35 330
 2  49  27  38  -2  27   0 0.02    M    M 11.9 25 310   M    M   7        31 310
 3  60  23  42   2  23   0 0.00    M    M 12.0 29 140   M    M   0        38 140
 4  71  24  48   7  17   0 0.00    M    M  2.7 12 280   M    M   0        14 290
 5  58  35  47   6  18   0 0.00    M    M 10.0 25 320   M    M   3        35 300
 6  44  29  37  -4  28   0 0.01    M    M 13.1 28 320   M    M   8 1      33 320
 7  52  22  37  -4  28   0 0.00    M    M  5.7 23 260   M    M   2        28 250
 8  57  20  39  -3  26   0 0.00    M    M  2.9 10 320   M    M   0        18  80
 9  59  22  41  -1  24   0 0.00    M    M  4.9 14 120   M    M   0        24  40
10  66  24  45   3  20   0 0.00    M    M  3.0 16 150   M    M   0        22 150
11  79  30  55  13  10   0 0.00    M    M 12.0 36 140   M    M   0        46 150
12  64  40  52   9  13   0 0.00    M    M 11.0 29 300   M    M   3        36 140
13  58  37  48   5  17   0 0.01    M    M  6.6 20 300   M    M   6        22 300
14  50  30  40  -3  25   0 0.82    M    M  5.1 15 270   M    M   7 1      18 340
15  43  33  38  -5  27   0 0.13    M    M 11.9 25 290   M    M  10 1      30 300
16  53  31  42  -2  23   0 0.00    M    M  1.8  8 310   M    M   7        21 190
17  52  32  42  -2  23   0 0.05    M    M  7.3 26 320   M    M   4        31 320
18  59  33  46   2  19   0 0.00    M    M  7.9 30 320   M    M   5        37 330
19  57  32  45   1  20   0    T    M    M  5.6 30 320   M    M   6        37 310
20  67  28  48   3  17   0    T    M    M  4.9 26 310   M    M   5        33 270
21  61  37  49   4  16   0 0.02    M    M  7.0 18 330   M    M   6        23 330
22  77  32  55  10  10   0 0.00    M    M  2.2  8 200   M    M   0        10 340
23  85  39  62  16   3   0 0.00    M    M  3.0 28 350   M    M   0        37 350
24  84  49  67  21   0   2    T    M    M  5.6 22 330   M    M   1 3      29 280
25  77  48  63  17   2   0 0.00    M    M  4.1 14 360   M    M   2        16 360
26  82  48  65  19   0   0 0.00    M    M  5.6 16 150   M    M   0        21 150
27  62  38  50   3  15   0 0.07    M    M 21.4 40 320   M    M   7 1      52 320
28  42  36  39  -8  26   0 0.04    M    M 22.5 37 310   M    M  10        45 320
29  56  33  45  -2  20   0 0.00    M    M  6.0 24 310   M    M   8        32 310
30  68  30  49   1  16   0 0.00    M    M  6.8 25 250   M    M   2        29 270
================================================================================
SM 1864  981       522   2  1.31    M    238.0          M      113
================================================================================
AV 62.1 32.7                               7.9 FASTST   M    M   4    MAX(MPH)
                                 MISC ---->  # 40 320               # 52  320
================================================================================
NOTES:
# LAST OF SEVERAL OCCURRENCES

COLUMN 17 PEAK WIND IN M.P.H.

PRELIMINARY LOCAL CLIMATOLOGICAL DATA (WS FORM: F-6) , PAGE 2

                                          STATION:  SHERIDAN WY
                                          MONTH:    APRIL
                                          YEAR:     2012
                                          LATITUDE:   44 46 N
                                          LONGITUDE: 106 58 W

[TEMPERATURE DATA]      [PRECIPITATION DATA]       SYMBOLS USED IN COLUMN 16

AVERAGE MONTHLY: 47.4   TOTAL FOR MONTH:   1.31    1 = FOG OR MIST
DPTR FM NORMAL:   3.8   DPTR FM NORMAL:   -0.29    2 = FOG REDUCING VISIBILITY
HIGHEST:    85 ON 23    GRTST 24HR  0.95 ON 14-15      TO 1/4 MILE OR LESS
LOWEST:     20 ON  8                               3 = THUNDER
                        SNOW, ICE PELLETS, HAIL    4 = ICE PELLETS
                        TOTAL MONTH:    M          5 = HAIL
                        GRTST 24HR    M  ON   M    6 = FREEZING RAIN OR DRIZZLE
                        GRTST DEPTH:  M  ON   M    7 = DUSTSTORM OR SANDSTORM:
                                                       VSBY 1/2 MILE OR LESS
                                                   8 = SMOKE OR HAZE
[NO. OF DAYS WITH]      [WEATHER - DAYS WITH]      9 = BLOWING SNOW
                                                   X = TORNADO
MAX 32 OR BELOW:   0    0.01 INCH OR MORE:  10
MAX 90 OR ABOVE:   0    0.10 INCH OR MORE:   3
MIN 32 OR BELOW:  16    0.50 INCH OR MORE:   1
MIN  0 OR BELOW:   0    1.00 INCH OR MORE:   0

[HDD (BASE 65) ]
TOTAL THIS MO.   522    CLEAR  (SCALE 0-3)  13
DPTR FM NORMAL  -120    PTCLDY (SCALE 4-7)  15
TOTAL FM JUL 1  6169    CLOUDY (SCALE 8-10)  2
DPTR FM NORMAL  -932

[CDD (BASE 65) ]
TOTAL THIS MO.     2
DPTR FM NORMAL     2    [PRESSURE DATA]
TOTAL FM JAN 1     2    HIGHEST SLP 30.44 ON  8
DPTR FM NORMAL     2    LOWEST  SLP 29.24 ON  1

[REMARKS]
#FINAL-04-12#
