000
CXUS55 KBYZ 011055
CF6SHR
PRELIMINARY LOCAL CLIMATOLOGICAL DATA (WS FORM: F-6)

                                          STATION:   SHERIDAN WY
                                          MONTH:     APRIL
                                          YEAR:      2013
                                          LATITUDE:   44 46 N
                                          LONGITUDE: 106 58 W

  TEMPERATURE IN F:       :PCPN:    SNOW:  WIND      :SUNSHINE: SKY     :PK WND
================================================================================
1   2   3   4   5  6A  6B    7    8   9   10  11  12  13   14  15   16   17  18
                                     12Z  AVG MX 2MIN
DY MAX MIN AVG DEP HDD CDD  WTR  SNW DPTH SPD SPD DIR MIN PSBL S-S WX    SPD DR
================================================================================

 1  58  23  41   1  24   0 0.00    M    M  3.4 15  20   M    M   2        20  40
 2  67  21  44   4  21   0 0.00    M    M  3.3 13 130   M    M   0        16  60
 3  65  29  47   7  18   0 0.00    M    M  8.4 28 330   M    M   1        38 330
 4  64  26  45   4  20   0 0.00    M    M  3.3 12  90   M    M   2        16 110
 5  60  36  48   7  17   0 0.17    M    M  6.9 37 320   M    M   6 1      45 320
 6  61  36  49   8  16   0    T    M    M  5.7 21 330   M    M   5        24 320
 7  61  33  47   6  18   0 0.01    M    M  5.1 21 320   M    M   3        24 320
 8  41  16  29 -13  36   0 0.24    M    M 16.6 33 310   M    M   9 1      41 310
 9  21  13  17 -25  48   0 0.25    M    M  6.9 15 310   M    M  10 18     17 310
10  36  11  24 -18  41   0 0.00    M    M  4.7 16 150   M    M   4        18 150
11  51  26  39  -3  26   0 0.02    M    M 13.1 39 310   M    M   7 1      45 300
12  47  31  39  -4  26   0 0.06    M    M 13.9 29 300   M    M   6 1      33 340
13  56  31  44   1  21   0 0.01    M    M 12.4 46 310   M    M   8 1      59 310
14  38  21  30 -13  35   0    T    M    M 23.6 39 320   M    M   8 18     49 320
15  32  17  25 -18  40   0    T    M    M  8.5 16 310   M    M   9 18     25 330
16  28  20  24 -20  41   0 0.20    M    M  4.4 10 350   M    M  10 12     13 350
17  31  19  25 -19  40   0 0.03    M    M 10.3 20 320   M    M   8 18     23 330
18  48  13  31 -13  34   0 0.00    M    M 12.4 31 310   M    M   4        39 320
19  53  29  41  -3  24   0 0.00    M    M  8.1 25 320   M    M   8        30 320
20  58  32  45   0  20   0 0.04    M    M  9.0 30 310   M    M   7        38 280
21  44  26  35 -10  30   0 0.70    M    M  8.1 24 310   M    M  10 12     29 310
22  27   4  16 -29  49   0 0.20    M    M  7.1 17  20   M    M   6 1      21  10
23  36  -2  17 -29  48   0 0.00    M    M  3.9 13 280   M    M   0        17 290
24  47  28  38  -8  27   0 0.06    M    M 11.0 23 320   M    M   5 1      29 330
25  65  32  49   3  16   0 0.00    M    M  7.8 24 260   M    M   1        30 240
26  70  31  51   5  14   0 0.00    M    M  2.5 16 330   M    M   1        18 320
27  76  37  57  10   8   0 0.00    M    M  7.4 20 290   M    M   0        29 270
28  62  38  50   3  15   0 0.02    M    M 10.1 28 310   M    M   5        33 330
29  68  34  51   4  14   0 0.25    M    M  9.3 33 320   M    M   4 1      41 310
30  49  29  39  -9  26   0 0.01    M    M 12.0 24 320   M    M   9 18     33 340
================================================================================
SM 1520  740       813   0  2.27    M    259.2          M      158
================================================================================
AV 50.7 24.7                               8.6 FASTST   M    M   5    MAX(MPH)
                                 MISC ---->  # 46 310               # 59  310
================================================================================
NOTES:
# LAST OF SEVERAL OCCURRENCES

COLUMN 17 PEAK WIND IN M.P.H.

PRELIMINARY LOCAL CLIMATOLOGICAL DATA (WS FORM: F-6) , PAGE 2

                                          STATION:  SHERIDAN WY
                                          MONTH:    APRIL
                                          YEAR:     2013
                                          LATITUDE:   44 46 N
                                          LONGITUDE: 106 58 W

[TEMPERATURE DATA]      [PRECIPITATION DATA]       SYMBOLS USED IN COLUMN 16

AVERAGE MONTHLY: 37.7   TOTAL FOR MONTH:   2.27    1 = FOG OR MIST
DPTR FM NORMAL:  -5.9   DPTR FM NORMAL:    0.67    2 = FOG REDUCING VISIBILITY
HIGHEST:    76 ON 27    GRTST 24HR  0.88 ON 21-22      TO 1/4 MILE OR LESS
LOWEST:     -2 ON 23                               3 = THUNDER
                        SNOW, ICE PELLETS, HAIL    4 = ICE PELLETS
                        TOTAL MONTH:    M          5 = HAIL
                        GRTST 24HR    M  ON   M    6 = FREEZING RAIN OR DRIZZLE
                        GRTST DEPTH:  M  ON   M    7 = DUSTSTORM OR SANDSTORM:
                                                       VSBY 1/2 MILE OR LESS
                                                   8 = SMOKE OR HAZE
[NO. OF DAYS WITH]      [WEATHER - DAYS WITH]      9 = BLOWING SNOW
                                                   X = TORNADO
MAX 32 OR BELOW:   5    0.01 INCH OR MORE:  16
MAX 90 OR ABOVE:   0    0.10 INCH OR MORE:   7
MIN 32 OR BELOW:  24    0.50 INCH OR MORE:   1
MIN  0 OR BELOW:   1    1.00 INCH OR MORE:   0

[HDD (BASE 65) ]
TOTAL THIS MO.   813    CLEAR  (SCALE 0-3)   8
DPTR FM NORMAL   171    PTCLDY (SCALE 4-7)  14
TOTAL FM JUL 1  7092    CLOUDY (SCALE 8-10)  8
DPTR FM NORMAL    -9

[CDD (BASE 65) ]
TOTAL THIS MO.     0
DPTR FM NORMAL     0    [PRESSURE DATA]
TOTAL FM JAN 1     0    HIGHEST SLP 30.56 ON 22
DPTR FM NORMAL     0    LOWEST  SLP 29.29 ON 13

[REMARKS]
#FINAL-04-13#
