000
CXUS55 KBYZ 011055
CF6SHR
PRELIMINARY LOCAL CLIMATOLOGICAL DATA (WS FORM: F-6)

                                          STATION:   SHERIDAN WY
                                          MONTH:     SEPTEMBER
                                          YEAR:      2013
                                          LATITUDE:   44 46 N
                                          LONGITUDE: 106 58 W

  TEMPERATURE IN F:       :PCPN:    SNOW:  WIND      :SUNSHINE: SKY     :PK WND
================================================================================
1   2   3   4   5  6A  6B    7    8   9   10  11  12  13   14  15   16   17  18
                                     12Z  AVG MX 2MIN
DY MAX MIN AVG DEP HDD CDD  WTR  SNW DPTH SPD SPD DIR MIN PSBL S-S WX    SPD DR
================================================================================

 1  92  45  69   5   0   4 0.00    M    M  2.0 12 110   M    M   0        16  10
 2  94  48  71   7   0   6    T    M    M  3.5 20 160   M    M   2        26 150
 3  92  59  76  12   0  11 0.00    M    M  2.4 13 350   M    M   3        16 340
 4  94  60  77  14   0  12 0.00    M    M  3.7 24 300   M    M   1        28 300
 5  97  57  77  14   0  12 0.00    M    M  2.8 20 310   M    M   0        24 300
 6  94  61  78  16   0  13 0.08    M    M  5.8 35 220   M    M   0 3      43 220
 7  90  59  75  13   0  10 0.33    M    M  5.1 45 220   M    M   1 3      59 220
 8  78  58  68   7   0   3 0.15    M    M  5.1 18 290   M    M   6 3      21 300
 9  77  52  65   4   0   0 0.00    M    M  5.6 23 300   M    M   4        29 300
10  78  49  64   4   1   0 0.00    M    M  1.8  7 120   M    M   0         9 120
11  84  47  66   6   0   1 0.00    M    M  1.5  8  50   M    M   1        10  40
12  82  49  66   6   0   1 0.00    M    M 10.4 26 140   M    M   1        32 140
13  81  54  68   9   0   3 0.36    M    M  7.5 20 130   M    M   5 1      25 150
14  69  52  61   2   4   0 1.49    M    M  9.4 22 320   M    M   8 13     28 290
15  72  58  65   7   0   0 0.13    M    M 12.6 26 140   M    M   4 1      35 150
16  82  48  65   7   0   0 0.00    M    M  1.9 18 140   M    M   0        25 140
17  89  53  71  14   0   6 0.17    M    M  8.1 30 180   M    M   0 38     43 180
18  76  44  60   3   5   0 0.05    M    M  8.2 33 320   M    M   3 3      43 320
19  62  40  51  -5  14   0 0.00    M    M  7.9 20 340   M    M   3        25 340
20  74  35  55  -1  10   0 0.00    M    M  3.3 12 120   M    M   0 8      21 150
21  86  37  62   7   3   0 0.00    M    M  5.3 17 260   M    M   0        23 250
22  70  46  58   3   7   0    T    M    M  4.5 20 310   M    M   1        23 290
23  69  41  55   1  10   0 0.13    M    M 10.1 24 340   M    M   4        30 340
24  79  35  57   3   8   0 0.00    M    M  5.3 16 290   M    M   0        22 120
25  61  42  52  -2  13   0 0.34    M    M  7.2 21 330   M    M   5 13     24 330
26  48  37  43 -10  22   0 0.61    M    M  7.8 24 320   M    M   9 1      30 320
27  43  32  38 -15  27   0 0.42    M    M  3.3  8 180   M    M   8        10 290
28  65  32  49  -3  16   0 0.00    M    M  6.2 22 270   M    M   2        26 270
29  71  46  59   7   6   0 0.00    M    M  6.8 22 230   M    M   1        30 230
30  75  38  57   6   8   0    T    M    M  8.2 46 320   M    M   2        54 320
================================================================================
SM 2324 1414       154  82  4.26    M    173.3          M       74
================================================================================
AV 77.5 47.1                               5.8 FASTST   M    M   2    MAX(MPH)
                                 MISC ---->  # 46 320               # 59  220
================================================================================
NOTES:
# LAST OF SEVERAL OCCURRENCES

COLUMN 17 PEAK WIND IN M.P.H.

PRELIMINARY LOCAL CLIMATOLOGICAL DATA (WS FORM: F-6) , PAGE 2

                                          STATION:  SHERIDAN WY
                                          MONTH:    SEPTEMBER
                                          YEAR:     2013
                                          LATITUDE:   44 46 N
                                          LONGITUDE: 106 58 W

[TEMPERATURE DATA]      [PRECIPITATION DATA]       SYMBOLS USED IN COLUMN 16

AVERAGE MONTHLY: 62.3   TOTAL FOR MONTH:   4.26    1 = FOG OR MIST
DPTR FM NORMAL:   4.4   DPTR FM NORMAL:    2.83    2 = FOG REDUCING VISIBILITY
HIGHEST:    97 ON  5    GRTST 24HR  1.62 ON 14-15      TO 1/4 MILE OR LESS
LOWEST:     32 ON 28,27                            3 = THUNDER
                        SNOW, ICE PELLETS, HAIL    4 = ICE PELLETS
                        TOTAL MONTH:    M          5 = HAIL
                        GRTST 24HR    M  ON   M    6 = FREEZING RAIN OR DRIZZLE
                        GRTST DEPTH:  M  ON   M    7 = DUSTSTORM OR SANDSTORM:
                                                       VSBY 1/2 MILE OR LESS
                                                   8 = SMOKE OR HAZE
[NO. OF DAYS WITH]      [WEATHER - DAYS WITH]      9 = BLOWING SNOW
                                                   X = TORNADO
MAX 32 OR BELOW:   0    0.01 INCH OR MORE:  12
MAX 90 OR ABOVE:   7    0.10 INCH OR MORE:  10
MIN 32 OR BELOW:   2    0.50 INCH OR MORE:   2
MIN  0 OR BELOW:   0    1.00 INCH OR MORE:   1

[HDD (BASE 65) ]
TOTAL THIS MO.   154    CLEAR  (SCALE 0-3)  19
DPTR FM NORMAL   -87    PTCLDY (SCALE 4-7)  10
TOTAL FM JUL 1   155    CLOUDY (SCALE 8-10)  1
DPTR FM NORMAL  -148

[CDD (BASE 65) ]
TOTAL THIS MO.    82
DPTR FM NORMAL    54    [PRESSURE DATA]
TOTAL FM JAN 1   592    HIGHEST SLP 30.27 ON 12
DPTR FM NORMAL   174    LOWEST  SLP 29.47 ON 30

[REMARKS]
#FINAL-09-13#
