000
CXUS55 KBYZ 042050
CF6SHR
PRELIMINARY LOCAL CLIMATOLOGICAL DATA (WS FORM: F-6)

                                          STATION:   SHERIDAN WY
                                          MONTH:     JULY
                                          YEAR:      2012
                                          LATITUDE:   44 46 N
                                          LONGITUDE: 106 58 W

  TEMPERATURE IN F:       :PCPN:    SNOW:  WIND      :SUNSHINE: SKY     :PK WND
================================================================================
1   2   3   4   5  6A  6B    7    8   9   10  11  12  13   14  15   16   17  18
                                     12Z  AVG MX 2MIN
DY MAX MIN AVG DEP HDD CDD  WTR  SNW DPTH SPD SPD DIR MIN PSBL S-S WX    SPD DR
================================================================================

 1 103  62  83  16   0  18 0.00    M    M 11.7 37 300   M    M   0        45 320
 2  93  58  76   9   0  11 0.05    M    M  7.2 31 310   M    M   1 38     38 250
 3 102  58  80  13   0  15 0.00    M    M  9.8 26 310   M    M   0        35 300
 4  92  57  75   7   0  10 0.00    M    M  8.0 18 320   M    M   0        23 320
 5  82  54  68   0   0   3 0.05    M    M  9.5 25 320   M    M   3 38     31 320
 6  88  55  72   4   0   7    T    M    M  7.8 21 320   M    M   4        24 290
 7  91  49  70   2   0   5 0.00    M    M  4.7 16  60   M    M   0        22  90
 8  92  50  71   2   0   6 0.00    M    M  4.8 14 110   M    M   0        21  90
 9  94  54  74   5   0   9 0.00    M    M  4.6 22 120   M    M   0        30 140
10  97  54  76   7   0  11 0.00    M    M  4.5 25 240   M    M   0 8      35 240
11  96  54  75   5   0  10 0.01    M    M  6.0 39 340   M    M   0 3      52 330
12  95  54  75   5   0  10 0.00    M    M  2.9 10  20   M    M   0        17  90
13  99  55  77   7   0  12 0.00    M    M  4.8 28 190   M    M   0 3      33 190
14  95  66  81  11   0  16    T    M    M  4.8 28 220   M    M   1        35 220
15  93  67  80  10   0  15 0.04    M    M  6.3 26 310   M    M   1        33 310
16  91  62  77   6   0  12 0.64    M    M 11.1 26 310   M    M   3 13     33 250
17  83  60  72   1   0   7 0.05    M    M  3.1 16 220   M    M   4 3      21 150
18  97  56  77   6   0  12 0.00    M    M  2.8 10 260   M    M   0        13  60
19  99  59  79   8   0  14 0.00    M    M  4.3 13 360   M    M   0        17  30
20  93  62  78   7   0  13    T    M    M  5.0 20 280   M    M   2 3      23 280
21  97  60  79   8   0  14 0.01    M    M  4.6 20 300   M    M   1        24 280
22  96  58  77   6   0  12 0.01    M    M  4.5 18 300   M    M   1        21 290
23  97  61  79   8   0  14    T    M    M  4.5 23 310   M    M   0        30 310
24  89  68  79   7   0  14 0.00    M    M  5.9 20 190   M    M   2 3      25 200
25  86  62  74   2   0   9 0.00    M    M  6.6 24 310   M    M   1        32 300
26  89  53  71  -1   0   6 0.00    M    M  3.5 12 150   M    M   0        15 140
27  88  59  74   2   0   9 0.01    M    M  8.2 39 320   M    M   1 38     49 310
28  94  53  74   2   0   9 0.08    M    M  4.7 21 310   M    M   0 3      32 340
29  97  59  78   6   0  13 0.04    M    M  6.3 36 330   M    M   0 3      44 330
30 100  55  78   6   0  13 0.00    M    M  3.8 12  30   M    M   0        16  30
31  96  61  79   7   0  14 0.00    M    M  5.1 16  30   M    M   0        21  30
================================================================================
SM 2904 1795         0 343  0.99    M    181.4          M       25
================================================================================
AV 93.7 57.9                               5.9 FASTST   M    M   1    MAX(MPH)
                                 MISC ---->  # 39 340               # 52  330
================================================================================
NOTES:
# LAST OF SEVERAL OCCURRENCES

COLUMN 17 PEAK WIND IN M.P.H.

PRELIMINARY LOCAL CLIMATOLOGICAL DATA (WS FORM: F-6) , PAGE 2

                                          STATION:  SHERIDAN WY
                                          MONTH:    JULY
                                          YEAR:     2012
                                          LATITUDE:   44 46 N
                                          LONGITUDE: 106 58 W

[TEMPERATURE DATA]      [PRECIPITATION DATA]       SYMBOLS USED IN COLUMN 16

AVERAGE MONTHLY: 75.8   TOTAL FOR MONTH:   0.99    1 = FOG OR MIST
DPTR FM NORMAL:   5.8   DPTR FM NORMAL:   -0.19    2 = FOG REDUCING VISIBILITY
HIGHEST:   103 ON  1    GRTST 24HR  0.69 ON 16-17      TO 1/4 MILE OR LESS
LOWEST:     49 ON  7                               3 = THUNDER
                        SNOW, ICE PELLETS, HAIL    4 = ICE PELLETS
                        TOTAL MONTH:    M          5 = HAIL
                        GRTST 24HR    M  ON   M    6 = FREEZING RAIN OR DRIZZLE
                        GRTST DEPTH:  M  ON   M    7 = DUSTSTORM OR SANDSTORM:
                                                       VSBY 1/2 MILE OR LESS
                                                   8 = SMOKE OR HAZE
[NO. OF DAYS WITH]      [WEATHER - DAYS WITH]      9 = BLOWING SNOW
                                                   X = TORNADO
MAX 32 OR BELOW:   0    0.01 INCH OR MORE:  11
MAX 90 OR ABOVE:  24    0.10 INCH OR MORE:   1
MIN 32 OR BELOW:   0    0.50 INCH OR MORE:   1
MIN  0 OR BELOW:   0    1.00 INCH OR MORE:   0

[HDD (BASE 65) ]
TOTAL THIS MO.     0    CLEAR  (SCALE 0-3)  28
DPTR FM NORMAL   -26    PTCLDY (SCALE 4-7)   3
TOTAL FM JUL 1     0    CLOUDY (SCALE 8-10)  0
DPTR FM NORMAL   -26

[CDD (BASE 65) ]
TOTAL THIS MO.   343
DPTR FM NORMAL   161    [PRESSURE DATA]
TOTAL FM JAN 1   457    HIGHEST SLP 30.19 ON  8
DPTR FM NORMAL   225    LOWEST  SLP 29.48 ON  3

[REMARKS]
#FINAL-07-12#
