000
CXUS55 KBYZ 011052
CF6SHR
PRELIMINARY LOCAL CLIMATOLOGICAL DATA (WS FORM: F-6)

                                          STATION:   SHERIDAN WY
                                          MONTH:     AUGUST
                                          YEAR:      2011
                                          LATITUDE:   44 46 N
                                          LONGITUDE: 106 58 W

  TEMPERATURE IN F:       :PCPN:    SNOW:  WIND      :SUNSHINE: SKY     :PK WND
================================================================================
1   2   3   4   5  6A  6B    7    8   9   10  11  12  13   14  15   16   17  18
                                     12Z  AVG MX 2MIN
DY MAX MIN AVG DEP HDD CDD  WTR  SNW DPTH SPD SPD DIR MIN PSBL S-S WX    SPD DR
================================================================================

 1  87  56  72   0   0   7 0.07    M    M  8.3 35 310   M    M   4        39 320
 2  90  52  71  -1   0   6 0.00    M    M  3.0  9 120   M    M   0        17 340
 3  90  59  75   4   0  10 0.00    M    M  5.9 15 310   M    M   0 3      18 300
 4  90  57  74   3   0   9 0.00    M    M  4.0 16 190   M    M   0        20 180
 5  88  57  73   2   0   8 0.00    M    M  6.3 39 190   M    M   0 3      49 200
 6  88  51  70  -1   0   5 0.00    M    M  4.6 29 310   M    M   0        38 310
 7  92  52  72   1   0   7 0.01    M    M  5.3 33 260   M    M   0 3      43 260
 8  83  54  69  -2   0   4 0.01    M    M  5.5 17 310   M    M   1 3      22 310
 9  74  52  63  -8   2   0 0.38    M    M  6.7 39 310   M    M   4 13     46 310
10  84  46  65  -6   0   0 0.00    M    M  2.2 12 240   M    M   0 3      15 240
11  87  55  71   1   0   6 0.00    M    M  7.6 28 340   M    M   0        33 340
12  83  50  67  -3   0   2 0.00    M    M  4.1 14 350   M    M   0        18 360
13  90  46  68  -2   0   3 0.00    M    M  2.6 17  80   M    M   0        20 130
14  97  55  76   6   0  11 0.00    M    M  3.6 15 340   M    M   0        37 210
15  91  54  73   3   0   8 0.02    M    M  6.8 33 300   M    M   0 3      44 310
16  79  53  66  -3   0   1 0.00    M    M  4.4 15 330   M    M   1        17 150
17  92  46  69   0   0   4 0.00    M    M  3.7 12  10   M    M   0        16  40
18  87  48  68  -1   0   3 0.00    M    M  6.1 20 340   M    M   0        24  10
19  81  47  64  -5   1   0 0.00    M    M  6.0 16 300   M    M   1        21 310
20  88  47  68   0   0   3 0.00    M    M  3.3 10  50   M    M   0        14 180
21  96  50  73   5   0   8 0.00    M    M  4.1 41 320   M    M   0        55 320
22  98  52  75   7   0  10 0.00    M    M  4.5 16 330   M    M   0        20 330
23  96  56  76   8   0  11 0.00    M    M  6.9 21 320   M    M   0        25 320
24  98  51  75   8   0  10 0.00    M    M  3.3 18 310   M    M   0        24 300
25  91  54  73   6   0   8    T    M    M  6.1 36 260   M    M   0 3      41 260
26  95  56  76  10   0  11 0.00    M    M  4.4 37 230   M    M   0 3      46 230
27  97  60  79  13   0  14 0.00    M    M  3.6 12 340   M    M   0        15 340
28  90  62  76  10   0  11 0.03    M    M  5.3 21 220   M    M   1 3      25 220
29  89  59  74   8   0   9 0.18    M    M  8.8 31 300   M    M   4 38     45 330
30  88  51  70   5   0   5 0.00    M    M  2.4 12 360   M    M   0        15 360
31  96  50  73   8   0   8 0.00    M    M  9.2 36 320   M    M   0        46 280
================================================================================
SM 2775 1638         3 202  0.70    M    158.6          M       16
================================================================================
AV 89.5 52.8                               5.1 FASTST   M    M   1    MAX(MPH)
                                 MISC ---->  # 41 320               # 55  320
================================================================================
NOTES:
# LAST OF SEVERAL OCCURRENCES

COLUMN 17 PEAK WIND IN M.P.H.

PRELIMINARY LOCAL CLIMATOLOGICAL DATA (WS FORM: F-6) , PAGE 2

                                          STATION:  SHERIDAN WY
                                          MONTH:    AUGUST
                                          YEAR:     2011
                                          LATITUDE:   44 46 N
                                          LONGITUDE: 106 58 W

[TEMPERATURE DATA]      [PRECIPITATION DATA]       SYMBOLS USED IN COLUMN 16

AVERAGE MONTHLY: 71.2   TOTAL FOR MONTH:   0.70    1 = FOG OR MIST
DPTR FM NORMAL:   2.2   DPTR FM NORMAL:   -0.02    2 = FOG REDUCING VISIBILITY
HIGHEST:    98 ON 24,22 GRTST 24HR  0.38 ON  9- 9      TO 1/4 MILE OR LESS
LOWEST:     46 ON 17,13                            3 = THUNDER
                        SNOW, ICE PELLETS, HAIL    4 = ICE PELLETS
                        TOTAL MONTH:    M          5 = HAIL
                        GRTST 24HR    M  ON   M    6 = FREEZING RAIN OR DRIZZLE
                        GRTST DEPTH:  M  ON   M    7 = DUSTSTORM OR SANDSTORM:
                                                       VSBY 1/2 MILE OR LESS
                                                   8 = SMOKE OR HAZE
[NO. OF DAYS WITH]      [WEATHER - DAYS WITH]      9 = BLOWING SNOW
                                                   X = TORNADO
MAX 32 OR BELOW:   0    0.01 INCH OR MORE:   7
MAX 90 OR ABOVE:  17    0.10 INCH OR MORE:   2
MIN 32 OR BELOW:   0    0.50 INCH OR MORE:   0
MIN  0 OR BELOW:   0    1.00 INCH OR MORE:   0

[HDD (BASE 65) ]
TOTAL THIS MO.     3    CLEAR  (SCALE 0-3)  28
DPTR FM NORMAL   -33    PTCLDY (SCALE 4-7)   3
TOTAL FM JUL 1     3    CLOUDY (SCALE 8-10)  0
DPTR FM NORMAL   -59

[CDD (BASE 65) ]
TOTAL THIS MO.   202
DPTR FM NORMAL    44    [PRESSURE DATA]
TOTAL FM JAN 1   475    HIGHEST SLP M ON M
DPTR FM NORMAL    85    LOWEST  SLP 29.63 ON 29

[REMARKS]
#FINAL-08-11#
