000
CXUS55 KBYZ 011052
CF6SHR
PRELIMINARY LOCAL CLIMATOLOGICAL DATA (WS FORM: F-6)

                                          STATION:   SHERIDAN WY
                                          MONTH:     NOVEMBER
                                          YEAR:      2011
                                          LATITUDE:   44 46 N
                                          LONGITUDE: 106 58 W

  TEMPERATURE IN F:       :PCPN:    SNOW:  WIND      :SUNSHINE: SKY     :PK WND
================================================================================
1   2   3   4   5  6A  6B    7    8   9   10  11  12  13   14  15   16   17  18
                                     12Z  AVG MX 2MIN
DY MAX MIN AVG DEP HDD CDD  WTR  SNW DPTH SPD SPD DIR MIN PSBL S-S WX    SPD DR
================================================================================

 1  36  28  32  -8  33   0 0.27    M    M 10.8 21 300   M    M   8 1      25 300
 2  41  14  28 -11  37   0 0.00    M    M  3.2 15 130   M    M   0        18 130
 3  50  18  34  -5  31   0 0.00    M    M  2.5 10  10   M    M   0        12  20
 4  59  23  41   3  24   0 0.00    M    M  3.4 22 310   M    M   0        24 310
 5  40  28  34  -4  31   0    T    M    M 17.1 29 320   M    M   7 18     36 320
 6  38  18  28  -9  37   0    T    M    M  5.5 21 340   M    M   2 1      22 340
 7  44  14  29  -8  36   0 0.00    M    M  2.3  8 340   M    M   0        12 350
 8  45  16  31  -5  34   0 0.00    M    M  6.0 23 320   M    M   2        30 340
 9  46  19  33  -3  32   0 0.00    M    M  5.3 16 310   M    M   4        20 320
10  59  17  38   3  27   0 0.00    M    M  3.5 16 240   M    M   0        21 240
11  65  35  50  15  15   0 0.00    M    M  5.7 24 250   M    M   0        29 250
12  54  29  42   8  23   0    T    M    M  8.9 35 310   M    M   4 1      41 320
13  51  31  41   7  24   0    T    M    M 12.7 32 260   M    M   7 8      40 260
14  48  29  39   6  26   0 0.02    M    M  9.6 37 270   M    M   7 1      48 280
15  31  22  27  -6  38   0 0.17    M    M  9.7 24 340   M    M  10 1      29 350
16  30   8  19 -13  46   0    T    M    M  7.0 29 320   M    M   3 8      35 320
17  57   9  33   1  32   0 0.06    M    M  7.0 32 320   M    M   2 1      39 320
18  32  14  23  -8  42   0 0.41    M    M  6.7 14  10   M    M  10 18     16  10
19  14 -10   2 -29  63   0 0.01    M    M  6.7 24 310   M    M   4 8      29 310
20  18 -10   4 -26  61   0 0.00    M    M  3.0  8 190   M    M   0        10  10
21  28   3  16 -14  49   0 0.00    M    M  2.1  9 340   M    M   0        12 340
22  44  15  30   1  35   0 0.00    M    M  3.8 10 270   M    M   0        14 270
23  54  22  38   9  27   0 0.00    M    M  5.3 22 250   M    M   0        24 250
24  47  29  38  10  27   0 0.00    M    M  4.4 14 330   M    M   0        21 300
25  50  30  40  12  25   0 0.01    M    M 14.1 43 330   M    M   4 13     51 330
26  38  21  30   2  35   0 0.00    M    M  9.2 39 330   M    M   3        47 310
27  52  22  37  10  28   0 0.00    M    M  1.8 12 210   M    M   0        12 210
28  50  26  38  11  27   0 0.00    M    M  4.8 15  40   M    M   2        20 330
29  46  21  34   8  31   0 0.00    M    M  2.6  8 300   M    M   1        10 300
30  41  26  34   8  31   0 0.19    M    M 11.0 35 320   M    M   9 1      46 320
================================================================================
SM 1308  567      1007   0  1.14    M    195.7          M       89
================================================================================
AV 43.6 18.9                               6.5 FASTST   M    M   3    MAX(MPH)
                                 MISC ---->  # 43 330               # 51  330
================================================================================
NOTES:
# LAST OF SEVERAL OCCURRENCES

COLUMN 17 PEAK WIND IN M.P.H.

PRELIMINARY LOCAL CLIMATOLOGICAL DATA (WS FORM: F-6) , PAGE 2

                                          STATION:  SHERIDAN WY
                                          MONTH:    NOVEMBER
                                          YEAR:     2011
                                          LATITUDE:   44 46 N
                                          LONGITUDE: 106 58 W

[TEMPERATURE DATA]      [PRECIPITATION DATA]       SYMBOLS USED IN COLUMN 16

AVERAGE MONTHLY: 31.2   TOTAL FOR MONTH:   1.14    1 = FOG OR MIST
DPTR FM NORMAL:  -1.5   DPTR FM NORMAL:    0.43    2 = FOG REDUCING VISIBILITY
HIGHEST:    65 ON 11    GRTST 24HR  0.59 ON 31- 1      TO 1/4 MILE OR LESS
LOWEST:    -10 ON 20,19                            3 = THUNDER
                        SNOW, ICE PELLETS, HAIL    4 = ICE PELLETS
                        TOTAL MONTH:    M          5 = HAIL
                        GRTST 24HR    M  ON   M    6 = FREEZING RAIN OR DRIZZLE
                        GRTST DEPTH:  M  ON   M    7 = DUSTSTORM OR SANDSTORM:
                                                       VSBY 1/2 MILE OR LESS
                                                   8 = SMOKE OR HAZE
[NO. OF DAYS WITH]      [WEATHER - DAYS WITH]      9 = BLOWING SNOW
                                                   X = TORNADO
MAX 32 OR BELOW:   6    0.01 INCH OR MORE:   8
MAX 90 OR ABOVE:   0    0.10 INCH OR MORE:   4
MIN 32 OR BELOW:  29    0.50 INCH OR MORE:   0
MIN  0 OR BELOW:   2    1.00 INCH OR MORE:   0

[HDD (BASE 65) ]
TOTAL THIS MO.  1007    CLEAR  (SCALE 0-3)  19
DPTR FM NORMAL    37    PTCLDY (SCALE 4-7)   7
TOTAL FM JUL 1  1624    CLOUDY (SCALE 8-10)  4
DPTR FM NORMAL  -254

[CDD (BASE 65) ]
TOTAL THIS MO.     0
DPTR FM NORMAL     0    [PRESSURE DATA]
TOTAL FM JAN 1   511    HIGHEST SLP 30.65 ON 26
DPTR FM NORMAL    92    LOWEST  SLP 29.31 ON 12

[REMARKS]
#FINAL-11-11#
