000
CXUS55 KBYZ 011052
CF6SHR
PRELIMINARY LOCAL CLIMATOLOGICAL DATA (WS FORM: F-6)

                                          STATION:   SHERIDAN WY
                                          MONTH:     MARCH
                                          YEAR:      2012
                                          LATITUDE:   44 46 N
                                          LONGITUDE: 106 58 W

  TEMPERATURE IN F:       :PCPN:    SNOW:  WIND      :SUNSHINE: SKY     :PK WND
================================================================================
1   2   3   4   5  6A  6B    7    8   9   10  11  12  13   14  15   16   17  18
                                     12Z  AVG MX 2MIN
DY MAX MIN AVG DEP HDD CDD  WTR  SNW DPTH SPD SPD DIR MIN PSBL S-S WX    SPD DR
================================================================================

 1  40  16  28  -2  37   0    T    M    M  7.2 36 320   M    M   4        43 320
 2  32  15  24  -7  41   0 0.08    M    M 14.0 29 320   M    M   8 18     35 320
 3  44  26  35   4  30   0 0.03    M    M  8.8 30 310   M    M   8 18     36 310
 4  49  33  41  10  24   0 0.00    M    M  6.9 17 270   M    M   3        21 270
 5  62  30  46  14  19   0 0.00    M    M  4.5 40 260   M    M   0        56 260
 6  58  22  40   8  25   0 0.13    M    M 14.4 36 250   M    M   5 1      49 270
 7  33  12  23  -9  42   0    T    M    M  8.3 26 310   M    M   3 1      31 310
 8  49  17  33   0  32   0 0.00    M    M  4.9 13 270   M    M   0        15 260
 9  67  27  47  14  18   0 0.00    M    M  5.0 15 140   M    M   0        17 150
10  68  27  48  15  17   0 0.00    M    M  4.8 21 140   M    M   0        28 130
11  65  29  47  13  18   0 0.00    M    M  3.8 15 260   M    M   0        17 250
12  57  33  45  11  20   0 0.00    M    M  7.3 22 300   M    M   0        32  10
13  68  35  52  18  13   0 0.00    M    M 10.1 32 230   M    M   0        40 260
14  60  27  44   9  21   0 0.00    M    M  8.6 25 130   M    M   1        36 140
15  69  28  49  14  16   0 0.00    M    M  6.3 20 230   M    M   0        29 260
16  74  41  58  23   7   0 0.00    M    M  8.5 24 310   M    M   2        30 310
17  73  35  54  18  11   0 0.00    M    M  8.1 29 180   M    M   1        37 220
18  68  41  55  19  10   0 0.01    M    M 10.4 31 220   M    M   2 1      39 230
19  45  27  36   0  29   0 0.21    M    M 14.9 38 320   M    M   8 1      46 330
20  58  21  40   3  25   0 0.00    M    M  4.0 13 350   M    M   0        15 360
21  70  26  48  11  17   0 0.00    M    M  4.8 16 130   M    M   0        21 160
22  72  28  50  13  15   0 0.00    M    M  1.2  7 250   M    M   0        14  30
23  76  30  53  15  12   0 0.00    M    M  8.4 25 300   M    M   0        30 290
24  65  30  48  10  17   0 0.00    M    M  8.6 21 130   M    M   1        28 140
25  69  36  53  15  12   0 0.00    M    M  4.1 17 280   M    M   0        22 280
26  76  39  58  20   7   0 0.08    M    M 13.0 40 320   M    M   2 1      52 320
27  62  31  47   9  18   0 0.00    M    M  7.1 21 300   M    M   3        26 290
28  71  28  50  11  15   0 0.00    M    M  5.0 28 280   M    M   1        33 280
29  65  35  50  11  15   0    T    M    M  6.1 26 340   M    M   3        32 340
30  71  34  53  14  12   0 0.00    M    M  5.8 32 250   M    M   0        38 250
31  80  45  63  23   2   0 0.00    M    M  8.0 25 230   M    M   1        30 240
================================================================================
SM 1916  904       597   0  0.54    M    232.9          M       56
================================================================================
AV 61.8 29.2                               7.5 FASTST   M    M   2    MAX(MPH)
                                 MISC ---->  # 40 260               # 56  260
================================================================================
NOTES:
# LAST OF SEVERAL OCCURRENCES

COLUMN 17 PEAK WIND IN M.P.H.

PRELIMINARY LOCAL CLIMATOLOGICAL DATA (WS FORM: F-6) , PAGE 2

                                          STATION:  SHERIDAN WY
                                          MONTH:    MARCH
                                          YEAR:     2012
                                          LATITUDE:   44 46 N
                                          LONGITUDE: 106 58 W

[TEMPERATURE DATA]      [PRECIPITATION DATA]       SYMBOLS USED IN COLUMN 16

AVERAGE MONTHLY: 45.5   TOTAL FOR MONTH:   0.54    1 = FOG OR MIST
DPTR FM NORMAL:  10.3   DPTR FM NORMAL:   -0.44    2 = FOG REDUCING VISIBILITY
HIGHEST:    80 ON 31    GRTST 24HR  0.22 ON 18-19      TO 1/4 MILE OR LESS
LOWEST:     12 ON  7                               3 = THUNDER
                        SNOW, ICE PELLETS, HAIL    4 = ICE PELLETS
                        TOTAL MONTH:    M          5 = HAIL
                        GRTST 24HR    M  ON   M    6 = FREEZING RAIN OR DRIZZLE
                        GRTST DEPTH:  M  ON   M    7 = DUSTSTORM OR SANDSTORM:
                                                       VSBY 1/2 MILE OR LESS
                                                   8 = SMOKE OR HAZE
[NO. OF DAYS WITH]      [WEATHER - DAYS WITH]      9 = BLOWING SNOW
                                                   X = TORNADO
MAX 32 OR BELOW:   1    0.01 INCH OR MORE:   6
MAX 90 OR ABOVE:   0    0.10 INCH OR MORE:   2
MIN 32 OR BELOW:  20    0.50 INCH OR MORE:   0
MIN  0 OR BELOW:   0    1.00 INCH OR MORE:   0

[HDD (BASE 65) ]
TOTAL THIS MO.   597    CLEAR  (SCALE 0-3)  24
DPTR FM NORMAL  -327    PTCLDY (SCALE 4-7)   5
TOTAL FM JUL 1  5647    CLOUDY (SCALE 8-10)  2
DPTR FM NORMAL  -812

[CDD (BASE 65) ]
TOTAL THIS MO.     0
DPTR FM NORMAL     0    [PRESSURE DATA]
TOTAL FM JAN 1     0    HIGHEST SLP 30.47 ON  8
DPTR FM NORMAL     0    LOWEST  SLP 29.10 ON 19

[REMARKS]
#FINAL-03-12#
