000
CXUS55 KBYZ 011055
CF6SHR
PRELIMINARY LOCAL CLIMATOLOGICAL DATA (WS FORM: F-6)

                                          STATION:   SHERIDAN WY
                                          MONTH:     JUNE
                                          YEAR:      2013
                                          LATITUDE:   44 46 N
                                          LONGITUDE: 106 58 W

  TEMPERATURE IN F:       :PCPN:    SNOW:  WIND      :SUNSHINE: SKY     :PK WND
================================================================================
1   2   3   4   5  6A  6B    7    8   9   10  11  12  13   14  15   16   17  18
                                     12Z  AVG MX 2MIN
DY MAX MIN AVG DEP HDD CDD  WTR  SNW DPTH SPD SPD DIR MIN PSBL S-S WX    SPD DR
================================================================================

 1  66  43  55  -2  10   0 0.00    M    M  8.6 28 310   M    M   2        33 310
 2  74  40  57   0   8   0 0.00    M    M  4.4 13 300   M    M   0        17  70
 3  68  44  56  -2   9   0 0.06    M    M 17.4 37 330   M    M   5        47 330
 4  56  38  47 -11  18   0 0.00    M    M 12.3 25 330   M    M   5        30 330
 5  66  32  49  -9  16   0 0.00    M    M  1.9  9 140   M    M   2        15 120
 6  77  37  57  -1   8   0 0.00    M    M  4.2 16 320   M    M   0        21 320
 7  80  43  62   3   3   0 0.03    M    M  4.8 33 320   M    M   3        45 310
 8  73  50  62   3   3   0 0.06    M    M 10.9 28 330   M    M   4        33 340
 9  83  43  63   4   2   0 0.00    M    M  3.4 12 280   M    M   0        15 110
10  79  54  67   7   0   2 0.00    M    M  6.5 22 300   M    M   1        30 310
11  78  52  65   5   0   0 1.48    M    M  8.9 45 310   M    M   3 1      56 310
12  74  53  64   4   1   0 0.30    M    M  7.5 24 290   M    M   5 18     29 290
13  79  54  67   6   0   2    T    M    M  9.7 45 310   M    M   1 3      54 310
14  69  45  57  -4   8   0 0.00    M    M  9.6 38 310   M    M   2        47 310
15  76  39  58  -3   7   0 0.00    M    M  3.5 12 140   M    M   0        16 150
16  79  43  61  -1   4   0 0.00    M    M  3.1 12 320   M    M   1        14 350
17  79  49  64   2   1   0 0.00    M    M  3.6 14 130   M    M   1        21 130
18  81  49  65   3   0   0    T    M    M 12.6 47 230   M    M   1 3      59 230
19  92  53  73  10   0   8 0.00    M    M 10.4 24 230   M    M   0        31 230
20  81  46  64   1   1   0 0.00    M    M  7.5 21  40   M    M   0        25  40
21  72  53  63   0   2   0    T    M    M  4.5 10 280   M    M   7 3      16 360
22  61  44  53 -11  12   0 0.26    M    M  7.1 23 330   M    M   6 13     28 340
23  76  39  58  -6   7   0 0.00    M    M  3.1 10  50   M    M   0        14  60
24  85  48  67   3   0   2 0.00    M    M  4.5 18 170   M    M   0 3      26 140
25  82  55  69   4   0   4 0.00    M    M  5.6 32 310   M    M   2        43 310
26  84  55  70   5   0   5 0.00    M    M  3.4 10 280   M    M   2        14  10
27  86  52  69   4   0   4 0.00    M    M  4.5 14 310   M    M   0        17 330
28  90  53  72   6   0   7 0.00    M    M  3.4 15 310   M    M   0        20 320
29  88  52  70   4   0   5 0.00    M    M  3.6 10 110   M    M   0        16 130
30  89  58  74   8   0   9 0.00    M    M  3.7 12  60   M    M   1        16  70
================================================================================
SM 2323 1416       120  48  2.19    M    194.2          M       54
================================================================================
AV 77.4 47.2                               6.5 FASTST   M    M   2    MAX(MPH)
                                 MISC ---->  # 47 230               # 59  230
================================================================================
NOTES:
# LAST OF SEVERAL OCCURRENCES

COLUMN 17 PEAK WIND IN M.P.H.

PRELIMINARY LOCAL CLIMATOLOGICAL DATA (WS FORM: F-6) , PAGE 2

                                          STATION:  SHERIDAN WY
                                          MONTH:    JUNE
                                          YEAR:     2013
                                          LATITUDE:   44 46 N
                                          LONGITUDE: 106 58 W

[TEMPERATURE DATA]      [PRECIPITATION DATA]       SYMBOLS USED IN COLUMN 16

AVERAGE MONTHLY: 62.3   TOTAL FOR MONTH:   2.19    1 = FOG OR MIST
DPTR FM NORMAL:   0.7   DPTR FM NORMAL:    0.07    2 = FOG REDUCING VISIBILITY
HIGHEST:    92 ON 19    GRTST 24HR  2.46 ON 10-11      TO 1/4 MILE OR LESS
LOWEST:     32 ON  5                               3 = THUNDER
                        SNOW, ICE PELLETS, HAIL    4 = ICE PELLETS
                        TOTAL MONTH:    M          5 = HAIL
                        GRTST 24HR    M  ON   M    6 = FREEZING RAIN OR DRIZZLE
                        GRTST DEPTH:  M  ON   M    7 = DUSTSTORM OR SANDSTORM:
                                                       VSBY 1/2 MILE OR LESS
                                                   8 = SMOKE OR HAZE
[NO. OF DAYS WITH]      [WEATHER - DAYS WITH]      9 = BLOWING SNOW
                                                   X = TORNADO
MAX 32 OR BELOW:   0    0.01 INCH OR MORE:   6
MAX 90 OR ABOVE:   2    0.10 INCH OR MORE:   3
MIN 32 OR BELOW:   1    0.50 INCH OR MORE:   1
MIN  0 OR BELOW:   0    1.00 INCH OR MORE:   1

[HDD (BASE 65) ]
TOTAL THIS MO.   120    CLEAR  (SCALE 0-3)  24
DPTR FM NORMAL   -29    PTCLDY (SCALE 4-7)   6
TOTAL FM JUL 1  7551    CLOUDY (SCALE 8-10)  0
DPTR FM NORMAL   -92

[CDD (BASE 65) ]
TOTAL THIS MO.    48
DPTR FM NORMAL     2    [PRESSURE DATA]
TOTAL FM JAN 1    56    HIGHEST SLP 30.31 ON  4
DPTR FM NORMAL     6    LOWEST  SLP 29.35 ON 19

[REMARKS]
#FINAL-06-13#
