000
CXUS55 KBYZ 011119
CF6SHR
PRELIMINARY LOCAL CLIMATOLOGICAL DATA (WS FORM: F-6)

                                          STATION:   SHERIDAN WY
                                          MONTH:     APRIL
                                          YEAR:      2014
                                          LATITUDE:   44 46 N
                                          LONGITUDE: 106 58 W

  TEMPERATURE IN F:       :PCPN:    SNOW:  WIND      :SUNSHINE: SKY     :PK WND
================================================================================
1   2   3   4   5  6A  6B    7    8   9   10  11  12  13   14  15   16   17  18
                                     12Z  AVG MX 2MIN
DY MAX MIN AVG DEP HDD CDD  WTR  SNW DPTH SPD SPD DIR MIN PSBL S-S WX    SPD DR
================================================================================

 1  37  15  26 -14  39   0 0.00    M    M  3.6  9 320   M    M   9 12     10 300
 2  37  24  31  -9  34   0    T    M    M  6.9 18 300   M    M   9 1      20 320
 3  47  21  34  -6  31   0 0.00    M    M  8.5 22 350   M    M   0        29 360
 4  58  21  40  -1  25   0 0.00    M    M  3.3 15 290   M    M   0        17 150
 5  56  27  42   1  23   0 0.02    M    M  6.0 24 270   M    M   4        28 260
 6  56  32  44   3  21   0 0.02    M    M 10.9 38 310   M    M   5 1      47 310
 7  57  32  45   4  20   0 0.02    M    M 14.5 32 310   M    M   4 1      39 310
 8  72  31  52  10  13   0 0.00    M    M  8.5 24 320   0    0   0        33 320
 9  74  44  59  17   6   0 0.05    M    M 11.7 35 360   M    M   6        42 330
10  59  32  46   4  19   0 0.00    M    M  4.6 15 330   M    M   2        20 330
11  69  32  51   9  14   0 0.00    M    M  6.2 16 360   M    M   0        19 330
12  50  27  39  -4  26   0 0.85    M    M  9.7 18 340   M    M   9 12     22 350
13  31  18  25 -18  40   0 0.15    M    M 14.2 21 310   M    M   6 18     24 310
14  44  18  31 -12  34   0 0.00    M    M  6.9 17 280   M    M   0        19 260
15  63  26  45   2  20   0 0.02    M    M 11.3 32 320   M    M   5 1      37 310
16  46  31  39  -5  26   0 0.08    M    M 14.9 29 310   M    M   9 1      35 300
17  61  31  46   2  19   0 0.00    M    M  4.2 14 110   M    M   4 1      19 120
18  71  34  53   9  12   0 0.00    M    M  6.9 37 330   M    M   1        45 330
19  66  30  48   4  17   0 0.00    M    M  4.6 15 120   M    M   0        26 110
20  65  33  49   4  16   0 0.00    M    M  9.9 31 310   M    M   0        36 310
21  69  28  49   4  16   0 0.00    M    M  2.4 10  50   M    M   0        15  20
22  73  42  58  13   7   0 0.00    M    M  5.7 29 130   M    M   1        38 130
23  65  34  50   4  15   0 0.03    M    M 15.7 37 330   M    M   5        43 320
24  62  31  47   1  18   0 0.00    M    M  5.9 17 260   M    M   2        23  90
25  67  31  49   3  16   0 0.00    M    M  3.5 13 280   M    M   3        15 280
26  64  35  50   4  15   0 0.12    M    M  6.1 36 310   M    M   3 1      42 320
27  51  37  44  -3  21   0 0.07    M    M 18.5 31 310   M    M   7 1      37 310
28  49  35  42  -5  23   0 0.01    M    M 24.2 39 300   M    M   7        48 290
29  46  35  41  -6  24   0 0.10    M    M 24.7 40 300   M    M  10 1      50 320
30  56  38  47  -1  18   0 0.00    M    M 20.4 33 330   M    M   7        42 330
================================================================================
SM 1721  905       628   0  1.54    M    294.4            0    118
================================================================================
AV 57.4 30.2                               9.8 FASTST    0   0   4    MAX(MPH)
                                 MISC ---->  # 40 300               # 50  320
================================================================================
NOTES:
# LAST OF SEVERAL OCCURRENCES

COLUMN 17 PEAK WIND IN M.P.H.

PRELIMINARY LOCAL CLIMATOLOGICAL DATA (WS FORM: F-6) , PAGE 2

                                          STATION:  SHERIDAN WY
                                          MONTH:    APRIL
                                          YEAR:     2014
                                          LATITUDE:   44 46 N
                                          LONGITUDE: 106 58 W

[TEMPERATURE DATA]      [PRECIPITATION DATA]       SYMBOLS USED IN COLUMN 16

AVERAGE MONTHLY: 43.8   TOTAL FOR MONTH:   1.54    1 = FOG OR MIST
DPTR FM NORMAL:   0.2   DPTR FM NORMAL:   -0.06    2 = FOG REDUCING VISIBILITY
HIGHEST:    74 ON  9    GRTST 24HR  1.00 ON 12-13      TO 1/4 MILE OR LESS
LOWEST:     15 ON  1                               3 = THUNDER
                        SNOW, ICE PELLETS, HAIL    4 = ICE PELLETS
                        TOTAL MONTH:    M          5 = HAIL
                        GRTST 24HR    M  ON   M    6 = FREEZING RAIN OR DRIZZLE
                        GRTST DEPTH:  M  ON   M    7 = DUSTSTORM OR SANDSTORM:
                                                       VSBY 1/2 MILE OR LESS
                                                   8 = SMOKE OR HAZE
[NO. OF DAYS WITH]      [WEATHER - DAYS WITH]      9 = BLOWING SNOW
                                                   X = TORNADO
MAX 32 OR BELOW:   1    0.01 INCH OR MORE:  13
MAX 90 OR ABOVE:   0    0.10 INCH OR MORE:   4
MIN 32 OR BELOW:  20    0.50 INCH OR MORE:   1
MIN  0 OR BELOW:   0    1.00 INCH OR MORE:   0

[HDD (BASE 65) ]
TOTAL THIS MO.   628    CLEAR  (SCALE 0-3)  13
DPTR FM NORMAL   -14    PTCLDY (SCALE 4-7)  12
TOTAL FM JUL 1  7367    CLOUDY (SCALE 8-10)  5
DPTR FM NORMAL   266

[CDD (BASE 65) ]
TOTAL THIS MO.     0
DPTR FM NORMAL     0    [PRESSURE DATA]
TOTAL FM JAN 1     0    HIGHEST SLP 30.50 ON 29
DPTR FM NORMAL     0    LOWEST  SLP 29.27 ON 23

[REMARKS]
#FINAL-04-14#
