000
CXUS55 KBYZ 011052
CF6SHR
PRELIMINARY LOCAL CLIMATOLOGICAL DATA (WS FORM: F-6)

                                          STATION:   SHERIDAN WY
                                          MONTH:     SEPTEMBER
                                          YEAR:      2011
                                          LATITUDE:   44 46 N
                                          LONGITUDE: 106 58 W

  TEMPERATURE IN F:       :PCPN:    SNOW:  WIND      :SUNSHINE: SKY     :PK WND
================================================================================
1   2   3   4   5  6A  6B    7    8   9   10  11  12  13   14  15   16   17  18
                                     12Z  AVG MX 2MIN
DY MAX MIN AVG DEP HDD CDD  WTR  SNW DPTH SPD SPD DIR MIN PSBL S-S WX    SPD DR
================================================================================

 1  65  45  55  -9  10   0    T    M    M  6.2 20 300   M    M   0 3      23 300
 2  84  39  62  -2   3   0 0.00    M    M  7.5 28 310   M    M   1 12     35 310
 3  69  40  55  -9  10   0 0.00    M    M  5.8 16 290   M    M   1        22 350
 4  80  34  57  -6   8   0 0.00    M    M  3.6 17 120   M    M   0        23 140
 5  91  40  66   3   0   1 0.00    M    M  2.6  9  50   M    M   0        23 150
 6  86  54  70   8   0   5 0.00    M    M  5.3 15 320   M    M   2        17 320
 7  87  48  68   6   0   3 0.00    M    M  1.7  8  20   M    M   0        10  30
 8  88  43  66   5   0   1 0.00    M    M  2.0  9 180   M    M   0        12  70
 9  85  45  65   4   0   0 0.00    M    M  3.2 13  20   M    M   0        16  20
10  84  44  64   4   1   0 0.00    M    M  1.8 14  50   M    M   0        18  50
11  88  44  66   6   0   1 0.00    M    M  2.0  9 350   M    M   0        12 360
12  74  50  62   2   3   0 0.00    M    M  3.9 25 350   M    M   0        31 350
13  73  43  58  -1   7   0 0.00    M    M  6.4 20 290   M    M   1        23 340
14  52  46  49 -10  16   0 0.05    M    M  7.2 17 140   M    M   9        24 130
15  74  43  59   1   6   0 0.00    M    M  3.5 18 140   M    M   4        26 150
16  82  38  60   2   5   0 0.00    M    M  7.3 30 310   M    M   1        36 310
17  62  44  53  -4  12   0 0.07    M    M  6.3 25 330   M    M   5 3      29 330
18  73  40  57   0   8   0 0.00    M    M  4.5 14 330   M    M   3        17 330
19  82  41  62   6   3   0 0.00    M    M  9.9 53 320   M    M   2        63 310
20  64  35  50  -6  15   0 0.00    M    M 11.8 21 350   M    M   0        24 360
21  69  30  50  -5  15   0 0.00    M    M  1.6  9  20   M    M   0        14 330
22  86  31  59   4   6   0 0.00    M    M  4.7 21 330   M    M   0        26 350
23  90  47  69  15   0   4 0.00    M    M  3.6 16 330   M    M   0        22 330
24  90  50  70  16   0   5 0.00    M    M  4.5 16 320   M    M   0        20 330
25  92  45  69  15   0   4 0.00    M    M  2.5 10 350   M    M   0        13 140
26  81  46  64  11   1   0 0.00    M    M  4.8 25 340   M    M   0        31 330
27  89  41  65  12   0   0 0.00    M    M  3.2 12 110   M    M   0        21  80
28  79  50  65  13   0   0 0.00    M    M  8.0 22 320   M    M   2        28 320
29  68  38  53   1  12   0 0.00    M    M  7.9 21 130   M    M   1        26 130
30  90  36  63  12   2   0 0.00    M    M  1.7 10  20   M    M   0        15  10
================================================================================
SM 2377 1270       143  24  0.12    M    145.0          M       32
================================================================================
AV 79.2 42.3                               4.8 FASTST   M    M   1    MAX(MPH)
                                 MISC ---->  # 53 320               # 63  310
================================================================================
NOTES:
# LAST OF SEVERAL OCCURRENCES

COLUMN 17 PEAK WIND IN M.P.H.

PRELIMINARY LOCAL CLIMATOLOGICAL DATA (WS FORM: F-6) , PAGE 2

                                          STATION:  SHERIDAN WY
                                          MONTH:    SEPTEMBER
                                          YEAR:     2011
                                          LATITUDE:   44 46 N
                                          LONGITUDE: 106 58 W

[TEMPERATURE DATA]      [PRECIPITATION DATA]       SYMBOLS USED IN COLUMN 16

AVERAGE MONTHLY: 60.8   TOTAL FOR MONTH:   0.12    1 = FOG OR MIST
DPTR FM NORMAL:   2.9   DPTR FM NORMAL:   -1.31    2 = FOG REDUCING VISIBILITY
HIGHEST:    92 ON 25    GRTST 24HR  0.07 ON 17-17      TO 1/4 MILE OR LESS
LOWEST:     30 ON 21                               3 = THUNDER
                        SNOW, ICE PELLETS, HAIL    4 = ICE PELLETS
                        TOTAL MONTH:    M          5 = HAIL
                        GRTST 24HR    M  ON   M    6 = FREEZING RAIN OR DRIZZLE
                        GRTST DEPTH:  M  ON   M    7 = DUSTSTORM OR SANDSTORM:
                                                       VSBY 1/2 MILE OR LESS
                                                   8 = SMOKE OR HAZE
[NO. OF DAYS WITH]      [WEATHER - DAYS WITH]      9 = BLOWING SNOW
                                                   X = TORNADO
MAX 32 OR BELOW:   0    0.01 INCH OR MORE:   2
MAX 90 OR ABOVE:   5    0.10 INCH OR MORE:   0
MIN 32 OR BELOW:   2    0.50 INCH OR MORE:   0
MIN  0 OR BELOW:   0    1.00 INCH OR MORE:   0

[HDD (BASE 65) ]
TOTAL THIS MO.   143    CLEAR  (SCALE 0-3)  26
DPTR FM NORMAL   -98    PTCLDY (SCALE 4-7)   3
TOTAL FM JUL 1   146    CLOUDY (SCALE 8-10)  1
DPTR FM NORMAL  -157

[CDD (BASE 65) ]
TOTAL THIS MO.    24
DPTR FM NORMAL    -4    [PRESSURE DATA]
TOTAL FM JAN 1   499    HIGHEST SLP 30.47 ON 29
DPTR FM NORMAL    81    LOWEST  SLP 29.67 ON 26

[REMARKS]
#FINAL-09-11#
