000
CXUS55 KBYZ 011055
CF6SHR
PRELIMINARY LOCAL CLIMATOLOGICAL DATA (WS FORM: F-6)

                                          STATION:   SHERIDAN WY
                                          MONTH:     MAY
                                          YEAR:      2013
                                          LATITUDE:   44 46 N
                                          LONGITUDE: 106 58 W

  TEMPERATURE IN F:       :PCPN:    SNOW:  WIND      :SUNSHINE: SKY     :PK WND
================================================================================
1   2   3   4   5  6A  6B    7    8   9   10  11  12  13   14  15   16   17  18
                                     12Z  AVG MX 2MIN
DY MAX MIN AVG DEP HDD CDD  WTR  SNW DPTH SPD SPD DIR MIN PSBL S-S WX    SPD DR
================================================================================

 1  47  28  38 -10  27   0 0.00    M    M  2.6 10  30   M    M   6        15  40
 2  58  26  42  -6  23   0 0.00    M    M  3.6  9 180   M    M   1        13  50
 3  65  27  46  -3  19   0 0.00    M    M  4.7 18 290   M    M   3        22 340
 4  54  36  45  -4  20   0 0.15    M    M  5.5 18 300   M    M  10 1      21 310
 5  65  30  48  -1  17   0 0.00    M    M  3.1 14 100   M    M   2        18 110
 6  71  32  52   2  13   0 0.00    M    M  3.5 15 130   M    M   0        31 150
 7  77  35  56   6   9   0 0.00    M    M  4.9 15 320   M    M   1        20  50
 8  71  41  56   6   9   0 0.00    M    M  9.0 25 310   M    M   4        31 300
 9  74  37  56   6   9   0 0.00    M    M  3.3 17 330   M    M   2        23 330
10  74  36  55   4  10   0    T    M    M  7.1 24 360   M    M   3        44 320
11  72  30  51   0  14   0 0.00    M    M  3.1 10 310   M    M   1        13 300
12  84  41  63  12   2   0 0.00    M    M  5.9 22 330   M    M   0        28 320
13  91  54  73  21   0   8 0.00    M    M  5.6 16 220   M    M   0        22 260
14  79  49  64  12   1   0 0.00    M    M  5.7 26 320   M    M   1        31 320
15  77  43  60   8   5   0 0.00    M    M  5.4 16 310   M    M   0        17 320
16  73  47  60   8   5   0 0.04    M    M  5.1 22 320   M    M   3        26 320
17  62  48  55   2  10   0 0.23    M    M  4.6 23  20   M    M   7 1      26  20
18  65  43  54   1  11   0    T    M    M  7.6 21 320   M    M   7        24 320
19  54  49  52  -1  13   0 0.35    M    M 18.5 30 310   M    M  10        37 320
20  57  45  51  -3  14   0 0.44    M    M 19.0 31 330   M    M  10 1      40 330
21  65  45  55   1  10   0 0.00    M    M 11.4 24 330   M    M   3        29 340
22  64  43  54   0  11   0 0.00    M    M 10.5 30 130   M    M   6        44 140
23  69  48  59   5   6   0 0.00    M    M 32.0 47 130   M    M   0        60 130
24  73  43  58   3   7   0 0.00    M    M  5.4 24 320   M    M   4        32 310
25  77  40  59   4   6   0 0.00    M    M  7.9 32 310   M    M   0        41 320
26  73  46  60   5   5   0 0.61    M    M  5.8 18 180   M    M   5 1      26 180
27  68  42  55  -1  10   0 0.10    M    M  7.5 43 250   M    M   3        54 250
28  72  40  56   0   9   0 0.04    M    M  4.4 23 230   M    M   5        31 250
29  58  49  54  -2  11   0 0.67    M    M 10.5 20 310   M    M  10 1      25 320
30  50  45  48  -8  17   0 0.30    M    M 25.5 37 310   M    M  10        47 320
31  53  45  49  -8  16   0 0.10    M    M 29.3 44 310   M    M  10        54 310
================================================================================
SM 2092 1263       339   8  3.03    M    278.0          M      127
================================================================================
AV 67.5 40.7                               9.0 FASTST   M    M   4    MAX(MPH)
                                 MISC ---->  # 47 130               # 60  130
================================================================================
NOTES:
# LAST OF SEVERAL OCCURRENCES

COLUMN 17 PEAK WIND IN M.P.H.

PRELIMINARY LOCAL CLIMATOLOGICAL DATA (WS FORM: F-6) , PAGE 2

                                          STATION:  SHERIDAN WY
                                          MONTH:    MAY
                                          YEAR:     2013
                                          LATITUDE:   44 46 N
                                          LONGITUDE: 106 58 W

[TEMPERATURE DATA]      [PRECIPITATION DATA]       SYMBOLS USED IN COLUMN 16

AVERAGE MONTHLY: 54.1   TOTAL FOR MONTH:   3.03    1 = FOG OR MIST
DPTR FM NORMAL:   1.6   DPTR FM NORMAL:    0.68    2 = FOG REDUCING VISIBILITY
HIGHEST:    91 ON 13    GRTST 24HR  0.86 ON 29-30      TO 1/4 MILE OR LESS
LOWEST:     26 ON  2                               3 = THUNDER
                        SNOW, ICE PELLETS, HAIL    4 = ICE PELLETS
                        TOTAL MONTH:    M          5 = HAIL
                        GRTST 24HR    M  ON   M    6 = FREEZING RAIN OR DRIZZLE
                        GRTST DEPTH:  M  ON   M    7 = DUSTSTORM OR SANDSTORM:
                                                       VSBY 1/2 MILE OR LESS
                                                   8 = SMOKE OR HAZE
[NO. OF DAYS WITH]      [WEATHER - DAYS WITH]      9 = BLOWING SNOW
                                                   X = TORNADO
MAX 32 OR BELOW:   0    0.01 INCH OR MORE:  11
MAX 90 OR ABOVE:   1    0.10 INCH OR MORE:   9
MIN 32 OR BELOW:   6    0.50 INCH OR MORE:   2
MIN  0 OR BELOW:   0    1.00 INCH OR MORE:   0

[HDD (BASE 65) ]
TOTAL THIS MO.   339    CLEAR  (SCALE 0-3)  14
DPTR FM NORMAL   -54    PTCLDY (SCALE 4-7)  11
TOTAL FM JUL 1  7431    CLOUDY (SCALE 8-10)  6
DPTR FM NORMAL   -63

[CDD (BASE 65) ]
TOTAL THIS MO.     8
DPTR FM NORMAL     4    [PRESSURE DATA]
TOTAL FM JAN 1     8    HIGHEST SLP 30.67 ON  2
DPTR FM NORMAL     4    LOWEST  SLP 29.55 ON 30

[REMARKS]
#FINAL-05-13#
