000
CXUS55 KBYZ 011052
CF6SHR
PRELIMINARY LOCAL CLIMATOLOGICAL DATA (WS FORM: F-6)

                                          STATION:   SHERIDAN WY
                                          MONTH:     MARCH
                                          YEAR:      2011
                                          LATITUDE:   44 46 N
                                          LONGITUDE: 106 58 W

  TEMPERATURE IN F:       :PCPN:    SNOW:  WIND      :SUNSHINE: SKY     :PK WND
================================================================================
1   2   3   4   5  6A  6B    7    8   9   10  11  12  13   14  15   16   17  18
                                     12Z  AVG MX 2MIN
DY MAX MIN AVG DEP HDD CDD  WTR  SNW DPTH SPD SPD DIR MIN PSBL S-S WX    SPD DR
================================================================================

 1  44   9  27  -4  38   0    T    M    M  8.7 32 250   M    M   2 18     44 240
 2  30   6  18 -13  47   0 0.00    M    M  1.0  7 340   M    M   0         9 340
 3  44  20  32   0  33   0 0.10    M    M  5.8 16 300   M    M   7 1      18 350
 4  40  22  31  -1  34   0 0.07    M    M  1.5 12 330   M    M   7 12     14 330
 5  37  18  28  -4  37   0 0.06    M    M  3.7 16 280   M    M   5 1      20 280
 6  32  12  22 -10  43   0 0.11    M    M  7.7 20 300   M    M  10 1      22 300
 7  22  -1  11 -22  54   0    T    M    M  3.0  8 280   M    M   8 18      9 280
 8  34  12  23 -10  42   0 0.00    M    M  2.7 10 280   M    M   4        13 270
 9  46  19  33   0  32   0 0.00    M    M  4.8 13 300   M    M   3        17 310
10  61  28  45  11  20   0 0.00    M    M  6.0 24 210   M    M   0        32 200
11  54  30  42   8  23   0 0.00    M    M 14.9 47 330   M    M   2        56 320
12  48  24  36   2  29   0 0.00    M    M  2.5  8  40   M    M   4        12  50
13  56  22  39   5  26   0 0.00    M    M  3.3 13 140   M    M   0        17 150
14  55  28  42   7  23   0 0.01    M    M  6.1 29 330   M    M   4        35 330
15  60  26  43   8  22   0 0.00    M    M  4.8 18 280   M    M   1        23 280
16  59  34  47  12  18   0 0.19    M    M  9.7 31 330   M    M   5 1      38 320
17  47  24  36   0  29   0 0.01    M    M  8.0 26 320   M    M   6 1      33 320
18  55  19  37   1  28   0 0.00    M    M  3.0 14 290   M    M   0        17 180
19  62  27  45   9  20   0 0.00    M    M  8.8 44 220   M    M   0        52 220
20  59  24  42   6  23   0 0.00    M    M  6.0 17 290   M    M   1        24 320
21  61  29  45   8  20   0 0.00    M    M  6.1 35 260   M    M   2        44 250
22  53  28  41   4  24   0    T    M    M 18.7 40 320   M    M   6 1      55 220
23  44  26  35  -2  30   0    T    M    M  7.9 23 320   M    M   6 1      28 330
24  45  22  34  -4  31   0 0.00    M    M  3.8 16 190   M    M   2        26 180
25  37  25  31  -7  34   0 0.21    M    M  4.2 10 280   M    M   9 12     13 270
26  49  29  39   1  26   0 0.01    M    M  6.2 15  50   M    M   5 1      26 330
27  50  24  37  -1  28   0 0.37    M    M  8.5 22 290   M    M   8 1      26 300
28  34  27  31  -8  34   0 0.05    M    M  9.0 15 320   M    M  10 1      18 320
29  45  20  33  -6  32   0 0.00    M    M  3.8 13 300   M    M   6 128    14 310
30  51  30  41   2  24   0    T    M    M 10.6 52 320   M    M   8        67 300
31  56  40  48   8  17   0 0.54    M    M  4.5 37 310   M    M  10 1      47 310
================================================================================
SM 1470  703       921   0  1.73    M    195.3          M      141
================================================================================
AV 47.4 22.7                               6.3 FASTST   M    M   5    MAX(MPH)
                                 MISC ---->  # 52 320               # 67  300
================================================================================
NOTES:
# LAST OF SEVERAL OCCURRENCES

COLUMN 17 PEAK WIND IN M.P.H.

PRELIMINARY LOCAL CLIMATOLOGICAL DATA (WS FORM: F-6) , PAGE 2

                                          STATION:  SHERIDAN WY
                                          MONTH:    MARCH
                                          YEAR:     2011
                                          LATITUDE:   44 46 N
                                          LONGITUDE: 106 58 W

[TEMPERATURE DATA]      [PRECIPITATION DATA]       SYMBOLS USED IN COLUMN 16

AVERAGE MONTHLY: 35.0   TOTAL FOR MONTH:   1.73    1 = FOG OR MIST
DPTR FM NORMAL:  -0.3   DPTR FM NORMAL:    0.73    2 = FOG REDUCING VISIBILITY
HIGHEST:    62 ON 19    GRTST 24HR  0.54 ON 31-31      TO 1/4 MILE OR LESS
LOWEST:     -1 ON  7                               3 = THUNDER
                        SNOW, ICE PELLETS, HAIL    4 = ICE PELLETS
                        TOTAL MONTH:    M          5 = HAIL
                        GRTST 24HR    M  ON   M    6 = FREEZING RAIN OR DRIZZLE
                        GRTST DEPTH:  M  ON   M    7 = DUSTSTORM OR SANDSTORM:
                                                       VSBY 1/2 MILE OR LESS
                                                   8 = SMOKE OR HAZE
[NO. OF DAYS WITH]      [WEATHER - DAYS WITH]      9 = BLOWING SNOW
                                                   X = TORNADO
MAX 32 OR BELOW:   3    0.01 INCH OR MORE:  12
MAX 90 OR ABOVE:   0    0.10 INCH OR MORE:   6
MIN 32 OR BELOW:  29    0.50 INCH OR MORE:   1
MIN  0 OR BELOW:   1    1.00 INCH OR MORE:   0

[HDD (BASE 65) ]
TOTAL THIS MO.   921    CLEAR  (SCALE 0-3)  11
DPTR FM NORMAL    -4    PTCLDY (SCALE 4-7)  16
TOTAL FM JUL 1  6472    CLOUDY (SCALE 8-10)  4
DPTR FM NORMAL  -109

[CDD (BASE 65) ]
TOTAL THIS MO.     0
DPTR FM NORMAL     0    [PRESSURE DATA]
TOTAL FM JAN 1     0    HIGHEST SLP 30.42 ON  4
DPTR FM NORMAL     0    LOWEST  SLP 29.36 ON 22

[REMARKS]
#FINAL-03-11#
