000
CXUS55 KBYZ 011055
CF6SHR
PRELIMINARY LOCAL CLIMATOLOGICAL DATA (WS FORM: F-6)

                                          STATION:   SHERIDAN WY
                                          MONTH:     MAY
                                          YEAR:      2014
                                          LATITUDE:   44 46 N
                                          LONGITUDE: 106 58 W

  TEMPERATURE IN F:       :PCPN:    SNOW:  WIND      :SUNSHINE: SKY     :PK WND
================================================================================
1   2   3   4   5  6A  6B    7    8   9   10  11  12  13   14  15   16   17  18
                                     12Z  AVG MX 2MIN
DY MAX MIN AVG DEP HDD CDD  WTR  SNW DPTH SPD SPD DIR MIN PSBL S-S WX    SPD DR
================================================================================

 1  65  27  46  -2  19   0 0.00    M    M  6.5 24 320   M    M   0        28 320
 2  72  39  56   8   9   0 0.00    M    M 10.9 28 340   M    M   1        32 350
 3  53  37  45  -4  20   0 0.00    M    M  5.3 13 110   M    M   8 18     16 110
 4  61  35  48  -1  17   0 0.00    M    M  7.1 20 310   M    M   5        25 300
 5  74  35  55   6  10   0 0.00    M    M 10.0 37 270   M    M   2 1      45 280
 6  57  39  48  -2  17   0 0.63    M    M 12.2 29 300   M    M   9 1      35 300
 7  39  33  36 -14  29   0 0.27    M    M  9.9 25 310   M    M   9 12     31 300
 8  56  32  44  -6  21   0    T    M    M  3.4  9 170   M    M   7        12 250
 9  65  29  47  -3  18   0 0.12    M    M  7.1 29 310   M    M   4        37 310
10  55  35  45  -6  20   0 0.01    M    M 14.5 29 310   M    M   7        34 310
11  44  35  40 -11  25   0 0.02    M    M 14.2 21 290   M    M   9 1      25 310
12  49  34  42  -9  23   0    T    M    M 14.2 22 300   M    M   7        27 320
13  59  33  46  -6  19   0    T    M    M 15.2 29 280   M    M   3        36 280
14  62  34  48  -4  17   0    T    M    M  9.9 32 320   M    M   5        37 320
15  69  32  51  -1  14   0 0.07    M    M  5.4 32 310   M    M   5 3      39 320
16  62  47  55   3  10   0 0.27    M    M 12.3 29 320   M    M   8 1      33 310
17  67  47  57   4   8   0 0.02    M    M  5.0 13 170   M    M   7 1      16 160
18  71  46  59   6   6   0 0.00    M    M  9.2 47 320   M    M   0        63 290
19  66  41  54   1  11   0    T    M    M  6.6 21 310   M    M   2        26 310
20  65  38  52  -2  13   0 0.17    M    M  6.9 16  30   M    M   5        19  30
21  68  42  55   1  10   0    T    M    M  8.4 22 120   M    M   2        26 150
22  79  42  61   7   4   0 0.00    M    M  3.8 15 140   M    M   1 12     19 150
23  80  47  64  10   1   0 0.00    M    M  5.5 16 100   M    M   0        22  90
24  79  44  62   7   3   0 0.00    M    M  5.0 21 320   M    M   2        26 320
25  76  50  63   8   2   0 0.00    M    M  6.8 31 310   M    M   4        40 300
26  85  44  65  10   0   0 0.00    M    M  4.3 24 300   M    M   0        31 300
27  78  48  63   7   2   0 0.00    M    M  6.8 18 160   M    M   0        23 170
28  93  51  72  16   0   7    T    M    M 12.6 59 210   M    M   0 38     75 210
29  74  58  66  10   0   1 0.00    M    M  9.3 35 310   M    M   3        42 320
30  71  49  60   4   5   0 0.09    M    M  6.9 15 140   M    M   5 3      19 130
31  79  46  63   6   2   0 0.06    M    M  8.1 31 320   M    M   1 3      38 310
================================================================================
SM 2073 1249       355   8  1.73    M    263.3          M      121
================================================================================
AV 66.9 40.3                               8.5 FASTST   M    M   4    MAX(MPH)
                                 MISC ---->  # 59 210               # 75  210
================================================================================
NOTES:
# LAST OF SEVERAL OCCURRENCES

COLUMN 17 PEAK WIND IN M.P.H.

PRELIMINARY LOCAL CLIMATOLOGICAL DATA (WS FORM: F-6) , PAGE 2

                                          STATION:  SHERIDAN WY
                                          MONTH:    MAY
                                          YEAR:     2014
                                          LATITUDE:   44 46 N
                                          LONGITUDE: 106 58 W

[TEMPERATURE DATA]      [PRECIPITATION DATA]       SYMBOLS USED IN COLUMN 16

AVERAGE MONTHLY: 53.6   TOTAL FOR MONTH:   1.73    1 = FOG OR MIST
DPTR FM NORMAL:   1.1   DPTR FM NORMAL:   -0.62    2 = FOG REDUCING VISIBILITY
HIGHEST:    93 ON 28    GRTST 24HR  0.90 ON  6- 7      TO 1/4 MILE OR LESS
LOWEST:     27 ON  1                               3 = THUNDER
                        SNOW, ICE PELLETS, HAIL    4 = ICE PELLETS
                        TOTAL MONTH:    M          5 = HAIL
                        GRTST 24HR    M  ON   M    6 = FREEZING RAIN OR DRIZZLE
                        GRTST DEPTH:  M  ON   M    7 = DUSTSTORM OR SANDSTORM:
                                                       VSBY 1/2 MILE OR LESS
                                                   8 = SMOKE OR HAZE
[NO. OF DAYS WITH]      [WEATHER - DAYS WITH]      9 = BLOWING SNOW
                                                   X = TORNADO
MAX 32 OR BELOW:   0    0.01 INCH OR MORE:  11
MAX 90 OR ABOVE:   1    0.10 INCH OR MORE:   5
MIN 32 OR BELOW:   4    0.50 INCH OR MORE:   1
MIN  0 OR BELOW:   0    1.00 INCH OR MORE:   0

[HDD (BASE 65) ]
TOTAL THIS MO.   355    CLEAR  (SCALE 0-3)  13
DPTR FM NORMAL   -38    PTCLDY (SCALE 4-7)  15
TOTAL FM JUL 1  7722    CLOUDY (SCALE 8-10)  3
DPTR FM NORMAL   228

[CDD (BASE 65) ]
TOTAL THIS MO.     8
DPTR FM NORMAL     4    [PRESSURE DATA]
TOTAL FM JAN 1     8    HIGHEST SLP 30.46 ON 12
DPTR FM NORMAL     4    LOWEST  SLP 29.44 ON 18

[REMARKS]
#FINAL-05-14#
