000
CXUS55 KBYZ 242028
CF6SHR
PRELIMINARY LOCAL CLIMATOLOGICAL DATA (WS FORM: F-6)

                                          STATION:   SHERIDAN WY
                                          MONTH:     DECEMBER
                                          YEAR:      2013
                                          LATITUDE:   44 46 N
                                          LONGITUDE: 106 58 W

  TEMPERATURE IN F:       :PCPN:    SNOW:  WIND      :SUNSHINE: SKY     :PK WND
================================================================================
1   2   3   4   5  6A  6B    7    8   9   10  11  12  13   14  15   16   17  18
                                     12Z  AVG MX 2MIN
DY MAX MIN AVG DEP HDD CDD  WTR  SNW DPTH SPD SPD DIR MIN PSBL S-S WX    SPD DR
================================================================================

 1  53  27  40  14  25   0 0.00    M    M  3.5 18 280   M    M   8        23 290
 2  49  20  35  10  30   0 0.47    M    M 10.2 31 320   M    M   9 12     36 320
 3  20   3  12 -13  53   0 0.08    M    M 23.0 37 320   M    M   9 128    45 320
 4   3 -11  -4 -28  69   0 0.01    M    M 13.4 24 330   M    M   8 18     27 330
 5  -1 -21 -11 -35  76   0 0.00    M    M  2.4  8 260   M    M   1         8 190
 6  -8 -25 -16 -40  81   0    T    M    M  2.3  8 330   M    M   5 18      9 330
 7 -12 -28 -20 -44  85   0 0.00    M    M  1.1  7 340   M    M   4 18      7 330
 8   7 -21  -7 -30  72   0 0.00    M    M  6.8 20 300   M    M   2 18     23 320
 9  26 -12   7 -16  58   0 0.00    M    M  6.8 28 330   M    M   6        32 330
10  28   8  18  -5  47   0 0.11    M    M  8.1 35 330   M    M   9 18     43 340
11  15  -9   3 -20  62   0 0.00    M    M  2.8  9 290   M    M   1 18     10 290
12  26   2  14  -9  51   0 0.00    M    M  3.9 13 200   M    M   1 8      14 200
13  35  13  24   2  41   0    T    M    M  7.1 24 330   M    M   7 1      28 320
14  43  20  32  10  33   0 0.00    M    M  5.0 20 250   M    M   3        23 250
15  49  28  39  17  26   0 0.00    M    M 11.3 29 270   M    M   1        35 290
16  46  24  35  13  30   0 0.00    M    M  7.5 23 290   M    M   1        28 280
17  57  16  37  15  28   0 0.00    M    M  4.7 26 270   M    M   1        37 290
18  57  23  40  18  25   0 0.00    M    M  5.2 23 260   M    M   0        27 240
19  27  -3  12 -10  53   0 0.01    M    M 11.8 33 320   M    M   7 168    38 320
20  22  -6   8 -14  57   0 0.00    M    M  2.6 10 310   M    M   2        11 310
21  28  14  21  -1  44   0 0.02    M    M  5.6 20 320   M    M   9 1      23 320
22  20  -9   6 -16  59   0 0.15    M    M  4.9 17 320   M    M   9 18     20 310
23  48  -9  20  -2  45   0 0.00    M    M  2.9 30 250   M    M   8 128    39 250
24  51  20  36  14  29   0 0.05    M    M 13.7 46 310   M    M   6 128    61 320
25  44  16  30   8  35   0 0.00    M    M  6.7 16 310   M    M   2        20 310
26  46  25  36  14  29   0 0.00    M    M  6.8 17 260   M    M   2        20 260
27  54  25  40  18  25   0 0.00    M    M  2.5 13  10   M    M   0        14 360
28  43   3  23   1  42   0    T    M    M 10.0 37 320   M    M   4 128    46 320
29  39   4  22   0  43   0 0.00    M    M  4.4 32 320   M    M   6        42 330
30  41  21  31   8  34   0    T    M    M  7.1 37 320   M    M   6        43 320
31  45  29  37  14  28   0 0.22    M    M  6.4 23 330   M    M   9 1      27 330
================================================================================
SM 1001  187      1415   0  1.12    M    210.5          M      146
================================================================================
AV 32.3  6.0                               6.8 FASTST   M    M   5    MAX(MPH)
                                 MISC ---->  # 46 310               # 61  320
================================================================================
NOTES:
# LAST OF SEVERAL OCCURRENCES

COLUMN 17 PEAK WIND IN M.P.H.

PRELIMINARY LOCAL CLIMATOLOGICAL DATA (WS FORM: F-6) , PAGE 2

                                          STATION:  SHERIDAN WY
                                          MONTH:    DECEMBER
                                          YEAR:     2013
                                          LATITUDE:   44 46 N
                                          LONGITUDE: 106 58 W

[TEMPERATURE DATA]      [PRECIPITATION DATA]       SYMBOLS USED IN COLUMN 16

AVERAGE MONTHLY: 19.2   TOTAL FOR MONTH:   1.12    1 = FOG OR MIST
DPTR FM NORMAL:  -3.7   DPTR FM NORMAL:    0.56    2 = FOG REDUCING VISIBILITY
HIGHEST:    57 ON 18,17 GRTST 24HR  0.47 ON  2- 2      TO 1/4 MILE OR LESS
LOWEST:    -28 ON  7                               3 = THUNDER
                        SNOW, ICE PELLETS, HAIL    4 = ICE PELLETS
                        TOTAL MONTH:    M          5 = HAIL
                        GRTST 24HR    M  ON   M    6 = FREEZING RAIN OR DRIZZLE
                        GRTST DEPTH:  M  ON   M    7 = DUSTSTORM OR SANDSTORM:
                                                       VSBY 1/2 MILE OR LESS
                                                   8 = SMOKE OR HAZE
[NO. OF DAYS WITH]      [WEATHER - DAYS WITH]      9 = BLOWING SNOW
                                                   X = TORNADO
MAX 32 OR BELOW:  14    0.01 INCH OR MORE:   9
MAX 90 OR ABOVE:   0    0.10 INCH OR MORE:   4
MIN 32 OR BELOW:  31    0.50 INCH OR MORE:   0
MIN  0 OR BELOW:  11    1.00 INCH OR MORE:   0

[HDD (BASE 65) ]
TOTAL THIS MO.  1415    CLEAR  (SCALE 0-3)  13
DPTR FM NORMAL   110    PTCLDY (SCALE 4-7)  11
TOTAL FM JUL 1  3220    CLOUDY (SCALE 8-10)  7
DPTR FM NORMAL    37

[CDD (BASE 65) ]
TOTAL THIS MO.     0
DPTR FM NORMAL     0    [PRESSURE DATA]
TOTAL FM JAN 1   592    HIGHEST SLP M ON M
DPTR FM NORMAL   173    LOWEST  SLP 29.47 ON  2

[REMARKS]
#FINAL-12-13#
