000
CXUS55 KBYZ 011055
CF6SHR
PRELIMINARY LOCAL CLIMATOLOGICAL DATA (WS FORM: F-6)

                                          STATION:   SHERIDAN WY
                                          MONTH:     JANUARY
                                          YEAR:      2013
                                          LATITUDE:   44 46 N
                                          LONGITUDE: 106 58 W

  TEMPERATURE IN F:       :PCPN:    SNOW:  WIND      :SUNSHINE: SKY     :PK WND
================================================================================
1   2   3   4   5  6A  6B    7    8   9   10  11  12  13   14  15   16   17  18
                                     12Z  AVG MX 2MIN
DY MAX MIN AVG DEP HDD CDD  WTR  SNW DPTH SPD SPD DIR MIN PSBL S-S WX    SPD DR
================================================================================

 1  35   9  22  -1  43   0    T    M    M 10.6 31 310   M    M   8 128    39 320
 2  30   8  19  -4  46   0    T    M    M 12.5 29 320   M    M   4        36 320
 3  34   4  19  -4  46   0 0.00    M    M  2.2  9 190   M    M   0         9 190
 4  44   6  25   2  40   0 0.00    M    M  3.1 15 340   M    M   0        18 340
 5  40  11  26   3  39   0 0.00    M    M  4.9 17 330   M    M   0        21 330
 6  31   7  19  -4  46   0 0.00    M    M  2.3 14 360   M    M   3        17 340
 7  36  15  26   3  39   0 0.00    M    M  3.7 10 200   M    M   2        17  30
 8  42  17  30   7  35   0 0.00    M    M 10.2 28 330   M    M   5        33 330
 9  48  16  32   8  33   0 0.00    M    M  4.2 13 220   M    M   0        17 270
10  46  19  33   9  32   0 0.00    M    M  9.4 24 330   M    M   2 1      29 330
11  19   5  12 -12  53   0 0.01    M    M 23.8 40 310   M    M   9 18     51 310
12  14   2   8 -16  57   0 0.01    M    M  6.7 32 320   M    M   8 8      37 310
13  17   1   9 -15  56   0    T    M    M  6.7 18 330   M    M   9 18     22 330
14  21  -2  10 -14  55   0 0.00    M    M  3.9 15 140   M    M   5        17 140
15  37  16  27   3  38   0 0.03    M    0  4.9 17 330   M    M  10 1      20 330
16  47  19  33   9  32   0 0.00    M    M  8.2 22 310   M    M   1        29 300
17  52  20  36  12  29   0 0.00    M    M  3.8 14 250   M    M   0        17 250
18  56  25  41  17  24   0 0.00    M    M  4.2 14 260   M    M   2        15 330
19  45  19  32   8  33   0 0.00    M    M  6.8 20 320   M    M   0        23 320
20  32  17  25   1  40   0    T    M    M  9.5 33 310   M    M   7 1      40 320
21  37  14  26   2  39   0 0.00    M    M  3.1 10  40   M    M   4        15 150
22  49  14  32   8  33   0 0.00    M    M  2.7  3  40   M    M   0         5 180
23  32  19  26   2  39   0 0.00    M    M  2.0  9 330   M    M   0         9 330
24  54  19  37  13  28   0 0.00    M    M  4.5 13 330   M    M   2        17 360
25  53  16  35  11  30   0 0.00    M    M  1.4  9 300   M    M   2        12 190
26  56  22  39  15  26   0 0.00    M    M  3.2 10 220   M    M   0        15 160
27  36  26  31   7  34   0 0.35    M    M  7.8 25 310   M    M   6 1      31 310
28  29   8  19  -5  46   0 0.09    M    M  4.8 14 300   M    M   8 1      22 320
29  25  -3  11 -13  54   0 0.01    M    M 10.9 32 320   M    M   7 18     36 320
30  34  -3  16  -8  49   0 0.20    M    M  9.0 25 310   M    M  10 1      30 330
31  31   6  19  -5  46   0 0.26    M    M  4.0 16 340   M    M  10 18     28 220
================================================================================
SM 1162  372      1240   0  0.96    M    195.0          M      124
================================================================================
AV 37.5 12.0                               6.3 FASTST   M    M   4    MAX(MPH)
                                 MISC ---->  # 40 310               # 51  310
================================================================================
NOTES:
# LAST OF SEVERAL OCCURRENCES

COLUMN 17 PEAK WIND IN M.P.H.

PRELIMINARY LOCAL CLIMATOLOGICAL DATA (WS FORM: F-6) , PAGE 2

                                          STATION:  SHERIDAN WY
                                          MONTH:    JANUARY
                                          YEAR:     2013
                                          LATITUDE:   44 46 N
                                          LONGITUDE: 106 58 W

[TEMPERATURE DATA]      [PRECIPITATION DATA]       SYMBOLS USED IN COLUMN 16

AVERAGE MONTHLY: 24.7   TOTAL FOR MONTH:   0.96    1 = FOG OR MIST
DPTR FM NORMAL:   0.9   DPTR FM NORMAL:    0.40    2 = FOG REDUCING VISIBILITY
HIGHEST:    56 ON 26,18 GRTST 24HR  0.44 ON 27-28      TO 1/4 MILE OR LESS
LOWEST:     -3 ON 30,29                            3 = THUNDER
                        SNOW, ICE PELLETS, HAIL    4 = ICE PELLETS
                        TOTAL MONTH:    M          5 = HAIL
                        GRTST 24HR    M  ON   M    6 = FREEZING RAIN OR DRIZZLE
                        GRTST DEPTH:   0           7 = DUSTSTORM OR SANDSTORM:
                                                       VSBY 1/2 MILE OR LESS
                                                   8 = SMOKE OR HAZE
[NO. OF DAYS WITH]      [WEATHER - DAYS WITH]      9 = BLOWING SNOW
                                                   X = TORNADO
MAX 32 OR BELOW:  11    0.01 INCH OR MORE:   8
MAX 90 OR ABOVE:   0    0.10 INCH OR MORE:   3
MIN 32 OR BELOW:  31    0.50 INCH OR MORE:   0
MIN  0 OR BELOW:   3    1.00 INCH OR MORE:   0

[HDD (BASE 65) ]
TOTAL THIS MO.  1240    CLEAR  (SCALE 0-3)  16
DPTR FM NORMAL   -37    PTCLDY (SCALE 4-7)   9
TOTAL FM JUL 1  4195    CLOUDY (SCALE 8-10)  6
DPTR FM NORMAL  -265

[CDD (BASE 65) ]
TOTAL THIS MO.     0
DPTR FM NORMAL     0    [PRESSURE DATA]
TOTAL FM JAN 1     0    HIGHEST SLP 30.55 ON 20
DPTR FM NORMAL     0    LOWEST  SLP 29.49 ON 10

[REMARKS]
#FINAL-01-13#
