000
CXUS55 KBYZ 011052
CF6SHR
PRELIMINARY LOCAL CLIMATOLOGICAL DATA (WS FORM: F-6)

                                          STATION:   SHERIDAN WY
                                          MONTH:     FEBRUARY
                                          YEAR:      2012
                                          LATITUDE:   44 46 N
                                          LONGITUDE: 106 58 W

  TEMPERATURE IN F:       :PCPN:    SNOW:  WIND      :SUNSHINE: SKY     :PK WND
================================================================================
1   2   3   4   5  6A  6B    7    8   9   10  11  12  13   14  15   16   17  18
                                     12Z  AVG MX 2MIN
DY MAX MIN AVG DEP HDD CDD  WTR  SNW DPTH SPD SPD DIR MIN PSBL S-S WX    SPD DR
================================================================================

 1  45  21  33   9  32   0 0.00    M    M  5.0 23 140   M    M   1        30 140
 2  38  22  30   5  35   0 0.01    M    M 10.3 20 310   M    M   9 1      23 310
 3  41  19  30   5  35   0 0.00    M    M  2.9 12 280   M    M   1        13 280
 4  45  12  29   4  36   0 0.00    M    M  1.2  8 170   M    M   0        12 140
 5  49  11  30   5  35   0 0.00    M    M  1.4  8 320   M    M   0         9 320
 6  35  20  28   3  37   0 0.01    M    M 10.6 26 330   M    M   6 1      30 330
 7  28  21  25   0  40   0 0.00    M    M  5.6 15 150   M    M  10        20 120
 8  38  11  25   0  40   0 0.00    M    M  2.5  9 320   M    M   4        12 320
 9  46  18  32   7  33   0    T    M    M 12.6 36 320   M    M   6        45 330
10  33  12  23  -2  42   0 0.09    M    M  4.9 15  40   M    M  10 1      17  40
11  20  -2   9 -17  56   0 0.00    M    M  3.8  8 190   M    M   6        12 110
12  37   4  21  -5  44   0 0.00    M    M  1.4  7 200   M    M   4         8 200
13  45  22  34   8  31   0 0.00    M    M  6.8 21 320   M    M   9        25 310
14  40  17  29   3  36   0 0.03    M    M  5.1 21 320   M    M  10 128    24 310
15  37  14  26   0  39   0 0.00    M    M  4.7 21 330   M    M   3        25 320
16  45  14  30   4  35   0 0.00    M    M  3.3 10 340   M    M   0        17 340
17  36  20  28   1  37   0    T    M    M  6.7 18 320   M    M   8 1      22 320
18  49  14  32   5  33   0 0.00    M    M  3.0 22 310   M    M   1        26 310
19  36  23  30   3  35   0 0.00    M    M  6.3 22 300   M    M   7        28 300
20  43  18  31   3  34   0 0.00    M    M  5.4 20 330   M    M   3        25 320
21  47  22  35   7  30   0    T    M    M  5.3 31 310   M    M   9        41 310
22  41  31  36   8  29   0 0.46    M    M 12.6 46 310   M    M  10 1      53 300
23  33  20  27  -1  38   0 0.07    M    M 18.9 32 310   M    M   4 128    40 300
24  36  14  25  -4  40   0    T    M    M 10.1 29 310   M    M   4 1      36 310
25  52  18  35   6  30   0    T    M    M 15.2 38 320   M    M   4 1      46 310
26  32  16  24  -5  41   0 0.00    M    M 12.0 37 320   M    M   8        47 320
27  30  12  21  -9  44   0 0.00    M    M  3.1 10 320   M    M   1        15 330
28  29  18  24  -6  41   0 0.27    M    M  8.1 22 310   M    M   8 12     25 310
29  42   5  24  -6  41   0 0.00    M    M  6.7 36 320   M    M   1        45 310
================================================================================
SM 1128  467      1079   0  0.94    M    195.5          M      147
================================================================================
AV 38.9 16.1                               6.7 FASTST   M    M   5    MAX(MPH)
                                 MISC ---->  # 46 310               # 53  300
================================================================================
NOTES:
# LAST OF SEVERAL OCCURRENCES

COLUMN 17 PEAK WIND IN M.P.H.

PRELIMINARY LOCAL CLIMATOLOGICAL DATA (WS FORM: F-6) , PAGE 2

                                          STATION:  SHERIDAN WY
                                          MONTH:    FEBRUARY
                                          YEAR:     2012
                                          LATITUDE:   44 46 N
                                          LONGITUDE: 106 58 W

[TEMPERATURE DATA]      [PRECIPITATION DATA]       SYMBOLS USED IN COLUMN 16

AVERAGE MONTHLY: 27.5   TOTAL FOR MONTH:   0.94    1 = FOG OR MIST
DPTR FM NORMAL:   0.9   DPTR FM NORMAL:    0.40    2 = FOG REDUCING VISIBILITY
HIGHEST:    52 ON 25    GRTST 24HR  0.46 ON 22-22      TO 1/4 MILE OR LESS
LOWEST:     -2 ON 11                               3 = THUNDER
                        SNOW, ICE PELLETS, HAIL    4 = ICE PELLETS
                        TOTAL MONTH:    M          5 = HAIL
                        GRTST 24HR    M  ON   M    6 = FREEZING RAIN OR DRIZZLE
                        GRTST DEPTH:  M  ON   M    7 = DUSTSTORM OR SANDSTORM:
                                                       VSBY 1/2 MILE OR LESS
                                                   8 = SMOKE OR HAZE
[NO. OF DAYS WITH]      [WEATHER - DAYS WITH]      9 = BLOWING SNOW
                                                   X = TORNADO
MAX 32 OR BELOW:   5    0.01 INCH OR MORE:   7
MAX 90 OR ABOVE:   0    0.10 INCH OR MORE:   2
MIN 32 OR BELOW:  29    0.50 INCH OR MORE:   0
MIN  0 OR BELOW:   1    1.00 INCH OR MORE:   0

[HDD (BASE 65) ]
TOTAL THIS MO.  1079    CLEAR  (SCALE 0-3)   9
DPTR FM NORMAL     4    PTCLDY (SCALE 4-7)  13
TOTAL FM JUL 1  5050    CLOUDY (SCALE 8-10)  7
DPTR FM NORMAL  -520

[CDD (BASE 65) ]
TOTAL THIS MO.     0
DPTR FM NORMAL     0    [PRESSURE DATA]
TOTAL FM JAN 1     0    HIGHEST SLP 30.60 ON  4
DPTR FM NORMAL     0    LOWEST  SLP 29.31 ON 25

[REMARKS]
#FINAL-02-12#
