000
CXUS55 KBYZ 012153
CLASHR
CLIMATE REPORT
NATIONAL WEATHER SERVICE BILLINGS MT
253 PM MST MON JAN 01 2024
...................................
...THE SHERIDAN WY CLIMATE SUMMARY FOR THE YEAR OF 2023...
CLIMATE NORMAL PERIOD 1991 TO 2020
CLIMATE RECORD PERIOD 1907 TO 2023
WEATHER OBSERVED NORMAL DEPART
VALUE DATE(S) VALUE FROM
NORMAL
................................................
TEMPERATURE (F)
RECORD
HIGH 107 07/13/2005
07/14/2002
LOW -41 12/09/1919
HIGHEST 101 07/24
LOWEST -27 01/30
AVG. MAXIMUM 60.0 59.7 0.3
AVG. MINIMUM 32.3 31.1 1.2
MEAN 46.2 45.4 0.8
DAYS MAX >= 90 24 -10.5
DAYS MAX <= 32 28 -12.4
DAYS MIN <= 32 182 -2.7
DAYS MIN <= 0 14 -4.8
PRECIPITATION (INCHES)
RECORD
MAXIMUM 24.77 1944
MINIMUM 8.23 1960
TOTALS 22.55 14.93 7.62
DAYS >= .01 89 -13.3
DAYS >= .10 44 3.5
DAYS >= .50 7 0.3
DAYS >= 1.00 3 1.8
DEGREE DAYS
HEATING TOTAL 7110 7542 -432
COOLING TOTAL 385 441 -56
FREEZE DATES
RECORD
EARLIEST 08/17/2002
LATEST 06/24/1967
EARLIEST 10/13
LATEST 04/30
................................................
WIND (MPH)
AVERAGE WIND SPEED 5.8
RESULTANT WIND SPEED/DIRECTION 2/300
HIGHEST WIND SPEED/DIRECTION 43/330 DATE 04/01
HIGHEST GUST SPEED/DIRECTION 55/330 DATE 08/30
WEATHER CONDITIONS. NUMBER OF DAYS WITH
THUNDERSTORM 53 MIXED PRECIP 1
HEAVY RAIN 27 RAIN 58
LIGHT RAIN 92 FREEZING RAIN 1
LT FREEZING RAIN 1 HAIL 0
HEAVY SNOW 13 SNOW 29
LIGHT SNOW 56 SLEET 0
FOG 104 FOG W/VIS <= 1/4 MILE 19
HAZE 66
- INDICATES NEGATIVE NUMBERS.
R INDICATES RECORD WAS SET OR TIED.
MM INDICATES DATA IS MISSING.
T INDICATES TRACE AMOUNT.
$$