000
CXUS54 KSHV 011400
CF6SHV
PRELIMINARY LOCAL CLIMATOLOGICAL DATA (WS FORM: F-6)
STATION: SHREVEPORT
MONTH: DECEMBER
YEAR: 2021
LATITUDE: 32 28 N
LONGITUDE: 93 49 W
TEMPERATURE IN F: :PCPN: SNOW: WIND :SUNSHINE: SKY :PK WND
================================================================================
1 2 3 4 5 6A 6B 7 8 9 10 11 12 13 14 15 16 17 18
12Z AVG MX 2MIN
DY MAX MIN AVG DEP HDD CDD WTR SNW DPTH SPD SPD DIR MIN PSBL S-S WX SPD DR
================================================================================
1 78 54 66 14 0 1 0.00 0.0 0 7.5 18 210 M M 3 18 25 210
2 80 48 64 12 1 0 0.00 0.0 0 3.5 12 250 M M 5 128 14 220
3 74 54 64 12 1 0 T 0.0 0 5.5 14 210 M M 9 12 19 230
4 81 65 73 21 0 8 T 0.0 0 5.4 14 190 M M 6 18 16 150
5 79 65 72 21 0 7 T 0.0 0 9.0 17 200 M M 9 22 190
6 72 45 59 8 6 0 T 0.0 0 11.9 29 360 M M 6 35 10
7 53 43 48 -3 17 0 0.00 0.0 0 6.8 16 60 M M 9 21 70
8 64 42 53 2 12 0 0.00 0.0 0 5.5 12 160 M M 7 15 160
9 78 53 66 16 0 1 0.00 0.0 0 7.8 15 210 M M 8 18 21 200
10 84 71 78 28 0 13 0.00 0.0 0 13.9 28 190 M M 8 18 37 180
11 78 35 57 7 8 0 0.79 0.0 0 11.6 26 290 M M 8 3 34 310
12 58 32 45 -5 20 0 0.00 0.0 0 2.7 14 120 M M 0 19 120
13 66 36 51 1 14 0 T 0.0 0 2.9 8 130 M M 5 10 90
14 77 59 68 18 0 3 0.01 0.0 0 8.3 15 180 M M 9 20 180
15 80 70 75 26 0 10 0.00 0.0 0 12.3 23 190 M M 9 30 170
16 80 69 75 26 0 10 0.11 0.0 0 8.5 16 200 M M 9 23 210
17 81 65 73 24 0 8 0.00 0.0 0 8.7 20 200 M M 7 1 24 200
18 70 49 60 11 5 0 1.26 0.0 0 11.3 23 360 M M 9 13 29 10
19 52 37 45 -4 20 0 0.00 0.0 0 9.7 18 20 M M 3 23 30
20 44 37 41 -8 24 0 0.12 0.0 0 4.2 12 60 M M 10 8 13 60
21 60 34 47 -1 18 0 0.00 0.0 0 2.7 9 350 M M 3 128 12 360
22 65 34 50 2 15 0 0.00 0.0 0 2.8 10 120 M M 1 14 100
23 73 44 59 11 6 0 0.00 0.0 0 9.5 21 210 M M 6 28 210
24 78 59 69 21 0 4 0.00 0.0 0 14.0 26 210 M M 5 36 190
25 79 60 70 22 0 5 0.00 0.0 0 10.2 25 220 M M 8 128 33 220
26 78 60 69 21 0 4 0.00 0.0 0 9.1 21 200 M M 6 128 28 210
27 81 68 75 27 0 10 0.00 0.0 0 9.2 22 210 M M 7 29 220
28 80 63 72 24 0 7 T 0.0 0 9.4 23 210 M M 8 18 29 220
29 83 62 73 25 0 8 T 0.0 0 6.8 21 230 M M 8 138 26 220
30 77 58 68 20 0 3 0.00 0.0 0 2.0 8 180 M M 8 128 9 170
31 81 61 71 23 0 6 0.00 0.0 0 9.3 21 200 M M 8 18 26 200
================================================================================
SM 2264 1632 167 108 2.29 0.0 242.0 M 207
================================================================================
AV 73.0 52.6 7.8 FASTST M M 7 MAX(MPH)
MISC ----> 29 360 37 180
================================================================================
NOTES:
# LAST OF SEVERAL OCCURRENCES
COLUMN 17 PEAK WIND IN M.P.H.
PRELIMINARY LOCAL CLIMATOLOGICAL DATA (WS FORM: F-6) , PAGE 2
STATION: SHREVEPORT
MONTH: DECEMBER
YEAR: 2021
LATITUDE: 32 28 N
LONGITUDE: 93 49 W
[TEMPERATURE DATA] [PRECIPITATION DATA] SYMBOLS USED IN COLUMN 16
AVERAGE MONTHLY: 62.8 TOTAL FOR MONTH: 2.29 1 = FOG OR MIST
DPTR FM NORMAL: 13.3 DPTR FM NORMAL: -2.65 2 = FOG REDUCING VISIBILITY
HIGHEST: 84 ON 10 GRTST 24HR 1.26 ON 18-18 TO 1/4 MILE OR LESS
LOWEST: 32 ON 12 3 = THUNDER
SNOW, ICE PELLETS, HAIL 4 = ICE PELLETS
TOTAL MONTH: 0.0 INCH 5 = HAIL
GRTST 24HR 0.0 6 = FREEZING RAIN OR DRIZZLE
GRTST DEPTH: 0 7 = DUSTSTORM OR SANDSTORM:
VSBY 1/2 MILE OR LESS
8 = SMOKE OR HAZE
[NO. OF DAYS WITH] [WEATHER - DAYS WITH] 9 = BLOWING SNOW
X = TORNADO
MAX 32 OR BELOW: 0 0.01 INCH OR MORE: 5
MAX 90 OR ABOVE: 0 0.10 INCH OR MORE: 4
MIN 32 OR BELOW: 1 0.50 INCH OR MORE: 2
MIN 0 OR BELOW: 0 1.00 INCH OR MORE: 1
[HDD (BASE 65) ]
TOTAL THIS MO. 167 CLEAR (SCALE 0-3) 4
DPTR FM NORMAL -323 PTCLDY (SCALE 4-7) 15
TOTAL FM JUL 1 457 CLOUDY (SCALE 8-10) 12
DPTR FM NORMAL -383
[CDD (BASE 65) ]
TOTAL THIS MO. 108
DPTR FM NORMAL 100 [PRESSURE DATA]
TOTAL FM JAN 1 2927 HIGHEST SLP 30.37 ON 12
DPTR FM NORMAL 253 LOWEST SLP 29.63 ON 28
[REMARKS]
#FINAL-12-21#