000
CXUS54 KSJT 011541 CCA
CLMSJT
CLIMATE REPORT
NATIONAL WEATHER SERVICE SAN ANGELO TX
1041 AM CDT SUN OCT 01 2023
...................................
...THE SAN ANGELO CLIMATE SUMMARY FOR THE MONTH OF SEPTEMBER 2023...
CLIMATE NORMAL PERIOD: 1991 TO 2020
CLIMATE RECORD PERIOD: 1907 TO 2023
WEATHER OBSERVED NORMAL DEPART LAST YEAR`S
VALUE DATE(S) VALUE FROM VALUE DATE(S)
NORMAL
................................................................
TEMPERATURE (F)
RECORD
HIGH 107 09/01/1952
09/25/2005
LOW 35 09/23/1913
HIGHEST 106 09/05 96 09/19
09/20
09/22
LOWEST 63 09/27 51 09/27
09/30
AVG. MAXIMUM 95.7 89.4 6.3 92.1
AVG. MINIMUM 68.9 64.6 4.3 65.0
MEAN 82.3 77.0 5.3 78.5
DAYS MAX >= 90 23 15.1 7.9 25
DAYS MAX <= 32 0 0.0 0.0 0
DAYS MIN <= 32 0 0.0 0.0 0
DAYS MIN <= 0 0 0.0 0.0 0
PRECIPITATION (INCHES)
RECORD
MAXIMUM 27.65 1936
MINIMUM 0.00 1947
TOTALS 3.92 2.51 1.41 1.77
DAILY AVG. 0.13 0.08 0.05 0.06
DAYS >= .01 5 5.1 -0.1 2
DAYS >= .10 3 3.1 -0.1 2
DAYS >= .50 3 1.5 1.5 1
DAYS >= 1.00 1 0.9 0.1 1
GREATEST
24 HR. TOTAL 2.29 09/11 TO 09/12 1.48 09/02 TO 09/02
SNOWFALL (INCHES)
RECORDS
TOTAL 0.0 2013
TOTALS T MM MM 0.0
SINCE 7/1 T MM MM MM
SNOWDEPTH AVG. 0 0
DAYS >= 1.0 0 MM MM 0
GREATEST
SNOW DEPTH 0 0 MM
DEGREE DAYS
HEATING TOTAL 0 6 -6 0
SINCE 7/1 0 0 0 MM
COOLING TOTAL 527 366 161 410
SINCE 1/1 3203 2621 582 MM
................................................................
WIND (MPH)
AVERAGE WIND SPEED 7.2
HIGHEST WIND SPEED/DIRECTION 39/350 DATE 09/16
HIGHEST GUST SPEED/DIRECTION 54/170 DATE 09/05
SKY COVER
AVERAGE SKY COVER 0.11
AVERAGE RH (PERCENT) 56
WEATHER CONDITIONS. NUMBER OF DAYS WITH
THUNDERSTORM 6 MIXED PRECIP 0
HEAVY RAIN 3 RAIN 3
LIGHT RAIN 6 FREEZING RAIN 0
LT FREEZING RAIN 0 HAIL 1
HEAVY SNOW 0 SNOW 0
LIGHT SNOW 0 SLEET 0
FOG 4 FOG W/VIS <= 1/4 MILE 0
HAZE 0
- INDICATES NEGATIVE NUMBERS.
R INDICATES RECORD WAS SET OR TIED.
MM INDICATES DATA IS MISSING.
T INDICATES TRACE AMOUNT.
$$