000
CXUS51 KBTV 010800
CF6SLK
PRELIMINARY LOCAL CLIMATOLOGICAL DATA (WS FORM: F-6)
STATION: SARANAC LAKE NY
MONTH: DECEMBER
YEAR: 2021
LATITUDE: 44 23 N
LONGITUDE: 74 12 W
TEMPERATURE IN F: :PCPN: SNOW: WIND :SUNSHINE: SKY :PK WND
================================================================================
1 2 3 4 5 6A 6B 7 8 9 10 11 12 13 14 15 16 17 18
12Z AVG MX 2MIN
DY MAX MIN AVG DEP HDD CDD WTR SNW DPTH SPD SPD DIR MIN PSBL S-S WX SPD DR
================================================================================
1 32 13 23 -3 42 0 0.06 M M 4.7 15 290 M M 6 12 25 270
2 40 17 29 3 36 0 0.16 M M 10.1 20 220 M M 10 16 30 220
3 29 4 17 -8 48 0 0.01 M M 6.6 18 280 M M 5 18 33 280
4 30 -1 15 -10 50 0 0.07 M M 4.3 16 200 M M 6 12 25 280
5 35 23 29 5 36 0 T M M 6.4 20 180 M M 9 28 180
6 48 29 39 15 26 0 0.81 M M 15.0 25 200 M M 10 16 37 240
7 30 15 23 -1 42 0 T M M 6.0 23 250 M M 7 38 250
8 24 13 19 -4 46 0 0.01 M M 4.8 10 60 M M 10 18 12 60
9 22 9 16 -7 49 0 0.01 M M 4.3 10 260 M M 7 18 16 260
10 33 12 23 0 42 0 0.01 M M 4.2 14 230 M M 10 1 20 230
11 55 25 40 18 25 0 0.34 M M 14.7 31 240 M M 10 1 53 230
12 38 28 33 11 32 0 T M M 11.9 30 250 M M 2 49 250
13 43 32 38 16 27 0 0.00 M M 10.8 22 230 M M 2 30 230
14 37 13 25 4 40 0 0.00 M M 2.9 14 260 M M 3 20 260
15 42 15 29 8 36 0 0.07 M M 8.7 21 210 M M 5 1 28 190
16 58 40 49 29 16 0 0.11 M M 12.3 31 230 M M 8 1 43 240
17 50 29 40 20 25 0 0.00 M M 12.3 32 240 M M 7 47 230
18 29 21 25 5 40 0 0.30 M M 6.9 15 70 M M 9 12 19 70
19 23 8 16 -4 49 0 0.01 M M 3.4 10 320 M M 10 18 14 350
20 28 -7 11 -8 54 0 0.00 M M 6.1 16 200 M M 5 18 21 210
21 32 13 23 4 42 0 T M M 6.1 16 230 M M 5 1 22 230
22 31 6 19 0 46 0 0.01 M M 7.7 21 250 M M 8 18 33 240
23 16 -4 6 -12 59 0 T M M 3.4 14 270 M M 4 18 22 270
24 26 2 14 -4 51 0 T M M 1.0 10 240 M M 8 1 14 240
25 33 19 26 8 39 0 0.06 M M 3.2 9 50 M M 10 16 13 320
26 28 20 24 7 41 0 T M M 4.7 12 280 M M 10 1 18 280
27 22 15 19 2 46 0 T M M 3.9 10 60 M M 10 1 12 70
28 32 19 26 9 39 0 0.04 M M 5.2 16 260 M M 10 12 25 250
29 34 24 29 12 36 0 T M M 2.3 7 80 M M 10 1 8 80
30 36 28 32 16 33 0 0.02 M M 1.5 7 200 M M 10 1 9 220
31 37 29 33 17 32 0 0.04 M M 0.9 6 230 M M 10 12 8 240
================================================================================
SM 1053 509 1225 0 2.14 M 196.3 M 236
================================================================================
AV 34.0 16.4 6.3 FASTST M M 8 MAX(MPH)
MISC ----> 32 240 53 230
================================================================================
NOTES:
# LAST OF SEVERAL OCCURRENCES
COLUMN 17 PEAK WIND IN M.P.H.
PRELIMINARY LOCAL CLIMATOLOGICAL DATA (WS FORM: F-6) , PAGE 2
STATION: SARANAC LAKE NY
MONTH: DECEMBER
YEAR: 2021
LATITUDE: 44 23 N
LONGITUDE: 74 12 W
[TEMPERATURE DATA] [PRECIPITATION DATA] SYMBOLS USED IN COLUMN 16
AVERAGE MONTHLY: 25.2 TOTAL FOR MONTH: 2.14 1 = FOG OR MIST
DPTR FM NORMAL: 4.5 DPTR FM NORMAL: -0.06 2 = FOG REDUCING VISIBILITY
HIGHEST: 58 ON 16 GRTST 24HR 0.81 ON 6- 6 TO 1/4 MILE OR LESS
LOWEST: -7 ON 20 3 = THUNDER
SNOW, ICE PELLETS, HAIL 4 = ICE PELLETS
TOTAL MONTH: M 5 = HAIL
GRTST 24HR M ON M 6 = FREEZING RAIN OR DRIZZLE
GRTST DEPTH: M ON M 7 = DUSTSTORM OR SANDSTORM:
VSBY 1/2 MILE OR LESS
8 = SMOKE OR HAZE
[NO. OF DAYS WITH] [WEATHER - DAYS WITH] 9 = BLOWING SNOW
X = TORNADO
MAX 32 OR BELOW: 16 0.01 INCH OR MORE: 18
MAX 90 OR ABOVE: 0 0.10 INCH OR MORE: 5
MIN 32 OR BELOW: 30 0.50 INCH OR MORE: 1
MIN 0 OR BELOW: 3 1.00 INCH OR MORE: 0
[HDD (BASE 65) ]
TOTAL THIS MO. 1225 CLEAR (SCALE 0-3) 3
DPTR FM NORMAL -148 PTCLDY (SCALE 4-7) 12
TOTAL FM JUL 1 3208 CLOUDY (SCALE 8-10) 16
DPTR FM NORMAL -383
[CDD (BASE 65) ]
TOTAL THIS MO. 0
DPTR FM NORMAL 0 [PRESSURE DATA]
TOTAL FM JAN 1 222 HIGHEST SLP 30.67 ON 14
DPTR FM NORMAL 102 LOWEST SLP 29.22 ON 11
[REMARKS]
#FINAL-12-21#