000
CXUS53 KICT 041745
CF6SLN
PRELIMINARY LOCAL CLIMATOLOGICAL DATA (WS FORM: F-6)
STATION: SALINA KS
MONTH: OCTOBER
YEAR: 2021
LATITUDE: 38 47 N
LONGITUDE: 97 39 W
TEMPERATURE IN F: :PCPN: SNOW: WIND :SUNSHINE: SKY :PK WND
================================================================================
1 2 3 4 5 6A 6B 7 8 9 10 11 12 13 14 15 16 17 18
12Z AVG MX 2MIN
DY MAX MIN AVG DEP HDD CDD WTR SNW DPTH SPD SPD DIR MIN PSBL S-S WX SPD DR
================================================================================
1 78 56 67 3 0 2 0.00 M M 3.4 12 230 M M 5 15 240
2 71 58 65 2 0 0 0.02 M M 5.7 14 290 M M 5 21 330
3 82 53 68 5 0 3 0.00 M M 4.4 14 300 M M 0 19 330
4 84 49 67 5 0 2 0.00 M M 2.0 15 350 M M 0 18 21 350
5 81 49 65 3 0 0 0.00 M M 5.8 14 90 M M 0 1 19 90
6 77 53 65 4 0 0 0.00 M M 3.2 14 90 M M 3 1 21 130
7 85 54 70 9 0 5 0.00 M M 7.6 18 150 M M 0 1 24 140
8 87 58 73 13 0 8 0.00 M M 2.7 13 140 M M 0 17 150
9 95 63 79 19 0 14 0.00 M M 11.5 29 210 M M 0 40 210
10 76 56 66 6 0 1 0.08 M M 8.2 18 330 M M 6 1 25 320
11 78 50 64 5 1 0 0.00 M M 8.4 17 310 M M 2 8 23 310
12 80 50 65 6 0 0 0.04 M M 13.5 28 130 M M 4 3 45 130
13 70 50 60 2 5 0 0.63 M M 9.9 29 270 M M 3 13 41 260
14 69 41 55 -3 10 0 0.00 M M 8.4 17 350 M M 3 23 350
15 65 44 55 -2 10 0 0.00 M M 9.7 22 300 M M 2 29 280
16 72 32 52 -5 13 0 0.00 M M 5.3 17 260 M M 0 24 250
17 79 39 59 3 6 0 0.00 M M 5.8 14 200 M M 0 18 190
18 74 44 59 3 6 0 0.00 M M 15.0 29 160 M M 0 38 160
19 78 57 68 12 0 3 0.00 M M 18.4 31 160 M M 0 41 150
20 66 44 55 0 10 0 0.00 M M 13.9 28 300 M M 2 33 290
21 64 38 51 -4 14 0 0.00 M M 5.9 15 310 M M 0 8 19 310
22 78 36 57 3 8 0 0.00 M M 6.6 17 210 M M 0 25 200
23 72 52 62 8 3 0 0.00 M M 10.6 20 90 M M 4 27 80
24 72 45 59 5 6 0 0.00 M M 15.6 26 310 M M 3 1 38 300
25 56 43 50 -3 15 0 0.00 M M 8.4 15 100 M M 6 20 10
26 72 45 59 6 6 0 0.04 M M 17.3 26 170 M M 7 13 38 170
27 63 50 57 5 8 0 1.29 M M 17.1 32 350 M M 10 13 43 330
28 64 48 56 4 9 0 0.00 M M 26.4 45 350 M M 2 65 350
29 65 37 51 0 14 0 0.00 M M 13.8 28 340 M M 0 35 340
30 73 32 53 2 12 0 0.00 M M 8.2 23 360 M M 0 8 29 340
31 58 39 49 -1 16 0 0.00 M M 10.7 21 350 M M 0 27 360
================================================================================
SM 2284 1465 172 38 2.10 M 303.4 M 67
================================================================================
AV 73.7 47.3 9.8 FASTST M M 2 MAX(MPH)
MISC ----> 45 350 65 350
================================================================================
NOTES:
# LAST OF SEVERAL OCCURRENCES
COLUMN 17 PEAK WIND IN M.P.H.
PRELIMINARY LOCAL CLIMATOLOGICAL DATA (WS FORM: F-6) , PAGE 2
STATION: SALINA KS
MONTH: OCTOBER
YEAR: 2021
LATITUDE: 38 47 N
LONGITUDE: 97 39 W
[TEMPERATURE DATA] [PRECIPITATION DATA] SYMBOLS USED IN COLUMN 16
AVERAGE MONTHLY: 60.5 TOTAL FOR MONTH: 2.10 1 = FOG OR MIST
DPTR FM NORMAL: 3.5 DPTR FM NORMAL: -0.06 2 = FOG REDUCING VISIBILITY
HIGHEST: 95 ON 9 GRTST 24HR 1.33 ON 26-27 TO 1/4 MILE OR LESS
LOWEST: 32 ON 30,16 3 = THUNDER
SNOW, ICE PELLETS, HAIL 4 = ICE PELLETS
TOTAL MONTH: M 5 = HAIL
GRTST 24HR M ON M 6 = FREEZING RAIN OR DRIZZLE
GRTST DEPTH: M ON M 7 = DUSTSTORM OR SANDSTORM:
VSBY 1/2 MILE OR LESS
8 = SMOKE OR HAZE
[NO. OF DAYS WITH] [WEATHER - DAYS WITH] 9 = BLOWING SNOW
X = TORNADO
MAX 32 OR BELOW: 0 0.01 INCH OR MORE: 6
MAX 90 OR ABOVE: 1 0.10 INCH OR MORE: 2
MIN 32 OR BELOW: 2 0.50 INCH OR MORE: 2
MIN 0 OR BELOW: 0 1.00 INCH OR MORE: 1
[HDD (BASE 65) ]
TOTAL THIS MO. 172 CLEAR (SCALE 0-3) 20
DPTR FM NORMAL -110 PTCLDY (SCALE 4-7) 10
TOTAL FM JUL 1 180 CLOUDY (SCALE 8-10) 1
DPTR FM NORMAL -152
[CDD (BASE 65) ]
TOTAL THIS MO. 38
DPTR FM NORMAL 4 [PRESSURE DATA]
TOTAL FM JAN 1 1815 HIGHEST SLP 30.38 ON 16
DPTR FM NORMAL 193 LOWEST SLP 29.42 ON 27
[REMARKS]
#FINAL-10-21#