000
CXUS56 KLOX 011155
CF6SMX
PRELIMINARY LOCAL CLIMATOLOGICAL DATA (WS FORM: F-6)
STATION: SANTA MARIA AIRPORT CA
MONTH: MAY
YEAR: 2022
LATITUDE: 34 54 N
LONGITUDE: 120 27 W
TEMPERATURE IN F: :PCPN: SNOW: WIND :SUNSHINE: SKY :PK WND
================================================================================
1 2 3 4 5 6A 6B 7 8 9 10 11 12 13 14 15 16 17 18
12Z AVG MX 2MIN
DY MAX MIN AVG DEP HDD CDD WTR SNW DPTH SPD SPD DIR MIN PSBL S-S WX SPD DR
================================================================================
1 64 44 54 -4 11 0 0.00 M M 12.4 28 290 M M 1 18 33 290
2 64 43 54 -4 11 0 0.00 M M 10.9 29 290 M M 2 128 33 290
3 71 41 56 -2 9 0 0.00 M M 10.0 28 300 M M 0 18 33 290
4 75 42 59 1 6 0 0.00 M M 5.1 16 300 M M 2 18 18 300
5 65 46 56 -2 9 0 0.00 M M 5.2 15 300 M M 5 12 21 300
6 66 47 57 -1 8 0 0.00 M M 10.4 28 290 M M 4 18 35 290
7 66 48 57 -1 8 0 0.00 M M 16.2 33 300 M M 3 128 40 300
8 61 43 52 -6 13 0 0.00 M M 17.6 38 300 M M 0 18 46 310
9 61 41 51 -7 14 0 0.00 M M 14.5 32 300 M M 0 39 300
10 61 37 49 -10 16 0 0.00 M M 12.9 35 300 M M 1 40 300
11 62 38 50 -9 15 0 0.00 M M 13.1 33 290 M M 0 8 39 290
12 67 40 54 -5 11 0 0.00 M M 13.1 36 290 M M 0 18 41 300
13 87 47 67 8 0 2 0.00 M M 12.7 29 300 M M 0 33 290
14 83 50 67 8 0 2 0.00 M M 12.0 26 300 M M 0 33 300
15 65 48 57 -2 8 0 0.00 M M 8.2 22 300 M M 6 1 25 300
16 64 49 57 -2 8 0 0.00 M M 13.9 31 300 M M 5 128 35 290
17 63 48 56 -3 9 0 0.00 M M 10.1 30 300 M M 4 128 35 290
18 70 47 59 0 6 0 0.00 M M 5.5 15 320 M M 3 18 18 300
19 71 49 60 1 5 0 0.00 M M 8.1 18 310 M M 0 18 22 300
20 70 49 60 1 5 0 0.00 M M 6.6 16 270 M M 2 8 20 250
21 75 46 61 2 4 0 0.00 M M 5.8 17 290 M M 1 18 22 250
22 67 50 59 -1 6 0 0.00 M M 7.2 20 330 M M 4 18 22 330
23 70 46 58 -2 7 0 0.00 M M 8.6 22 310 M M 0 18 25 300
24 75 48 62 2 3 0 0.00 M M 5.8 13 350 M M 0 18 17 340
25 75 51 63 3 2 0 0.00 M M 5.5 15 340 M M 5 128 21 310
26 64 55 60 0 5 0 0.00 M M 4.9 14 260 M M 10 1 18 260
27 71 53 62 2 3 0 0.00 M M 7.7 21 310 M M 6 18 24 310
28 66 50 58 -2 7 0 0.00 M M 9.9 23 310 M M 3 1 29 290
29 68 49 59 -1 6 0 0.00 M M 14.4 31 300 M M 2 1278 37 300
30 64 47 56 -4 9 0 0.00 M M 12.8 29 300 M M 0 18 34 300
31 67 45 56 -4 9 0 0.00 M M 8.4 21 310 M M 2 18 26 290
================================================================================
SM 2118 1437 233 4 0.00 M 309.5 M 71
================================================================================
AV 68.3 46.4 10.0 FASTST M M 2 MAX(MPH)
MISC ----> 38 300 46 310
================================================================================
NOTES:
# LAST OF SEVERAL OCCURRENCES
COLUMN 17 PEAK WIND IN M.P.H.
PRELIMINARY LOCAL CLIMATOLOGICAL DATA (WS FORM: F-6) , PAGE 2
STATION: SANTA MARIA AIRPORT CA
MONTH: MAY
YEAR: 2022
LATITUDE: 34 54 N
LONGITUDE: 120 27 W
[TEMPERATURE DATA] [PRECIPITATION DATA] SYMBOLS USED IN COLUMN 16
AVERAGE MONTHLY: 57.3 TOTAL FOR MONTH: 0.00 1 = FOG OR MIST
DPTR FM NORMAL: -1.7 DPTR FM NORMAL: -0.36 2 = FOG REDUCING VISIBILITY
HIGHEST: 87 ON 13 GRTST 24HR 0.00 ON 1- 1 TO 1/4 MILE OR LESS
LOWEST: 37 ON 10 3 = THUNDER
SNOW, ICE PELLETS, HAIL 4 = ICE PELLETS
TOTAL MONTH: M 5 = HAIL
GRTST 24HR M ON M 6 = FREEZING RAIN OR DRIZZLE
GRTST DEPTH: M ON M 7 = DUSTSTORM OR SANDSTORM:
VSBY 1/2 MILE OR LESS
8 = SMOKE OR HAZE
[NO. OF DAYS WITH] [WEATHER - DAYS WITH] 9 = BLOWING SNOW
X = TORNADO
MAX 32 OR BELOW: 0 0.01 INCH OR MORE: 0
MAX 90 OR ABOVE: 0 0.10 INCH OR MORE: 0
MIN 32 OR BELOW: 0 0.50 INCH OR MORE: 0
MIN 0 OR BELOW: 0 1.00 INCH OR MORE: 0
[HDD (BASE 65) ]
TOTAL THIS MO. 233 CLEAR (SCALE 0-3) 22
DPTR FM NORMAL 39 PTCLDY (SCALE 4-7) 8
TOTAL FM JUL 1 2343 CLOUDY (SCALE 8-10) 1
DPTR FM NORMAL -24
[CDD (BASE 65) ]
TOTAL THIS MO. 4
DPTR FM NORMAL -4 [PRESSURE DATA]
TOTAL FM JAN 1 32 HIGHEST SLP 30.28 ON 12
DPTR FM NORMAL 16 LOWEST SLP 29.78 ON 20
[REMARKS]
#FINAL-05-22#