000
CXUS56 KSGX 011045
CF6SNA
PRELIMINARY LOCAL CLIMATOLOGICAL DATA (WS FORM: F-6)
STATION: JOHN WAYNE AIRPORT CA
MONTH: MARCH
YEAR: 2022
LATITUDE: 33 40 N
LONGITUDE: 117 53 W
TEMPERATURE IN F: :PCPN: SNOW: WIND :SUNSHINE: SKY :PK WND
================================================================================
1 2 3 4 5 6A 6B 7 8 9 10 11 12 13 14 15 16 17 18
12Z AVG MX 2MIN
DY MAX MIN AVG DEP HDD CDD WTR SNW DPTH SPD SPD DIR MIN PSBL S-S WX SPD DR
================================================================================
1 81 52 67 8 0 2 0.00 M M 3.5 20 190 M M 0 23 190
2 78 51 65 6 0 0 0.00 M M 3.8 12 190 M M 3 15 190
3 67 51 59 0 6 0 T M M 8.0 22 190 M M 6 8 27 180
4 66 55 61 2 4 0 T M M 7.0 17 200 M M 7 25 200
5 60 53 57 -2 8 0 T M M 8.1 21 230 M M 6 30 270
6 63 46 55 -4 10 0 0.00 M M 3.7 15 200 M M 1 20 190
7 75 47 61 2 4 0 0.00 M M 5.1 24 50 M M 0 35 50
8 74 48 61 2 4 0 0.00 M M 5.2 16 200 M M 0 20 260
9 67 50 59 -1 6 0 0.00 M M 6.4 16 210 M M 1 21 190
10 67 56 62 2 3 0 0.00 M M 5.6 15 200 M M 5 18 180
11 78 56 67 7 0 2 0.00 M M 8.1 18 50 M M 0 26 80
12 75 50 63 3 2 0 0.00 M M 4.4 14 200 M M 0 19 230
13 69 52 61 1 4 0 0.00 M M 5.5 14 200 M M 2 21 210
14 73 53 63 3 2 0 0.00 M M 4.4 10 220 M M 1 18 220
15 75 53 64 4 1 0 0.00 M M 3.7 13 210 M M 4 18 16 220
16 73 57 65 5 0 0 0.00 M M 5.5 16 210 M M 3 8 20 210
17 83 55 69 9 0 4 0.00 M M 3.6 12 220 M M 4 8 17 220
18 77 56 67 7 0 2 0.00 M M 4.8 13 190 M M 0 18 220
19 69 57 63 3 2 0 0.43 M M 7.0 16 200 M M 6 1 21 200
20 73 56 65 5 0 0 T M M 5.7 17 210 M M 2 1 22 240
21 70 55 63 3 2 0 0.00 M M 5.0 14 210 M M 1 18 180
22 79 55 67 7 0 2 0.00 M M 4.1 16 190 M M 1 20 210
23 85 59 72 12 0 7 0.00 M M 2.8 14 200 M M 0 18 200
24 81 58 70 10 0 5 0.00 M M 4.1 12 210 M M 1 18 14 200
25 75 56 66 5 0 1 0.00 M M 4.7 13 220 M M 7 128 16 230
26 71 58 65 4 0 0 0.00 M M 6.9 16 200 M M 7 18 19 200
27 67 59 63 2 2 0 0.00 M M 8.9 17 190 M M 7 22 210
28 65 57 61 0 4 0 0.57 M M 9.3 24 170 M M 9 138 34 170
29 67 55 61 0 4 0 T M M 5.1 14 230 M M 4 18 230
30 68 56 62 1 3 0 0.00 M M 4.7 13 220 M M 5 17 180
31 64 59 62 1 3 0 0.00 M M 5.6 15 190 M M 9 18 180
================================================================================
SM 2235 1681 74 25 1.00 M 170.3 M 102
================================================================================
AV 72.1 54.2 5.5 FASTST M M 3 MAX(MPH)
MISC ----> # 24 50 35 50
================================================================================
NOTES:
# LAST OF SEVERAL OCCURRENCES
COLUMN 17 PEAK WIND IN M.P.H.
PRELIMINARY LOCAL CLIMATOLOGICAL DATA (WS FORM: F-6) , PAGE 2
STATION: JOHN WAYNE AIRPORT CA
MONTH: MARCH
YEAR: 2022
LATITUDE: 33 40 N
LONGITUDE: 117 53 W
[TEMPERATURE DATA] [PRECIPITATION DATA] SYMBOLS USED IN COLUMN 16
AVERAGE MONTHLY: 63.2 TOTAL FOR MONTH: 1.00 1 = FOG OR MIST
DPTR FM NORMAL: 3.2 DPTR FM NORMAL: -0.62 2 = FOG REDUCING VISIBILITY
HIGHEST: 85 ON 23 GRTST 24HR 0.57 ON 28-28 TO 1/4 MILE OR LESS
LOWEST: 46 ON 6 3 = THUNDER
SNOW, ICE PELLETS, HAIL 4 = ICE PELLETS
TOTAL MONTH: M 5 = HAIL
GRTST 24HR M ON M 6 = FREEZING RAIN OR DRIZZLE
GRTST DEPTH: M ON M 7 = DUSTSTORM OR SANDSTORM:
VSBY 1/2 MILE OR LESS
8 = SMOKE OR HAZE
[NO. OF DAYS WITH] [WEATHER - DAYS WITH] 9 = BLOWING SNOW
X = TORNADO
MAX 32 OR BELOW: 0 0.01 INCH OR MORE: 2
MAX 90 OR ABOVE: 0 0.10 INCH OR MORE: 2
MIN 32 OR BELOW: 0 0.50 INCH OR MORE: 1
MIN 0 OR BELOW: 0 1.00 INCH OR MORE: 0
[HDD (BASE 65) ]
TOTAL THIS MO. 74 CLEAR (SCALE 0-3) 15
DPTR FM NORMAL -91 PTCLDY (SCALE 4-7) 14
TOTAL FM JUL 1 619 CLOUDY (SCALE 8-10) 2
DPTR FM NORMAL -333
[CDD (BASE 65) ]
TOTAL THIS MO. 25
DPTR FM NORMAL 15 [PRESSURE DATA]
TOTAL FM JAN 1 71 HIGHEST SLP 30.30 ON 11
DPTR FM NORMAL 47 LOWEST SLP 29.76 ON 28
[REMARKS]
#FINAL-03-22#