000
CXAK56 PAFC 010957
CF6SNP
PRELIMINARY LOCAL CLIMATOLOGICAL DATA (WS FORM: F-6)
STATION: SAINT PAUL ISLAND
MONTH: AUGUST
YEAR: 2022
LATITUDE: 57 9 N
LONGITUDE: 170 13 W
TEMPERATURE IN F: :PCPN: SNOW: WIND :SUNSHINE: SKY :PK WND
================================================================================
1 2 3 4 5 6A 6B 7 8 9 10 11 12 13 14 15 16 17 18
12Z AVG MX 2MIN
DY MAX MIN AVG DEP HDD CDD WTR SNW DPTH SPD SPD DIR MIN PSBL S-S WX SPD DR
================================================================================
1 53 45 49 0 16 0 0.00 M M 14.8 22 250 M M 10 12 28 250
2 50 46 48 -1 17 0 0.14 M M 11.0 23 90 M M 10 1 27 90
3 51 47 49 0 16 0 0.03 M M 17.8 30 200 M M 10 12 39 200
4 51 47 49 0 16 0 T M M 18.1 28 210 M M 10 12 36 210
5 53 45 49 0 16 0 0.00 M M 15.1 28 260 M M 10 12 33 260
6 49 44 47 -3 18 0 0.00 M M 10.1 22 240 M M 10 12 28 240
7 51 47 49 -1 16 0 0.01 M M 19.9 26 250 M M 10 12 34 250
8 51 42 47 -3 18 0 0.20 M M 12.3 22 240 M M 8 1 27 240
9 50 37 44 -6 21 0 T M M 15.5 25 10 M M 8 18 30 20
10 58 43 51 1 14 0 0.00 M M 18.8 25 320 M M 6 31 320
11 54 47 51 1 14 0 0.00 M M 14.7 21 260 M M 9 26 300
12 50 46 48 -2 17 0 0.15 M M 9.5 16 280 M M 10 1 21 290
13 55 46 51 1 14 0 0.00 M M 10.2 15 310 M M 10 12 19 340
14 51 42 47 -3 18 0 T M M 15.8 23 330 M M 9 1 28 330
15 54 43 49 -1 16 0 0.00 M M 13.8 21 250 M M 4 24 260
16 49 43 46 -4 19 0 0.00 M M 9.6 18 60 M M 9 1 23 50
17 51 41 46 -4 19 0 0.00 M M 9.3 16 10 M M 8 18 20 40
18 48 43 46 -4 19 0 0.19 M M 19.1 30 110 M M 10 1 38 110
19 50 46 48 -2 17 0 0.09 M M 11.1 18 120 M M 10 12 24 120
20 51 46 49 -1 16 0 0.02 M M 22.4 31 350 M M 10 1 38 330
21 48 44 46 -4 19 0 0.02 M M 24.5 31 330 M M 10 1 37 340
22 49 43 46 -4 19 0 T M M 17.8 25 340 M M 10 1 30 360
23 48 42 45 -5 20 0 0.00 M M 6.4 10 50 M M 10 12 13 50
24 47 44 46 -4 19 0 0.08 M M 14.0 28 190 M M 10 12 32 190
25 52 46 49 -1 16 0 T M M 20.3 28 240 M M 10 12 35 240
26 50 47 49 -1 16 0 T M M 19.9 26 250 M M 10 1 34 240
27 53 47 50 1 15 0 0.04 M M 18.8 29 320 M M 10 1 36 310
28 52 43 48 -1 17 0 0.01 M M 18.2 29 350 M M 10 18 34 350
29 51 41 46 -3 19 0 0.17 M M 10.6 23 180 M M 10 1 27 180
30 52 48 50 1 15 0 0.12 M M 20.7 26 230 M M 10 1 34 230
31 53 47 50 1 15 0 0.01 M M 22.3 29 240 M M 10 18 39 230
================================================================================
SM 1585 1378 527 0 1.28 M 482.4 M 291
================================================================================
AV 51.1 44.5 15.6 FASTST M M 9 MAX(MPH)
MISC ----> # 31 350 # 39 200
================================================================================
NOTES:
# LAST OF SEVERAL OCCURRENCES
COLUMN 17 PEAK WIND IN M.P.H.
PRELIMINARY LOCAL CLIMATOLOGICAL DATA (WS FORM: F-6) , PAGE 2
STATION: SAINT PAUL ISLAND
MONTH: AUGUST
YEAR: 2022
LATITUDE: 57 9 N
LONGITUDE: 170 13 W
[TEMPERATURE DATA] [PRECIPITATION DATA] SYMBOLS USED IN COLUMN 16
AVERAGE MONTHLY: 47.8 TOTAL FOR MONTH: 1.28 1 = FOG OR MIST
DPTR FM NORMAL: -1.7 DPTR FM NORMAL: -1.78 2 = FOG REDUCING VISIBILITY
HIGHEST: 58 ON 10 GRTST 24HR 0.25 ON 29-30 TO 1/4 MILE OR LESS
LOWEST: 37 ON 9 3 = THUNDER
SNOW, ICE PELLETS, HAIL 4 = ICE PELLETS
TOTAL MONTH: M 5 = HAIL
GRTST 24HR M ON M 6 = FREEZING RAIN OR DRIZZLE
GRTST DEPTH: M ON M 7 = DUSTSTORM OR SANDSTORM:
VSBY 1/2 MILE OR LESS
8 = SMOKE OR HAZE
[NO. OF DAYS WITH] [WEATHER - DAYS WITH] 9 = BLOWING SNOW
X = TORNADO
MAX 32 OR BELOW: 0 0.01 INCH OR MORE: 15
MAX 90 OR ABOVE: 0 0.10 INCH OR MORE: 6
MIN 32 OR BELOW: 0 0.50 INCH OR MORE: 0
MIN 0 OR BELOW: 0 1.00 INCH OR MORE: 0
[HDD (BASE 65) ]
TOTAL THIS MO. 527 CLEAR (SCALE 0-3) 0
DPTR FM NORMAL 48 PTCLDY (SCALE 4-7) 4
TOTAL FM JUL 1 1068 CLOUDY (SCALE 8-10) 27
DPTR FM NORMAL 60
[CDD (BASE 65) ]
TOTAL THIS MO. 0
DPTR FM NORMAL 0 [PRESSURE DATA]
TOTAL FM JAN 1 0 HIGHEST SLP M ON M
DPTR FM NORMAL 0 LOWEST SLP 29.37 ON 19
[REMARKS]
#FINAL-08-22#