000
CXUS56 KMTR 011000
CF6SNS
PRELIMINARY LOCAL CLIMATOLOGICAL DATA (WS FORM: F-6)
STATION: SALINAS AIRPORT
MONTH: NOVEMBER
YEAR: 2022
LATITUDE: 36 40 N
LONGITUDE: 121 36 W
TEMPERATURE IN F: :PCPN: SNOW: WIND :SUNSHINE: SKY :PK WND
================================================================================
1 2 3 4 5 6A 6B 7 8 9 10 11 12 13 14 15 16 17 18
12Z AVG MX 2MIN
DY MAX MIN AVG DEP HDD CDD WTR SNW DPTH SPD SPD DIR MIN PSBL S-S WX SPD DR
================================================================================
1 66 49 58 -1 7 0 0.23 M M 8.3 22 140 M M 6 1 28 280
2 61 43 52 -7 13 0 T M M 7.6 16 280 M M 3 8 M M
3 60 41 51 -8 14 0 0.00 M M 5.0 16 290 M M 0 29 270
4 67 39 53 -6 12 0 0.00 M M 5.6 17 280 M M 2 1 20 280
5 67 47 57 -1 8 0 0.00 M M 4.7 13 300 M M 9 12 16 300
6 62 53 58 0 7 0 0.03 M M 6.7 13 130 M M 7 1 18 310
7 62 50 56 -2 9 0 0.23 M M 7.4 20 140 M M 7 1 26 130
8 57 47 52 -6 13 0 0.90 M M 11.5 25 130 M M 7 1 34 140
9 59 44 52 -6 13 0 0.06 M M 6.1 12 280 M M 4 M M
10 64 40 52 -5 13 0 0.00 M M 1.4 9 40 M M 0 1 12 40
11 64 39 52 -5 13 0 0.00 M M 5.2 16 310 M M 0 20 310
12 60 40 50 -7 15 0 0.00 M M 6.0 15 300 M M 2 8 20 300
13 62 41 52 -5 13 0 0.00 M M 4.1 13 280 M M 0 17 280
14 64 41 53 -3 12 0 0.00 M M 5.4 15 280 M M 1 19 310
15 68 40 54 -2 11 0 0.00 M M 4.7 12 130 M M 0 13 130
16 73 39 56 0 9 0 0.00 M M 5.8 14 280 M M 0 18 160
17 70 41 56 0 9 0 0.00 M M 7.3 16 130 M M 0 20 120
18 64 38 51 -5 14 0 0.00 M M 3.8 14 280 M M 0 19 300
19 72 38 55 0 10 0 0.00 M M 9.2 25 130 M M 0 31 130
20 74 43 59 4 6 0 0.00 M M 8.9 21 130 M M 0 26 130
21 71 44 58 3 7 0 0.00 M M 9.8 22 120 M M 0 26 130
22 69 41 55 1 10 0 0.00 M M 7.6 18 300 M M 0 22 300
23 74 40 57 3 8 0 0.00 M M 4.8 15 290 M M 0 1 18 290
24 76 43 60 6 5 0 0.00 M M 9.6 23 120 M M 0 29 130
25 76 42 59 5 6 0 0.00 M M 6.3 17 130 M M 0 20 130
26 67 39 53 -1 12 0 0.00 M M 5.9 14 290 M M 1 12 18 300
27 71 39 55 2 10 0 0.00 M M 6.5 16 300 M M 1 12 21 280
28 60 41 51 -2 14 0 0.00 M M 7.0 21 270 M M 4 128 28 250
29 62 37 50 -3 15 0 0.00 M M 3.2 16 280 M M 0 19 280
30 59 37 48 -5 17 0 0.00 M M 7.4 15 130 M M 0 19 130
================================================================================
SM 1981 1256 325 0 1.45 M 192.8 M 54
================================================================================
AV 66.0 41.9 6.4 FASTST M M 2 MAX(MPH)
MISC ----> # 25 130 34 140
================================================================================
NOTES:
# LAST OF SEVERAL OCCURRENCES
COLUMN 17 PEAK WIND IN M.P.H.
PRELIMINARY LOCAL CLIMATOLOGICAL DATA (WS FORM: F-6) , PAGE 2
STATION: SALINAS AIRPORT
MONTH: NOVEMBER
YEAR: 2022
LATITUDE: 36 40 N
LONGITUDE: 121 36 W
[TEMPERATURE DATA] [PRECIPITATION DATA] SYMBOLS USED IN COLUMN 16
AVERAGE MONTHLY: 54.0 TOTAL FOR MONTH: 1.45 1 = FOG OR MIST
DPTR FM NORMAL: -2.2 DPTR FM NORMAL: 0.19 2 = FOG REDUCING VISIBILITY
HIGHEST: 76 ON 25,24 GRTST 24HR 0.90 ON 8- 8 TO 1/4 MILE OR LESS
LOWEST: 37 ON 30,29 3 = THUNDER
SNOW, ICE PELLETS, HAIL 4 = ICE PELLETS
TOTAL MONTH: M 5 = HAIL
GRTST 24HR M ON M 6 = FREEZING RAIN OR DRIZZLE
GRTST DEPTH: M ON M 7 = DUSTSTORM OR SANDSTORM:
VSBY 1/2 MILE OR LESS
8 = SMOKE OR HAZE
[NO. OF DAYS WITH] [WEATHER - DAYS WITH] 9 = BLOWING SNOW
X = TORNADO
MAX 32 OR BELOW: 0 0.01 INCH OR MORE: 5
MAX 90 OR ABOVE: 0 0.10 INCH OR MORE: 3
MIN 32 OR BELOW: 0 0.50 INCH OR MORE: 1
MIN 0 OR BELOW: 0 1.00 INCH OR MORE: 0
[HDD (BASE 65) ]
TOTAL THIS MO. 325 CLEAR (SCALE 0-3) 23
DPTR FM NORMAL 52 PTCLDY (SCALE 4-7) 6
TOTAL FM JUL 1 475 CLOUDY (SCALE 8-10) 1
DPTR FM NORMAL -128
[CDD (BASE 65) ]
TOTAL THIS MO. 0
DPTR FM NORMAL -5 [PRESSURE DATA]
TOTAL FM JAN 1 397 HIGHEST SLP M ON M
DPTR FM NORMAL 264 LOWEST SLP 29.62 ON 8
[REMARKS]
#FINAL-11-22#