419
CXUS56 KMTR 020218
CF6SNS
PRELIMINARY LOCAL CLIMATOLOGICAL DATA (WS FORM: F-6)
STATION: SALINAS AIRPORT
MONTH: MAY
YEAR: 2020
LATITUDE: 36 40 N
LONGITUDE: 121 36 W
TEMPERATURE IN F: :PCPN: SNOW: WIND :SUNSHINE: SKY :PK WND
================================================================================
1 2 3 4 5 6A 6B 7 8 9 10 11 12 13 14 15 16 17 18
12Z AVG MX 2MIN
DY MAX MIN AVG DEP HDD CDD WTR SNW DPTH SPD SPD DIR MIN PSBL S-S WX SPD DR
================================================================================
1 70 46 58 0 7 0 0.00 M M 8.1 18 290 M M 0 24 270
2 71 53 62 4 3 0 0.00 M M 9.0 21 310 M M 5 1 25 310
3 67 52 60 2 5 0 0.00 M M 8.9 18 260 M M 3 1 23 300
4 77 43 60 2 5 0 0.00 M M 7.3 22 290 M M 0 26 290
5 73 46 60 2 5 0 0.00 M M 9.2 20 270 M M 1 18 23 270
6 77 53 65 6 0 0 0.00 0.0 M 8.2 17 310 M M 1 21 300
7 77 47 62 3 3 0 0.00 M M 6.8 16 290 M M 0 20 310
8 88 51 70 11 0 5 0.00 M M 7.9 17 310 M M 2 18 22 330
9 69 51 60 1 5 0 0.00 M M 6.9 18 330 M M 7 18 23 330
10 65 53 59 0 6 0 0.00 M M 8.0 20 310 M M 3 25 310
11 73 51 62 3 3 0 T M M 10.4 24 360 M M 9 29 350
12 67 53 60 1 5 0 0.06 M M 7.8 18 290 M M 6 1 24 310
13 71 50 61 2 4 0 0.00 M M 6.9 18 330 M M 5 24 330
14 72 53 63 4 2 0 0.00 M M 7.3 18 310 M M 4 26 290
15 71 56 64 5 1 0 0.00 M M 10.4 21 270 M M 4 25 280
16 73 52 63 4 2 0 0.00 M M 7.9 20 310 M M 0 25 320
17 75 56 66 6 0 1 T 0.0 M 10.1 22 250 M M 6 29 250
18 69 56 63 3 2 0 0.01 0.0 M 10.2 22 290 M M 5 29 310
19 68 51 60 0 5 0 T M M 9.1 22 290 M M 3 1 30 290
20 66 56 61 1 4 0 0.00 M M 9.9 16 270 M M 8 21 280
21 68 50 59 -1 6 0 0.00 M M 7.8 20 300 M M 2 1 23 300
22 64 54 59 -1 6 0 0.00 M M 13.5 21 270 M M 2 27 270
23 71 49 60 0 5 0 0.00 M M 7.7 22 290 M M 3 18 26 290
24 79 47 63 3 2 0 0.00 0.0 M 5.7 16 320 M M 0 1 20 330
25 91 54 73 13 0 8 0.00 0.0 M 7.3 18 310 M M 0 22 290
26 90 56 73 13 0 8 0.00 M M 6.9 17 320 M M 0 18 20 320
27 81 58 70 10 0 5 0.00 M M 3.1 12 310 M M 0 8 M M
28 74 56 65 5 0 0 0.00 M M 9.0 20 320 M M 6 24 310
29 70 57 64 4 1 0 T M M 10.6 24 360 M M 8 1 31 10
30 70 61 66 6 0 1 0.09 M M 12.2 28 140 M M 9 1 34 150
31 69 56 63 3 2 0 T M M 6.6 15 310 M M 6 19 290
================================================================================
SM 2266 1627 89 28 0.16 0.0 260.7 M 108
================================================================================
AV 73.1 52.5 8.4 FASTST M M 3 MAX(MPH)
MISC ----> 28 140 34 150
================================================================================
NOTES:
# LAST OF SEVERAL OCCURRENCES
COLUMN 17 PEAK WIND IN M.P.H.
PRELIMINARY LOCAL CLIMATOLOGICAL DATA (WS FORM: F-6) , PAGE 2
STATION: SALINAS AIRPORT
MONTH: MAY
YEAR: 2020
LATITUDE: 36 40 N
LONGITUDE: 121 36 W
[TEMPERATURE DATA] [PRECIPITATION DATA] SYMBOLS USED IN COLUMN 16
AVERAGE MONTHLY: 62.8 TOTAL FOR MONTH: 0.16 1 = FOG OR MIST
DPTR FM NORMAL: 3.5 DPTR FM NORMAL: -0.19 2 = FOG REDUCING VISIBILITY
HIGHEST: 91 ON 25 GRTST 24HR 0.09 ON 30-30 TO 1/4 MILE OR LESS
LOWEST: 43 ON 4 3 = THUNDER
SNOW, ICE PELLETS, HAIL 4 = ICE PELLETS
TOTAL MONTH: 0.0 INCH 5 = HAIL
GRTST 24HR 0.0 6 = FREEZING RAIN OR DRIZZLE
GRTST DEPTH: M ON M 7 = DUSTSTORM OR SANDSTORM:
VSBY 1/2 MILE OR LESS
8 = SMOKE OR HAZE
[NO. OF DAYS WITH] [WEATHER - DAYS WITH] 9 = BLOWING SNOW
X = TORNADO
MAX 32 OR BELOW: 0 0.01 INCH OR MORE: 3
MAX 90 OR ABOVE: 2 0.10 INCH OR MORE: 0
MIN 32 OR BELOW: 0 0.50 INCH OR MORE: 0
MIN 0 OR BELOW: 0 1.00 INCH OR MORE: 0
[HDD (BASE 65) ]
TOTAL THIS MO. 89 CLEAR (SCALE 0-3) 15
DPTR FM NORMAL -95 PTCLDY (SCALE 4-7) 14
TOTAL FM JUL 1 2242 CLOUDY (SCALE 8-10) 2
DPTR FM NORMAL -330
[CDD (BASE 65) ]
TOTAL THIS MO. 28
DPTR FM NORMAL 19 [PRESSURE DATA]
TOTAL FM JAN 1 29 HIGHEST SLP 30.22 ON 6
DPTR FM NORMAL 13 LOWEST SLP 29.85 ON 18
[REMARKS]
#FINAL-05-20#