000
CXUS56 KMTR 010838
CLMSNS
CLIMATE REPORT
NATIONAL WEATHER SERVICE SAN FRANCISCO BAY AREA
138 AM PDT WED NOV 01 2023
...................................
...THE SALINAS AIRPORT CLIMATE SUMMARY FOR THE MONTH OF OCTOBER 2023...
CLIMATE NORMAL PERIOD: 1991 TO 2020
CLIMATE RECORD PERIOD: 1930 TO 2023
WEATHER OBSERVED NORMAL DEPART LAST YEAR`S
VALUE DATE(S) VALUE FROM VALUE DATE(S)
NORMAL
................................................................
TEMPERATURE (F)
RECORD
HIGH 105 10/05/1987
10/01/1980
LOW 28 10/31/1935
HIGHEST 98 10/06 97 10/19
LOWEST 38 10/29 40 10/27
AVG. MAXIMUM 77.5 73.7 3.8 71.5
AVG. MINIMUM 52.1 49.6 2.5 51.5
MEAN 64.8 61.6 3.2 61.5
DAYS MAX >= 90 5 1
DAYS MAX <= 32 0 0
DAYS MIN <= 32 0 0
DAYS MIN <= 0 0 0
PRECIPITATION (INCHES)
TOTALS 0.22 0.60 -0.38 0.01
DAILY AVG. 0.01 0.00
DAYS >= .01 4 1
DAYS >= .10 1 0
DAYS >= .50 0 0
DAYS >= 1.00 0 0
GREATEST
24 HR. TOTAL 0.15 10/22 TO 10/23 0.01 10/22 TO 10/22
DEGREE DAYS
HEATING TOTAL 64 131 -67 121
SINCE 7/1 121 332 -211 MM
COOLING TOTAL 66 27 39 25
SINCE 1/1 172 128 44 MM
................................................................
WIND (MPH)
AVERAGE WIND SPEED 6.7
RESULTANT WIND SPEED/DIRECTION 2/290
HIGHEST WIND SPEED/DIRECTION 23/130 DATE 10/13
HIGHEST GUST SPEED/DIRECTION 29/140 DATE 10/13
SKY COVER
POSSIBLE SUNSHINE (PERCENT) MM
AVERAGE SKY COVER 0.30
NUMBER OF DAYS FAIR 18
NUMBER OF DAYS PC 11
NUMBER OF DAYS CLOUDY 2
AVERAGE RH (PERCENT) 64
WEATHER CONDITIONS. NUMBER OF DAYS WITH
THUNDERSTORM 0 MIXED PRECIP 0
HEAVY RAIN 2 RAIN 3
LIGHT RAIN 4 FREEZING RAIN 0
LT FREEZING RAIN 0 HAIL 0
HEAVY SNOW 0 SNOW 0
LIGHT SNOW 0 SLEET 0
FOG 18 FOG W/VIS <= 1/4 MILE 9
HAZE 3
- INDICATES NEGATIVE NUMBERS.
R INDICATES RECORD WAS SET OR TIED.
MM INDICATES DATA IS MISSING.
T INDICATES TRACE AMOUNT.
$$