000
CXUS55 KPIH 012346
CF6SNT
PRELIMINARY LOCAL CLIMATOLOGICAL DATA (WS FORM: F-6)
STATION: STANLEY
MONTH: MAY
YEAR: 2023
LATITUDE: 44 10 N
LONGITUDE: 114 56 W
TEMPERATURE IN F: :PCPN: SNOW: WIND :SUNSHINE: SKY :PK WND
================================================================================
1 2 3 4 5 6A 6B 7 8 9 10 11 12 13 14 15 16 17 18
12Z AVG MX 2MIN
DY MAX MIN AVG DEP HDD CDD WTR SNW DPTH SPD SPD DIR MIN PSBL S-S WX SPD DR
================================================================================
1 69 29 49 9 16 0 0.00 M M 5.1 17 150 M M 0 28 140
2 65 29 47 7 18 0 0.00 M M 4.9 20 160 M M 0 31 180
3 68 26 47 6 18 0 0.00 M M 3.7 16 180 M M 0 26 170
4 56 29 43 2 22 0 0.06 M M 4.3 20 150 M M 0 34 170
5 50 32 41 -1 24 0 0.02 M M 8.3 20 150 M M 0 39 140
6 52 33 43 1 22 0 0.12 M M 3.3 13 240 M M 0 20 240
7 46 28 37 -5 28 0 0.28 M M 3.7 18 140 M M 0 31 140
8 54 25 40 -3 25 0 0.18 M M 2.6 13 220 M M 0 22 220
9 47 26 37 -6 28 0 0.49 M M 3.6 12 180 M M 0 19 180
10 59 23 41 -3 24 0 0.00 M M 2.7 13 340 M M 0 22 320
11 62 24 43 -1 22 0 0.00 M M 3.3 13 10 M M 0 20 30
12 66 27 47 3 18 0 0.00 M M 3.9 14 10 M M 0 24 350
13 62 28 45 1 20 0 0.00 M M 3.7 17 50 M M 0 27 350
14 64 31 48 3 17 0 0.00 M M 4.9 16 150 M M 0 26 150
15 67 38 53 8 12 0 0.02 M M 5.8 16 160 M M 0 29 220
16 68 31 50 5 15 0 0.00 M M 3.9 16 340 M M 0 26 350
17 66 32 49 3 16 0 0.00 M M 3.6 15 210 M M 0 23 220
18 73 32 53 7 12 0 0.03 M M 3.7 25 180 M M 0 33 180
19 75 32 54 8 11 0 0.00 M M 3.6 9 270 M M 0 M M
20 77 33 55 9 10 0 0.00 M M 4.5 12 170 M M 0 22 250
21 77 36 57 10 8 0 0.06 M M 4.6 17 320 M M 0 25 320
22 66 40 53 6 12 0 0.09 M M 4.4 13 190 M M 0 25 230
23 65 35 50 3 15 0 0.05 M M 4.8 18 150 M M 0 29 150
24 59 38 49 2 16 0 0.23 M M 2.0 10 350 M M 0 17 340
25 60 39 50 2 15 0 0.00 M M 3.3 18 150 M M 0 29 150
26 60 38 49 1 16 0 0.51 M M 3.6 18 170 M M 0 25 170
27 56 39 48 0 17 0 0.14 M M 3.2 15 260 M M 0 23 240
28 64 36 50 2 15 0 0.00 M M 3.6 12 320 M M 0 18 330
29 70 33 52 4 13 0 0.00 M M 3.7 12 200 M M 0 19 220
30 71 33 52 4 13 0 0.00 M M 3.7 13 150 M M 0 23 160
31 69 42 56 7 9 0 0.00 M M 2.5 17 260 M M 0 27 250
================================================================================
SM 1963 997 527 0 2.28 M 122.5 M 0
================================================================================
AV 63.3 32.2 4.0 FASTST M M 0 MAX(MPH)
MISC ----> 25 180 39 140
================================================================================
NOTES:
# LAST OF SEVERAL OCCURRENCES
COLUMN 17 PEAK WIND IN M.P.H.
PRELIMINARY LOCAL CLIMATOLOGICAL DATA (WS FORM: F-6) , PAGE 2
STATION: STANLEY
MONTH: MAY
YEAR: 2023
LATITUDE: 44 10 N
LONGITUDE: 114 56 W
[TEMPERATURE DATA] [PRECIPITATION DATA] SYMBOLS USED IN COLUMN 16
AVERAGE MONTHLY: 47.7 TOTAL FOR MONTH: 2.28 1 = FOG OR MIST
DPTR FM NORMAL: 2.7 DPTR FM NORMAL: 0.79 2 = FOG REDUCING VISIBILITY
HIGHEST: 77 ON 21,20 GRTST 24HR 0.67 ON 8- 9 TO 1/4 MILE OR LESS
LOWEST: 23 ON 10 3 = THUNDER
SNOW, ICE PELLETS, HAIL 4 = ICE PELLETS
TOTAL MONTH: M 5 = HAIL
GRTST 24HR M ON M 6 = FREEZING RAIN OR DRIZZLE
GRTST DEPTH: M ON M 7 = DUSTSTORM OR SANDSTORM:
VSBY 1/2 MILE OR LESS
8 = SMOKE OR HAZE
[NO. OF DAYS WITH] [WEATHER - DAYS WITH] 9 = BLOWING SNOW
X = TORNADO
MAX 32 OR BELOW: 0 0.01 INCH OR MORE: 14
MAX 90 OR ABOVE: 0 0.10 INCH OR MORE: 7
MIN 32 OR BELOW: 17 0.50 INCH OR MORE: 1
MIN 0 OR BELOW: 0 1.00 INCH OR MORE: 0
[HDD (BASE 65) ]
TOTAL THIS MO. 527 CLEAR (SCALE 0-3) 31
DPTR FM NORMAL -93 PTCLDY (SCALE 4-7) 0
TOTAL FM JUL 1 10139 CLOUDY (SCALE 8-10) 0
DPTR FM NORMAL 481
[CDD (BASE 65) ]
TOTAL THIS MO. 0
DPTR FM NORMAL 0 [PRESSURE DATA]
TOTAL FM JAN 1 0 HIGHEST SLP 30.26 ON 13
DPTR FM NORMAL 0 LOWEST SLP 29.49 ON 1
[REMARKS]
9TH: RAINFALL OF 0.49 INCHES BREAKS PREVIOUS RECORD OF 0.40 SET IN
2005.
20TH: HIGH OF 77 TIES OLD RECORD OF 77 SET IN 1919.
21ST: HIGH OF 77 TIES OLD RECORD OF 77 SET IN 1980.
#FINAL-05-23#