000
CXUS55 KPIH 051445
CF6SNT
PRELIMINARY LOCAL CLIMATOLOGICAL DATA (WS FORM: F-6)
STATION: STANLEY
MONTH: JANUARY
YEAR: 2022
LATITUDE: 44 10 N
LONGITUDE: 114 56 W
TEMPERATURE IN F: :PCPN: SNOW: WIND :SUNSHINE: SKY :PK WND
================================================================================
1 2 3 4 5 6A 6B 7 8 9 10 11 12 13 14 15 16 17 18
12Z AVG MX 2MIN
DY MAX MIN AVG DEP HDD CDD WTR SNW DPTH SPD SPD DIR MIN PSBL S-S WX SPD DR
================================================================================
1 7 -29 -11 -27 76 0 0.00 M M 1.2 6 160 M M 0 9 140
2 26 -7 10 -6 55 0 0.00 M M 1.7 14 140 M M 0 24 170
3 35 -3 16 0 49 0 0.20 M M 7.9 21 130 M M 0 38 170
4 26 20 23 7 42 0 0.21 M M 4.5 16 300 M M 0 28 310
5 31 23 27 11 38 0 0.33 M M 4.1 16 320 M M 0 34 270
6 36 23 30 14 35 0 0.39 M M 4.7 15 170 M M 0 25 130
7 38 21 30 14 35 0 0.50 M M 5.3 17 210 M M 0 31 240
8 26 -5 11 -5 54 0 0.00 M M 2.7 8 110 M M 0 13 130
9 14 -17 -1 -17 66 0 0.00 M M 0.9 7 110 M M 0 9 110
10 14 -21 -3 -19 68 0 0.00 M M 1.2 7 110 M M 0 10 320
11 23 -10 7 -10 58 0 0.00 M M 1.3 8 110 M M 0 12 120
12 33 8 21 4 44 0 0.00 M M 1.8 8 90 M M 0 11 90
13 32 5 19 2 46 0 0.00 M M 1.4 10 10 M M 0 15 10
14 30 5 18 1 47 0 0.00 M M 1.2 6 110 M M 0 9 130
15 20 -7 7 -10 58 0 0.00 M M 0.7 9 150 M M 0 13 150
16 29 0 15 -2 50 0 0.00 M M 1.1 7 80 M M 0 9 70
17 32 6 19 2 46 0 0.00 M M 0.5 6 190 M M 0 8 130
18 36 6 21 4 44 0 0.00 M M 1.5 8 80 M M 0 10 60
19 33 0 17 0 48 0 0.00 M M 2.0 7 130 M M 0 11 130
20 28 -1 14 -3 51 0 0.28 M M 1.4 9 90 M M 0 11 90
21 34 3 19 2 46 0 0.02 M M 1.5 7 320 M M 0 12 320
22 28 -5 12 -5 53 0 0.00 M M 1.9 8 100 M M 0 10 90
23 26 -5 11 -6 54 0 0.00 M M 1.1 6 150 M M 0 8 140
24 35 -3 16 -1 49 0 0.07 M M 2.3 13 360 M M 0 20 360
25 27 -4 12 -6 53 0 0.00 M M 1.1 8 120 M M 0 12 110
26 27 -9 9 -9 56 0 0.00 M M 0.7 13 140 M M 0 21 150
27 19 -18 1 -17 64 0 0.00 M M 1.0 7 90 M M 0 9 90
28 20 -20 0 -18 65 0 0.00 M M 0.1 6 170 M M 0 8 140
29 27 -18 5 -13 60 0 0.00 M M 1.6 8 110 M M 0 12 110
30 30 -17 7 -11 58 0 0.00 M M 1.2 14 130 M M 0 20 120
31 37 2 20 2 45 0 0.15 M M 5.7 17 240 M M 0 31 280
================================================================================
SM 859 -77 1613 0 2.15 M 65.3 M 0
================================================================================
AV 27.7 -2.5 2.1 FASTST M M 0 MAX(MPH)
MISC ----> 21 130 38 170
================================================================================
NOTES:
# LAST OF SEVERAL OCCURRENCES
COLUMN 17 PEAK WIND IN M.P.H.
PRELIMINARY LOCAL CLIMATOLOGICAL DATA (WS FORM: F-6) , PAGE 2
STATION: STANLEY
MONTH: JANUARY
YEAR: 2022
LATITUDE: 44 10 N
LONGITUDE: 114 56 W
[TEMPERATURE DATA] [PRECIPITATION DATA] SYMBOLS USED IN COLUMN 16
AVERAGE MONTHLY: 12.6 TOTAL FOR MONTH: 2.15 1 = FOG OR MIST
DPTR FM NORMAL: -4.3 DPTR FM NORMAL: 0.41 2 = FOG REDUCING VISIBILITY
HIGHEST: 38 ON 7 GRTST 24HR 0.50 ON 7- 7 TO 1/4 MILE OR LESS
LOWEST: -29 ON 1 3 = THUNDER
SNOW, ICE PELLETS, HAIL 4 = ICE PELLETS
TOTAL MONTH: M 5 = HAIL
GRTST 24HR M ON M 6 = FREEZING RAIN OR DRIZZLE
GRTST DEPTH: M ON M 7 = DUSTSTORM OR SANDSTORM:
VSBY 1/2 MILE OR LESS
8 = SMOKE OR HAZE
[NO. OF DAYS WITH] [WEATHER - DAYS WITH] 9 = BLOWING SNOW
X = TORNADO
MAX 32 OR BELOW: 22 0.01 INCH OR MORE: 9
MAX 90 OR ABOVE: 0 0.10 INCH OR MORE: 7
MIN 32 OR BELOW: 31 0.50 INCH OR MORE: 1
MIN 0 OR BELOW: 20 1.00 INCH OR MORE: 0
[HDD (BASE 65) ]
TOTAL THIS MO. 1613 CLEAR (SCALE 0-3) 31
DPTR FM NORMAL 123 PTCLDY (SCALE 4-7) 0
TOTAL FM JUL 1 5303 CLOUDY (SCALE 8-10) 0
DPTR FM NORMAL -458
[CDD (BASE 65) ]
TOTAL THIS MO. 0
DPTR FM NORMAL 0 [PRESSURE DATA]
TOTAL FM JAN 1 0 HIGHEST SLP 31.01 ON 28
DPTR FM NORMAL 0 LOWEST SLP 29.45 ON 7
[REMARKS]
7TH: RAINFALL OF 0.50 BREAKS THE OLD RECORD OF 0.24 SET IN 1971.
#FINAL-01-22#