000
CXUS55 KPIH 020022
CF6SNT
PRELIMINARY LOCAL CLIMATOLOGICAL DATA (WS FORM: F-6)
STATION: STANLEY
MONTH: DECEMBER
YEAR: 2021
LATITUDE: 44 10 N
LONGITUDE: 114 56 W
TEMPERATURE IN F: :PCPN: SNOW: WIND :SUNSHINE: SKY :PK WND
================================================================================
1 2 3 4 5 6A 6B 7 8 9 10 11 12 13 14 15 16 17 18
12Z AVG MX 2MIN
DY MAX MIN AVG DEP HDD CDD WTR SNW DPTH SPD SPD DIR MIN PSBL S-S WX SPD DR
================================================================================
1 51 26 39 19 26 0 0.00 M M 2.6 8 130 M M 0 10 130
2 56 26 41 22 24 0 0.00 M M 2.0 10 350 M M 0 13 150
3 49 22 36 17 29 0 0.00 M M 1.7 8 140 M M 0 13 120
4 50 21 36 17 29 0 0.00 M M 4.5 15 230 M M 0 28 230
5 43 17 30 12 35 0 0.00 M M 6.8 17 340 M M 0 30 320
6 31 16 24 6 41 0 0.04 M M 1.2 6 210 M M 0 9 200
7 40 16 28 10 37 0 0.00 M M 2.3 9 350 M M 0 17 340
8 41 15 28 10 37 0 0.04 M M 4.9 17 230 M M 0 29 320
9 26 8 17 0 48 0 0.00 M M 4.0 12 310 M M 0 18 330
10 24 3 14 -3 51 0 0.03 M M 2.8 12 310 M M 0 19 310
11 30 19 25 8 40 0 0.08 M M 10.9 18 150 M M 0 34 150
12 33 26 30 13 35 0 0.38 M M 9.9 17 150 M M 0 32 160
13 33 30 32 15 33 0 0.42 M M 11.6 18 130 M M 0 34 130
14 31 18 25 9 40 0 0.41 M M 7.9 17 140 M M 0 29 140
15 18 -10 4 -12 61 0 0.00 M M 2.6 14 140 M M 0 25 150
16 24 11 18 2 47 0 0.11 M M 3.4 13 150 M M 0 24 150
17 26 -6 10 -6 55 0 0.03 M M 3.5 10 310 M M 0 17 280
18 26 -6 10 -6 55 0 0.00 M M 1.9 12 110 M M 0 18 120
19 34 13 24 8 41 0 0.43 M M 6.2 16 150 M M 0 27 160
20 40 26 33 17 32 0 0.04 M M 5.2 14 210 M M 0 26 200
21 35 12 24 8 41 0 0.00 M M 1.4 10 110 M M 0 16 130
22 34 12 23 7 42 0 0.14 M M 4.5 12 170 M M 0 19 140
23 33 27 30 14 35 0 0.64 M M 8.6 18 250 M M 0 33 260
24 29 16 23 7 42 0 0.19 M M 4.1 16 150 M M 0 30 180
25 25 18 22 6 43 0 0.36 M M 8.0 20 180 M M 0 29 160
26 25 13 19 3 46 0 0.49 M M 5.4 14 330 M M 0 23 140
27 15 2 9 -7 56 0 0.07 M M 3.4 9 110 M M 0 13 160
28 10 -8 1 -15 64 0 0.03 M M 2.3 9 130 M M 0 15 150
29 17 -2 8 -8 57 0 0.17 M M 2.7 9 130 M M 0 15 120
30 22 -8 7 -9 58 0 0.09 M M 5.0 14 120 M M 0 21 120
31 17 -16 1 -15 64 0 0.16 M M 3.7 14 350 M M 0 23 350
================================================================================
SM 968 357 1344 0 4.35 M 145.0 M 0
================================================================================
AV 31.2 11.5 4.7 FASTST M M 0 MAX(MPH)
MISC ----> 20 180 # 34 150
================================================================================
NOTES:
# LAST OF SEVERAL OCCURRENCES
COLUMN 17 PEAK WIND IN M.P.H.
PRELIMINARY LOCAL CLIMATOLOGICAL DATA (WS FORM: F-6) , PAGE 2
STATION: STANLEY
MONTH: DECEMBER
YEAR: 2021
LATITUDE: 44 10 N
LONGITUDE: 114 56 W
[TEMPERATURE DATA] [PRECIPITATION DATA] SYMBOLS USED IN COLUMN 16
AVERAGE MONTHLY: 21.4 TOTAL FOR MONTH: 4.35 1 = FOG OR MIST
DPTR FM NORMAL: 4.6 DPTR FM NORMAL: 2.43 2 = FOG REDUCING VISIBILITY
HIGHEST: 56 ON 2 GRTST 24HR 0.72 ON 23-24 TO 1/4 MILE OR LESS
LOWEST: -16 ON 31 3 = THUNDER
SNOW, ICE PELLETS, HAIL 4 = ICE PELLETS
TOTAL MONTH: M 5 = HAIL
GRTST 24HR M ON M 6 = FREEZING RAIN OR DRIZZLE
GRTST DEPTH: M ON M 7 = DUSTSTORM OR SANDSTORM:
VSBY 1/2 MILE OR LESS
8 = SMOKE OR HAZE
[NO. OF DAYS WITH] [WEATHER - DAYS WITH] 9 = BLOWING SNOW
X = TORNADO
MAX 32 OR BELOW: 17 0.01 INCH OR MORE: 21
MAX 90 OR ABOVE: 0 0.10 INCH OR MORE: 12
MIN 32 OR BELOW: 31 0.50 INCH OR MORE: 1
MIN 0 OR BELOW: 7 1.00 INCH OR MORE: 0
[HDD (BASE 65) ]
TOTAL THIS MO. 1344 CLEAR (SCALE 0-3) 31
DPTR FM NORMAL -148 PTCLDY (SCALE 4-7) 0
TOTAL FM JUL 1 3690 CLOUDY (SCALE 8-10) 0
DPTR FM NORMAL -581
[CDD (BASE 65) ]
TOTAL THIS MO. 0
DPTR FM NORMAL 0 [PRESSURE DATA]
TOTAL FM JAN 1 44 HIGHEST SLP 30.48 ON 18
DPTR FM NORMAL 31 LOWEST SLP 29.19 ON 26
[REMARKS]
1ST: RECORD HIGH TEMPERATURE OF 51 BREAKS THE OLD RECORD OF 47 SET IN 1926.
2ND: RECORD HIGH TEMPERATURE OF 56 BREAKS THE OLD RECORD OF 50 SET IN 1921.
26TH: RAINFALL OF 0.49 INCHES BREAKS THE OLD RECORD OF 0.46 SET IN 1964.
#FINAL-12-21#