000
CXUS56 KPQR 011201
CF6SPB
PRELIMINARY LOCAL CLIMATOLOGICAL DATA (WS FORM: F-6)
STATION: SCAPPOOSE OR
MONTH: MARCH
YEAR: 2023
LATITUDE: 45 46 N
LONGITUDE: 122 50 W
TEMPERATURE IN F: :PCPN: SNOW: WIND :SUNSHINE: SKY :PK WND
================================================================================
1 2 3 4 5 6A 6B 7 8 9 10 11 12 13 14 15 16 17 18
12Z AVG MX 2MIN
DY MAX MIN AVG DEP HDD CDD WTR SNW DPTH SPD SPD DIR MIN PSBL S-S WX SPD DR
================================================================================
1 46 27 37 -8 28 0 T M M 2.1 8 140 M M 8 1 11 140
2 48 32 40 -5 25 0 0.32 M M 6.3 18 300 M M 8 1 32 290
3 45 30 38 -7 27 0 0.18 M M 5.3 14 150 M M 9 16 18 150
4 47 37 42 -3 23 0 0.58 M M 8.1 18 200 M M 9 1 25 150
5 45 34 40 -5 25 0 0.01 M M 2.8 12 150 M M 8 16 210
6 49 34 42 -4 23 0 0.17 M M 4.6 17 240 M M 10 18 23 240
7 50 33 42 -4 23 0 0.25 M M 3.6 15 60 M M 8 1 18 160
8 45 33 39 -7 26 0 0.01 M M 4.0 13 150 M M 9 12 17 140
9 45 38 42 -4 23 0 0.40 M M 5.3 20 130 M M 10 1 25 130
10 50 34 42 -4 23 0 0.02 M M 5.4 14 170 M M 9 1 18 160
11 53 33 43 -3 22 0 0.01 M M 2.2 9 140 M M 7 11 170
12 46 29 38 -8 27 0 0.23 M M 2.3 9 170 M M 8 16 12 160
13 47 34 41 -5 24 0 0.72 M M 4.6 12 140 M M 9 1 15 150
14 55 34 45 -1 20 0 0.00 M M 4.0 12 280 M M 4 1 18 310
15 51 32 42 -5 23 0 0.03 M M 3.4 9 320 M M 6 12 130
16 62 29 46 -1 19 0 0.00 M M 4.6 20 120 M M 0 1 23 130
17 64 29 47 0 18 0 0.00 M M 2.8 8 130 M M 0 11 160
18 67 32 50 3 15 0 0.00 M M 2.7 9 140 M M 2 12 11 130
19 59 40 50 3 15 0 0.26 M M 2.5 10 140 M M 5 1 13 140
20 50 42 46 -1 19 0 0.07 M M 4.2 13 150 M M 10 1 19 180
21 64 38 51 4 14 0 0.00 M M 4.6 13 90 M M 5 12 16 80
22 65 34 50 3 15 0 T M M 4.1 14 300 M M 3 24 310
23 48 37 43 -4 22 0 0.21 M M 5.0 18 290 M M 9 1 26 280
24 48 34 41 -7 24 0 0.14 M M 4.4 15 280 M M 9 1 23 280
25 46 31 39 -9 26 0 0.10 M M 1.9 14 340 M M 9 1 17 360
26 49 31 40 -8 25 0 0.04 M M 3.2 14 250 M M 9 1 20 280
27 56 33 45 -3 20 0 0.01 M M 5.8 25 110 M M 6 12 35 130
28 51 40 46 -2 19 0 0.47 M M 3.5 22 110 M M 10 1 30 120
29 60 33 47 -1 18 0 T M M 2.1 9 150 M M 5 1 13 150
30 59 43 51 3 14 0 0.00 M M 3.8 17 240 M M 8 26 270
31 49 42 46 -2 19 0 0.16 M M 5.8 16 150 M M 10 1 21 160
================================================================================
SM 1619 1062 664 0 4.39 M 125.0 M 222
================================================================================
AV 52.2 34.3 4.0 FASTST M M 7 MAX(MPH)
MISC ----> 25 110 35 130
================================================================================
NOTES:
# LAST OF SEVERAL OCCURRENCES
COLUMN 17 PEAK WIND IN M.P.H.
PRELIMINARY LOCAL CLIMATOLOGICAL DATA (WS FORM: F-6) , PAGE 2
STATION: SCAPPOOSE OR
MONTH: MARCH
YEAR: 2023
LATITUDE: 45 46 N
LONGITUDE: 122 50 W
[TEMPERATURE DATA] [PRECIPITATION DATA] SYMBOLS USED IN COLUMN 16
AVERAGE MONTHLY: 43.2 TOTAL FOR MONTH: 4.39 1 = FOG OR MIST
DPTR FM NORMAL: -3.4 DPTR FM NORMAL: -0.15 2 = FOG REDUCING VISIBILITY
HIGHEST: 67 ON 18 GRTST 24HR 0.88 ON 12-13 TO 1/4 MILE OR LESS
LOWEST: 27 ON 1 3 = THUNDER
SNOW, ICE PELLETS, HAIL 4 = ICE PELLETS
TOTAL MONTH: M 5 = HAIL
GRTST 24HR M ON M 6 = FREEZING RAIN OR DRIZZLE
GRTST DEPTH: M ON M 7 = DUSTSTORM OR SANDSTORM:
VSBY 1/2 MILE OR LESS
8 = SMOKE OR HAZE
[NO. OF DAYS WITH] [WEATHER - DAYS WITH] 9 = BLOWING SNOW
X = TORNADO
MAX 32 OR BELOW: 0 0.01 INCH OR MORE: 22
MAX 90 OR ABOVE: 0 0.10 INCH OR MORE: 14
MIN 32 OR BELOW: 10 0.50 INCH OR MORE: 2
MIN 0 OR BELOW: 0 1.00 INCH OR MORE: 0
[HDD (BASE 65) ]
TOTAL THIS MO. 664 CLEAR (SCALE 0-3) 4
DPTR FM NORMAL 94 PTCLDY (SCALE 4-7) 10
TOTAL FM JUL 1 3872 CLOUDY (SCALE 8-10) 17
DPTR FM NORMAL 1
[CDD (BASE 65) ]
TOTAL THIS MO. 0
DPTR FM NORMAL 0 [PRESSURE DATA]
TOTAL FM JAN 1 0 HIGHEST SLP 30.36 ON 26
DPTR FM NORMAL 0 LOWEST SLP 29.29 ON 10
[REMARKS]
#FINAL-03-23#