000
CXUS56 KPQR 011155
CF6SPB
PRELIMINARY LOCAL CLIMATOLOGICAL DATA (WS FORM: F-6)
STATION: SCAPPOOSE OR
MONTH: MARCH
YEAR: 2021
LATITUDE: 45 46 N
LONGITUDE: 122 50 W
TEMPERATURE IN F: :PCPN: SNOW: WIND :SUNSHINE: SKY :PK WND
================================================================================
1 2 3 4 5 6A 6B 7 8 9 10 11 12 13 14 15 16 17 18
12Z AVG MX 2MIN
DY MAX MIN AVG DEP HDD CDD WTR SNW DPTH SPD SPD DIR MIN PSBL S-S WX SPD DR
================================================================================
1 60 36 48 4 17 0 0.00 M M 2.4 7 140 M M 0 1 9 130
2 55 36 46 2 19 0 0.00 M M 2.7 10 340 M M 5 1 14 350
3 60 29 45 1 20 0 0.00 M M 1.3 7 140 M M 2 12 9 120
4 55 31 43 -2 22 0 0.08 M M 3.0 15 140 M M 6 1 19 130
5 51 39 45 0 20 0 0.08 M M 3.9 13 140 M M 9 12 16 150
6 54 37 46 1 19 0 T M M 2.8 17 250 M M 8 1 21 250
7 53 34 44 -1 21 0 0.20 M M 6.3 17 230 M M 6 1 21 240
8 54 30 42 -3 23 0 0.01 M M 3.8 15 180 M M 4 1 22 150
9 55 38 47 1 18 0 0.04 M M 4.4 16 120 M M 8 1 20 130
10 59 35 47 1 18 0 T M M 3.9 13 340 M M 5 16 350
11 62 32 47 1 18 0 0.00 M M 2.2 8 360 M M 0 11 70
12 62 32 47 1 18 0 0.00 M M 2.2 6 270 M M 0 9 200
13 63 30 47 1 18 0 0.00 M M 2.6 9 120 M M 0 11 140
14 51 38 45 -1 20 0 0.10 M M 3.6 14 330 M M 7 19 320
15 47 30 39 -7 26 0 0.03 M M 3.0 13 270 M M 6 16 260
16 56 27 42 -4 23 0 0.00 M M 2.8 8 280 M M 0 11 360
17 62 30 46 -1 19 0 0.00 M M 2.7 10 140 M M 0 8 15 140
18 56 35 46 -1 19 0 0.13 M M 3.5 14 140 M M 7 1 19 220
19 57 41 49 2 16 0 0.05 M M 8.2 23 190 M M 9 32 190
20 55 42 49 2 16 0 0.07 M M 6.7 18 280 M M 9 26 270
21 51 38 45 -2 20 0 0.03 M M 5.0 14 220 M M 10 18 220
22 56 42 49 2 16 0 0.08 M M 6.2 18 320 M M 6 1 27 330
23 59 31 45 -2 20 0 0.00 M M 4.0 14 20 M M 1 19 10
24 53 41 47 0 18 0 0.14 M M 4.5 14 200 M M 9 1 20 270
25 55 39 47 -1 18 0 0.02 M M 3.1 12 300 M M 9 17 300
26 56 35 46 -2 19 0 0.00 M M 2.3 12 350 M M 7 17 350
27 64 37 51 3 14 0 0.00 M M 3.6 9 80 M M 2 13 40
28 53 37 45 -3 20 0 0.12 M M 7.1 23 260 M M 6 35 320
29 56 34 45 -3 20 0 0.12 M M 5.5 23 270 M M 7 1 31 270
30 55 29 42 -6 23 0 0.00 M M 2.0 9 350 M M 4 12 290
31 72 30 51 3 14 0 0.00 M M 2.0 7 280 M M 0 8 280
================================================================================
SM 1757 1075 592 0 1.30 M 117.3 M 152
================================================================================
AV 56.7 34.7 3.8 FASTST M M 5 MAX(MPH)
MISC ----> # 23 190 35 320
================================================================================
NOTES:
# LAST OF SEVERAL OCCURRENCES
COLUMN 17 PEAK WIND IN M.P.H.
PRELIMINARY LOCAL CLIMATOLOGICAL DATA (WS FORM: F-6) , PAGE 2
STATION: SCAPPOOSE OR
MONTH: MARCH
YEAR: 2021
LATITUDE: 45 46 N
LONGITUDE: 122 50 W
[TEMPERATURE DATA] [PRECIPITATION DATA] SYMBOLS USED IN COLUMN 16
AVERAGE MONTHLY: 45.7 TOTAL FOR MONTH: 1.30 1 = FOG OR MIST
DPTR FM NORMAL: -0.7 DPTR FM NORMAL: -2.95 2 = FOG REDUCING VISIBILITY
HIGHEST: 72 ON 31 GRTST 24HR 0.24 ON 28-29 TO 1/4 MILE OR LESS
LOWEST: 27 ON 16 3 = THUNDER
SNOW, ICE PELLETS, HAIL 4 = ICE PELLETS
TOTAL MONTH: M 5 = HAIL
GRTST 24HR M ON M 6 = FREEZING RAIN OR DRIZZLE
GRTST DEPTH: M ON M 7 = DUSTSTORM OR SANDSTORM:
VSBY 1/2 MILE OR LESS
8 = SMOKE OR HAZE
[NO. OF DAYS WITH] [WEATHER - DAYS WITH] 9 = BLOWING SNOW
X = TORNADO
MAX 32 OR BELOW: 0 0.01 INCH OR MORE: 16
MAX 90 OR ABOVE: 0 0.10 INCH OR MORE: 6
MIN 32 OR BELOW: 12 0.50 INCH OR MORE: 0
MIN 0 OR BELOW: 0 1.00 INCH OR MORE: 0
[HDD (BASE 65) ]
TOTAL THIS MO. 592 CLEAR (SCALE 0-3) 10
DPTR FM NORMAL 14 PTCLDY (SCALE 4-7) 15
TOTAL FM JUL 1 3701 CLOUDY (SCALE 8-10) 6
DPTR FM NORMAL -334
[CDD (BASE 65) ]
TOTAL THIS MO. 0
DPTR FM NORMAL 0 [PRESSURE DATA]
TOTAL FM JAN 1 0 HIGHEST SLP 30.50 ON 30
DPTR FM NORMAL 0 LOWEST SLP 29.74 ON 3
[REMARKS]
#FINAL-03-21#