000
CXUS52 KTBW 031523
CF6SPG
PRELIMINARY LOCAL CLIMATOLOGICAL DATA (WS FORM: F-6)
STATION: SAINT PETERSBURG
MONTH: AUGUST
YEAR: 2023
LATITUDE: 27 46 N
LONGITUDE: 82 38 W
TEMPERATURE IN F: :PCPN: SNOW: WIND :SUNSHINE: SKY :PK WND
================================================================================
1 2 3 4 5 6A 6B 7 8 9 10 11 12 13 14 15 16 17 18
12Z AVG MX 2MIN
DY MAX MIN AVG DEP HDD CDD WTR SNW DPTH SPD SPD DIR MIN PSBL S-S WX SPD DR
================================================================================
1 91 80 86 2 0 21 0.09 0.0 0 5.0 16 30 M M 2 138 22 230
2 92 77 85 1 0 20 1.67 0.0 0 8.5 38 50 M M 2 123 45 50
3 94 78 86 2 0 21 0.48 0.0 0 9.7 23 90 M M 3 13 28 90
4 92 81 87 3 0 22 T 0.0 0 7.2 15 140 M M 1 3 17 140
5 92 82 87 3 0 22 0.03 0.0 0 4.9 14 350 M M 1 19 350
6 93 82 88 4 0 23 0.00 0.0 0 5.3 15 260 M M 1 3 20 250
7 92 85 89 5 0 24 0.00 0.0 0 5.7 20 40 M M 2 3 24 40
8 93 84 89 5 0 24 0.00 0.0 0 6.1 16 260 M M 0 22 280
9 94 85 90 6 0 25 0.00 0.0 0 5.1 15 260 M M 1 20 270
10 93 85 89 5 0 24 0.00 0.0 0 6.5 16 250 M M 2 24 260
11 93 86 90 6 0 25 0.00 0.0 0 5.0 15 270 M M 1 22 260
12 94 85 90 6 0 25 0.00 0.0 0 6.5 21 240 M M 2 3 27 230
13 98 84 91 7 0 26 0.00 0.0 0 6.2 18 180 M M 1 3 23 300
14 93 80 87 3 0 22 0.08 0.0 0 8.5 18 230 M M 1 138 28 220
15 92 82 87 3 0 22 0.00 0.0 0 8.8 17 170 M M 1 26 230
16 93 83 88 4 0 23 T 0.0 0 6.4 15 270 M M 2 3 25 280
17 90 80 85 1 0 20 0.23 0.0 0 8.6 24 250 M M 3 138 39 250
18 89 80 85 1 0 20 0.51 0.0 0 6.8 15 230 M M 3 13 20 230
19 94 81 88 4 0 23 0.00 0.0 0 8.5 26 130 M M 1 3 33 120
20 93 79 86 2 0 21 0.09 0.0 0 15.3 31 70 M M 2 13 37 70
21 93 82 88 4 0 23 0.00 0.0 0 16.2 21 90 M M 1 26 90
22 93 81 87 3 0 22 0.00 0.0 0 10.9 18 80 M M 1 25 90
23 95 80 88 4 0 23 0.35 0.0 0 6.5 29 80 M M 1 13 38 80
24 91 82 87 3 0 22 0.00 0.0 0 11.7 22 80 M M 2 3 28 80
25 92 80 86 2 0 21 0.00 0.0 0 10.7 16 100 M M 0 19 60
26 93 80 87 3 0 22 T 0.0 0 7.0 18 330 M M 1 3 27 340
27 94 81 88 4 0 23 T 0.0 0 9.2 36 70 M M 1 13 44 70
28 90 81 86 2 0 21 0.11 0.0 0 9.3 24 180 M M 2 13 31 180
29 86 79 83 -1 0 18 1.28 0.0 0 18.7 41 160 M M 4 138 53 140
30 86 79 83 -1 0 18 1.25 0.0 0 16.2 38 190 M M 7 1238 58 210
31 89 80 85 1 0 20 0.04 0.0 0 6.5 16 230 M M 4 13 23 230
================================================================================
SM 2857 2524 0 686 6.21 0.0 267.5 M 56
================================================================================
AV 92.2 81.4 8.6 FASTST M M 2 MAX(MPH)
MISC ----> 41 160 58 210
================================================================================
NOTES:
# LAST OF SEVERAL OCCURRENCES
COLUMN 17 PEAK WIND IN M.P.H.
PRELIMINARY LOCAL CLIMATOLOGICAL DATA (WS FORM: F-6) , PAGE 2
STATION: SAINT PETERSBURG
MONTH: AUGUST
YEAR: 2023
LATITUDE: 27 46 N
LONGITUDE: 82 38 W
[TEMPERATURE DATA] [PRECIPITATION DATA] SYMBOLS USED IN COLUMN 16
AVERAGE MONTHLY: 86.8 TOTAL FOR MONTH: 6.21 1 = FOG OR MIST
DPTR FM NORMAL: 2.8 DPTR FM NORMAL: -2.18 2 = FOG REDUCING VISIBILITY
HIGHEST: 98 ON 13 GRTST 24HR 2.42 ON 29-30 TO 1/4 MILE OR LESS
LOWEST: 77 ON 2 3 = THUNDER
SNOW, ICE PELLETS, HAIL 4 = ICE PELLETS
TOTAL MONTH: 0.0 INCH 5 = HAIL
GRTST 24HR 0.0 6 = FREEZING RAIN OR DRIZZLE
GRTST DEPTH: 0 7 = DUSTSTORM OR SANDSTORM:
VSBY 1/2 MILE OR LESS
8 = SMOKE OR HAZE
[NO. OF DAYS WITH] [WEATHER - DAYS WITH] 9 = BLOWING SNOW
X = TORNADO
MAX 32 OR BELOW: 0 0.01 INCH OR MORE: 13
MAX 90 OR ABOVE: 27 0.10 INCH OR MORE: 8
MIN 32 OR BELOW: 0 0.50 INCH OR MORE: 4
MIN 0 OR BELOW: 0 1.00 INCH OR MORE: 3
[HDD (BASE 65) ]
TOTAL THIS MO. 0 CLEAR (SCALE 0-3) 27
DPTR FM NORMAL 0 PTCLDY (SCALE 4-7) 4
TOTAL FM JUL 1 0 CLOUDY (SCALE 8-10) 0
DPTR FM NORMAL 0
[CDD (BASE 65) ]
TOTAL THIS MO. 686
DPTR FM NORMAL 97 [PRESSURE DATA]
TOTAL FM JAN 1 3200 HIGHEST SLP 30.08 ON 7
DPTR FM NORMAL 490 LOWEST SLP 29.51 ON 30
[REMARKS]
#FINAL-08-23#