000
CXUS53 KILX 011000
CF6SPI
PRELIMINARY LOCAL CLIMATOLOGICAL DATA (WS FORM: F-6)
STATION: SPRINGFIELD IL
MONTH: JANUARY
YEAR: 2024
LATITUDE: 39 50 N
LONGITUDE: 89 41 W
TEMPERATURE IN F: :PCPN: SNOW: WIND :SUNSHINE: SKY :PK WND
================================================================================
1 2 3 4 5 6A 6B 7 8 9 10 11 12 13 14 15 16 17 18
12Z AVG MX 2MIN
DY MAX MIN AVG DEP HDD CDD WTR SNW DPTH SPD SPD DIR MIN PSBL S-S WX SPD DR
================================================================================
1 34 29 32 3 33 0 0.00 0.0 0 8.5 15 250 M M 10 21 300
2 41 25 33 4 32 0 0.00 0.0 0 8.1 17 200 M M 1 1 24 220
3 34 25 30 1 35 0 0.00 0.0 0 5.6 14 320 M M 8 12 19 340
4 41 24 33 4 32 0 0.00 0.0 0 2.9 8 80 M M M 1 12 170
5 38 23 31 3 34 0 0.13 1.4 0 8.0 16 90 M M M 1 21 100
6 34 32 33 5 32 0 0.11 1.2 2 M M M M M M 1 M M
7 35 32 34 6 31 0 0.03 0.4 1 M M M M M M 1 M M
8 37 29 33 5 32 0 0.39 0.6 0 12.1 22 110 M M 8 18 31 110
9 38 33 36 8 29 0 0.40 0.3 1 14.2 24 290 M M 10 1 35 290
10 37 27 32 4 33 0 T T 0 15.3 23 180 M M 7 1 35 170
11 37 30 34 6 31 0 0.16 0.0 0 10.8 25 260 M M 6 138 36 280
12 43 17 30 2 35 0 0.62 0.0 0 20.2 39 250 M M 10 123 50 240
13 18 -3 8 -20 57 0 0.01 0.5 T 21.7 35 270 M M 9 18 47 270
14 -3 -12 -7 -35 72 0 0.00 0.0 0 15.1 28 270 M M 2 8 39 260
15 7 -8 0 -28 65 0 0.03 0.4 0 8.8 16 280 M M 3 18 22 280
16 9 -4 3 -24 62 0 0.02 0.2 1 13.1 22 250 M M 2 18 28 250
17 29 4 17 -10 48 0 0.00 0.0 0 10.8 20 250 M M 1 27 220
18 38 18 28 1 37 0 0.10 1.8 0 7.2 16 340 M M 7 18 24 340
19 18 0 9 -18 56 0 0.03 1.3 3 14.3 23 310 M M 4 189 34 290
20 15 -4 6 -21 59 0 0.00 0.0 3 6.2 12 270 M M 0 15 250
21 26 -5 11 -16 54 0 0.00 0.0 2 11.2 22 180 M M 1 1 34 170
22 33 26 30 2 35 0 0.64 T 2 14.8 23 200 M M 10 1468 32 180
23 41 32 37 9 28 0 0.47 0.0 1 5.7 13 200 M M 10 18 18 200
24 42 36 39 11 26 0 0.37 0.0 0 5.3 14 80 M M 10 12 17 90
25 42 35 39 11 26 0 0.64 0.0 0 5.0 15 30 M M 10 12 18 10
26 41 35 38 10 27 0 T 0.0 0 7.0 13 310 M M 10 1 17 310
27 37 35 36 8 29 0 0.12 0.0 0 7.5 16 340 M M 10 12 24 330
28 37 32 35 7 30 0 0.03 0.0 0 10.7 17 310 M M 10 1 26 330
29 46 29 38 10 27 0 0.00 0.0 0 7.8 17 180 M M 6 12 23 180
30 43 36 40 12 25 0 0.03 0.0 0 10.1 21 300 M M 9 1 27 300
31 43 35 39 11 26 0 0.00 0.0 0 7.2 13 200 M M 6 17 180
================================================================================
SM 1011 643 1178 0 4.33 8.1 295.2 M 180
================================================================================
AV 32.6 20.7 10.2 FASTST M M 7 MAX(MPH)
MISC ----> 39 250 50 240
================================================================================
NOTES:
# LAST OF SEVERAL OCCURRENCES
COLUMN 17 PEAK WIND IN M.P.H.
PRELIMINARY LOCAL CLIMATOLOGICAL DATA (WS FORM: F-6) , PAGE 2
STATION: SPRINGFIELD IL
MONTH: JANUARY
YEAR: 2024
LATITUDE: 39 50 N
LONGITUDE: 89 41 W
[TEMPERATURE DATA] [PRECIPITATION DATA] SYMBOLS USED IN COLUMN 16
AVERAGE MONTHLY: 26.7 TOTAL FOR MONTH: 4.33 1 = FOG OR MIST
DPTR FM NORMAL: -1.2 DPTR FM NORMAL: 2.30 2 = FOG REDUCING VISIBILITY
HIGHEST: 46 ON 29 GRTST 24HR 0.86 ON 8- 9 TO 1/4 MILE OR LESS
LOWEST: -12 ON 14 3 = THUNDER
SNOW, ICE PELLETS, HAIL 4 = ICE PELLETS
TOTAL MONTH: 8.1 INCHES 5 = HAIL
GRTST 24HR 1.8 ON 18-18 6 = FREEZING RAIN OR DRIZZLE
GRTST DEPTH: 3 ON 20,19 7 = DUSTSTORM OR SANDSTORM:
VSBY 1/2 MILE OR LESS
8 = SMOKE OR HAZE
[NO. OF DAYS WITH] [WEATHER - DAYS WITH] 9 = BLOWING SNOW
X = TORNADO
MAX 32 OR BELOW: 8 0.01 INCH OR MORE: 19
MAX 90 OR ABOVE: 0 0.10 INCH OR MORE: 12
MIN 32 OR BELOW: 24 0.50 INCH OR MORE: 3
MIN 0 OR BELOW: 7 1.00 INCH OR MORE: 0
[HDD (BASE 65) ]
TOTAL THIS MO. 1178 CLEAR (SCALE 0-3) 6
DPTR FM NORMAL 28 PTCLDY (SCALE 4-7) 8
TOTAL FM JUL 1 2868 CLOUDY (SCALE 8-10) 17
DPTR FM NORMAL -300
[CDD (BASE 65) ]
TOTAL THIS MO. 0
DPTR FM NORMAL 0 [PRESSURE DATA]
TOTAL FM JAN 1 0 HIGHEST SLP 30.71 ON 20
DPTR FM NORMAL 0 LOWEST SLP 29.02 ON 9
[REMARKS]
#FINAL-01-24#