000
CXUS54 KLZK 011331
CF6SRC
PRELIMINARY LOCAL CLIMATOLOGICAL DATA (WS FORM: F-6)
STATION: SEARCY AIRPORT
MONTH: FEBRUARY
YEAR: 2024
LATITUDE: 35 12 N
LONGITUDE: 91 44 W
TEMPERATURE IN F: :PCPN: SNOW: WIND :SUNSHINE: SKY :PK WND
================================================================================
1 2 3 4 5 6A 6B 7 8 9 10 11 12 13 14 15 16 17 18
12Z AVG MX 2MIN
DY MAX MIN AVG DEP HDD CDD WTR SNW DPTH SPD SPD DIR MIN PSBL S-S WX SPD DR
================================================================================
1 65 30 48 9 17 0 0.00 M M 2.4 9 190 M M 1 1 M M
2 69 35 52 13 13 0 0.00 M M 2.6 10 130 M M 3 128 M M
3 61 46 54 15 11 0 0.68 M M 5.0 10 70 M M 6 1 M M
4 53 47 50 10 15 0 1.28 M M 11.0 15 70 M M 10 1 21 70
5 60 41 51 11 14 0 0.00 M M 8.5 15 360 M M 1 20 10
6 63 35 49 9 16 0 0.00 M M 4.4 8 110 M M 0 8 M M
7 62 32 47 7 18 0 0.00 M M 3.3 12 170 M M 0 M M
8 64 48 56 16 9 0 0.00 M M 10.4 17 180 M M 6 21 200
9 72 57 65 24 0 0 0.00 M M 7.0 14 170 M M 7 1 21 180
10 65 45 55 14 10 0 0.17 M M 7.5 15 30 M M 8 1 17 200
11 50 43 47 6 18 0 0.04 M M 12.0 20 20 M M 10 24 20
12 48 31 40 -1 25 0 0.07 M M 8.7 16 50 M M 9 1 24 50
13 61 27 44 2 21 0 0.00 M M 1.6 6 170 M M 0 M M
14 65 31 48 6 17 0 0.00 M M 4.2 13 180 M M 0 M M
15 71 36 54 12 11 0 0.00 M M 3.6 8 150 M M 0 M M
16 67 35 51 9 14 0 0.02 M M 8.5 24 350 M M 8 1 39 350
17 43 26 35 -8 30 0 0.00 M M 9.6 20 360 M M 2 27 360
18 52 19 36 -7 29 0 0.00 M M 2.4 10 180 M M 0 M M
19 60 21 41 -2 24 0 0.00 M M 3.1 13 180 M M 0 M M
20 68 30 49 5 16 0 0.00 M M 2.0 8 180 M M 0 M M
21 68 39 54 10 11 0 0.00 M M 6.7 17 190 M M 2 23 190
22 73 51 62 18 3 0 0.05 M M 8.7 15 190 M M 6 3 31 360
23 68 42 55 11 10 0 0.00 M M 6.4 15 320 M M 0 20 320
24 65 36 51 6 14 0 0.00 M M 4.7 10 310 M M 0 16 310
25 79 36 58 13 7 0 0.00 M M 5.4 15 220 M M 0 8 30 200
26 73 47 60 14 5 0 0.00 M M 8.8 17 190 M M 3 25 180
27 80 64 72 26 0 7 0.00 M M 11.4 22 200 M M 1 30 200
28 72 37 55 9 10 0 T M M 8.7 20 330 M M 2 30 340
29 51 32 42 -4 23 0 0.02 M M 6.0 14 60 M M 3 M M
================================================================================
SM 1848 1099 411 7 2.33 M 184.6 M 88
================================================================================
AV 63.7 37.9 6.4 FASTST M M 3 MAX(MPH)
MISC ----> 24 350 39 350
================================================================================
NOTES:
# LAST OF SEVERAL OCCURRENCES
COLUMN 17 PEAK WIND IN M.P.H.
PRELIMINARY LOCAL CLIMATOLOGICAL DATA (WS FORM: F-6) , PAGE 2
STATION: SEARCY AIRPORT
MONTH: FEBRUARY
YEAR: 2024
LATITUDE: 35 12 N
LONGITUDE: 91 44 W
[TEMPERATURE DATA] [PRECIPITATION DATA] SYMBOLS USED IN COLUMN 16
AVERAGE MONTHLY: 50.8 TOTAL FOR MONTH: 2.33 1 = FOG OR MIST
DPTR FM NORMAL: 8.6 DPTR FM NORMAL: -1.34 2 = FOG REDUCING VISIBILITY
HIGHEST: 80 ON 27 GRTST 24HR 1.89 ON 3- 4 TO 1/4 MILE OR LESS
LOWEST: 19 ON 18 3 = THUNDER
SNOW, ICE PELLETS, HAIL 4 = ICE PELLETS
TOTAL MONTH: M 5 = HAIL
GRTST 24HR M ON M 6 = FREEZING RAIN OR DRIZZLE
GRTST DEPTH: M ON M 7 = DUSTSTORM OR SANDSTORM:
VSBY 1/2 MILE OR LESS
8 = SMOKE OR HAZE
[NO. OF DAYS WITH] [WEATHER - DAYS WITH] 9 = BLOWING SNOW
X = TORNADO
MAX 32 OR BELOW: 0 0.01 INCH OR MORE: 8
MAX 90 OR ABOVE: 0 0.10 INCH OR MORE: 3
MIN 32 OR BELOW: 10 0.50 INCH OR MORE: 2
MIN 0 OR BELOW: 0 1.00 INCH OR MORE: 1
[HDD (BASE 65) ]
TOTAL THIS MO. 411 CLEAR (SCALE 0-3) 19
DPTR FM NORMAL -228 PTCLDY (SCALE 4-7) 6
TOTAL FM JUL 1 2283 CLOUDY (SCALE 8-10) 4
DPTR FM NORMAL -639
[CDD (BASE 65) ]
TOTAL THIS MO. 7
DPTR FM NORMAL 7 [PRESSURE DATA]
TOTAL FM JAN 1 7 HIGHEST SLP 30.44 ON 28
DPTR FM NORMAL 7 LOWEST SLP 29.51 ON 27
[REMARKS]
#FINAL-02-24#