042
CXUS54 KEPZ 011030
CF6SRR
PRELIMINARY LOCAL CLIMATOLOGICAL DATA (WS FORM: F-6)
STATION: RUIDOSO AWOS
MONTH: AUGUST
YEAR: 2020
LATITUDE: 33 28 N
LONGITUDE: 105 32 W
TEMPERATURE IN F: :PCPN: SNOW: WIND :SUNSHINE: SKY :PK WND
================================================================================
1 2 3 4 5 6A 6B 7 8 9 10 11 12 13 14 15 16 17 18
12Z AVG MX 2MIN
DY MAX MIN AVG DEP HDD CDD WTR SNW DPTH SPD SPD DIR MIN PSBL S-S WX SPD DR
================================================================================
1 82 54 68 M 0 3 0.10 M M 8.0 26 70 M M 2 3 40 360
2 84 55 70 M 0 5 0.23 M M 6.4 15 120 M M 2 3 22 180
3 82 52 67 M 0 2 0.20 M M 6.3 21 360 M M 2 23 46 360
4 86 57 72 M 0 7 0.00 M M 7.2 16 230 M M 1 20 320
5 82 61 72 M 0 7 0.03 M M 8.9 25 260 M M 3 41 260
6 81 59 70 M 0 5 0.00 M M 6.4 15 240 M M 4 29 300
7 81 63 72 M 0 7 0.29 M M 6.3 23 210 M M 3 28 210
8 81 57 69 M 0 4 T M M 6.3 18 130 M M 2 3 29 200
9 82 59 71 M 0 6 0.10 M M 6.7 24 240 M M 3 3 38 240
10 88 57 73 M 0 8 0.00 M M 6.3 14 270 M M 0 20 310
11 90 64 77 M 0 12 0.00 M M 7.0 15 190 M M 0 20 190
12 86 63 75 M 0 10 0.10 M M 7.7 18 90 M M 2 21 280
13 86 63 75 M 0 10 0.16 M M 8.7 17 180 M M 2 3 24 190
14 88 63 76 M 0 11 0.00 M M 8.1 21 170 M M 3 3 27 170
15 86 63 75 M 0 10 0.00 M M 9.8 23 210 M M 2 31 210
16 82 55 69 M 0 4 0.00 M M 6.6 13 120 M M 1 20 110
17 81 55 68 M 0 3 0.00 M M 5.8 20 150 M M 1 21 120
18 82 55 69 M 0 4 0.00 M M 6.3 14 130 M M 0 23 70
19 88 57 73 M 0 8 0.02 M M 7.9 20 220 M M 3 36 350
20 90 59 75 M 0 10 0.05 M M 8.5 22 360 M M 2 3 41 360
21 90 57 74 M 0 9 0.00 M M 8.7 15 170 M M 2 3 31 80
22 86 57 72 M 0 7 0.00 M M 7.1 14 130 M M 1 23 150
23 86 64 75 M 0 10 0.00 M M 5.5 13 140 M M 1 23 140
24 84 61 73 M 0 8 0.00 M M 7.0 15 130 M M 1 22 100
25 84 55 70 M 0 5 0.00 M M 7.3 15 130 M M 1 24 160
26 84 59 72 M 0 7 0.00 M M 4.9 15 140 M M 1 21 140
27 84 59 72 M 0 7 0.00 M M 4.4 9 90 M M 3 17 90
28 88 64 76 M 0 11 0.00 M M 6.0 13 310 M M 2 21 310
29 84 63 74 M 0 9 0.38 M M 7.0 15 140 M M 4 24 30
30 82 64 73 M 0 8 0.00 M M 8.1 13 230 M M 3 23 310
31 77 64 71 M 0 6 0.00 M M 7.7 13 140 M M 6 17 260
================================================================================
SM 2617 1838 0 223 1.66 M 218.9 M 63
================================================================================
AV 84.4 59.3 7.1 FASTST M M 2 MAX(MPH)
MISC ----> 26 70 46 360
================================================================================
NOTES:
# LAST OF SEVERAL OCCURRENCES
COLUMN 17 PEAK WIND IN M.P.H.
PRELIMINARY LOCAL CLIMATOLOGICAL DATA (WS FORM: F-6) , PAGE 2
STATION: RUIDOSO AWOS
MONTH: AUGUST
YEAR: 2020
LATITUDE: 33 28 N
LONGITUDE: 105 32 W
[TEMPERATURE DATA] [PRECIPITATION DATA] SYMBOLS USED IN COLUMN 16
AVERAGE MONTHLY: 71.9 TOTAL FOR MONTH: 1.66 1 = FOG OR MIST
DPTR FM NORMAL: 0.0 DPTR FM NORMAL: M 2 = FOG REDUCING VISIBILITY
HIGHEST: 90 ON 21,20 GRTST 24HR 0.38 ON 29-29 TO 1/4 MILE OR LESS
LOWEST: 52 ON 3 3 = THUNDER
SNOW, ICE PELLETS, HAIL 4 = ICE PELLETS
TOTAL MONTH: M 5 = HAIL
GRTST 24HR M ON M 6 = FREEZING RAIN OR DRIZZLE
GRTST DEPTH: M ON M 7 = DUSTSTORM OR SANDSTORM:
VSBY 1/2 MILE OR LESS
8 = SMOKE OR HAZE
[NO. OF DAYS WITH] [WEATHER - DAYS WITH] 9 = BLOWING SNOW
X = TORNADO
MAX 32 OR BELOW: 0 0.01 INCH OR MORE: 11
MAX 90 OR ABOVE: 3 0.10 INCH OR MORE: 6
MIN 32 OR BELOW: 0 0.50 INCH OR MORE: 0
MIN 0 OR BELOW: 0 1.00 INCH OR MORE: 0
[HDD (BASE 65) ]
TOTAL THIS MO. 0 CLEAR (SCALE 0-3) 26
DPTR FM NORMAL M PTCLDY (SCALE 4-7) 5
TOTAL FM JUL 1 0 CLOUDY (SCALE 8-10) 0
DPTR FM NORMAL M
[CDD (BASE 65) ]
TOTAL THIS MO. 223
DPTR FM NORMAL M [PRESSURE DATA]
TOTAL FM JAN 1 688 HIGHEST SLP M ON M
DPTR FM NORMAL M LOWEST SLP M ON M
[REMARKS]
#FINAL-08-20#