000
CXUS52 KJAX 020156
CF6SSI
PRELIMINARY LOCAL CLIMATOLOGICAL DATA (WS FORM: F-6)
STATION: ST SIMONS ISLAND GA
MONTH: NOVEMBER
YEAR: 2019
LATITUDE: 31 9 N
LONGITUDE: 81 23 W
TEMPERATURE IN F: :PCPN: SNOW: WIND :SUNSHINE: SKY :PK WND
================================================================================
1 2 3 4 5 6A 6B 7 8 9 10 11 12 13 14 15 16 17 18
12Z AVG MX 2MIN
DY MAX MIN AVG DEP HDD CDD WTR SNW DPTH SPD SPD DIR MIN PSBL S-S WX SPD DR
================================================================================
1 66 47 57 -9 8 0 0.00 0.0 0 10.3 18 310 M M 1 27 330
2 72 55 64 -1 1 0 0.00 0.0 0 7.7 14 360 M M 7 18 310
3 70 48 59 -6 6 0 0.00 0.0 0 11.2 21 30 M M 1 26 30
4 78 56 67 2 0 2 0.00 0.0 0 9.3 16 90 M M 2 21 90
5 76 68 72 7 0 7 0.00 0.0 0 5.8 13 340 M M 8 15 350
6 77 64 71 7 0 6 0.00 0.0 0 10.5 18 30 M M 9 12 27 360
7 80 69 75 11 0 10 0.00 0.0 0 7.4 14 20 M M 9 18 19 40
8 70 58 64 0 1 0 0.37 0.0 0 11.0 21 20 M M 8 1 27 360
9 61 49 55 -9 10 0 0.00 0.0 0 9.6 20 10 M M 2 26 40
10 67 42 55 -8 10 0 0.00 0.0 0 4.0 10 100 M M 0 13 80
11 74 47 61 -2 4 0 0.00 0.0 0 2.3 9 80 M M 2 11 70
12 81 47 64 1 1 0 0.12 0.0 0 9.2 24 10 M M 4 1 31 360
13 50 37 44 -18 21 0 0.00 0.0 0 13.5 21 10 M M 9 29 10
14 56 45 51 -11 14 0 0.26 0.0 0 12.6 20 20 M M 10 1 27 20
15 62 52 57 -5 8 0 2.32 0.0 0 8.5 18 30 M M 10 1 26 30
16 54 48 51 -11 14 0 0.44 0.0 0 10.0 20 360 M M 10 1 25 350
17 64 46 55 -6 10 0 0.00 0.0 0 6.5 15 10 M M 7 20 350
18 69 50 60 -1 5 0 0.00 0.0 0 4.0 10 310 M M 3 15 270
19 66 50 58 -3 7 0 0.00 0.0 0 6.8 16 270 M M 0 25 270
20 68 47 58 -3 7 0 0.00 0.0 0 5.6 15 60 M M 0 20 70
21 68 46 57 -3 8 0 0.00 0.0 0 5.1 14 40 M M 0 17 30
22 74 50 62 2 3 0 0.00 0.0 0 3.5 9 210 M M 0 1 14 170
23 72 57 65 5 0 0 T 0.0 0 7.8 16 230 M M 2 23 190
24 68 46 57 -3 8 0 0.00 0.0 0 8.0 18 280 M M 0 26 290
25 63 43 53 -6 12 0 0.00 0.0 0 3.1 10 230 M M 0 13 230
26 67 44 56 -3 9 0 0.00 0.0 0 1.9 9 110 M M 0 1 11 110
27 73 51 62 3 3 0 0.00 0.0 0 4.8 13 170 M M 1 12 17 170
28 70 52 61 3 4 0 0.00 0.0 0 4.8 10 330 M M 0 16 310
29 66 49 58 0 7 0 0.00 0.0 0 5.5 14 30 M M 0 18 40
30 70 50 60 2 5 0 0.00 0.0 0 4.5 13 210 M M 0 17 220
================================================================================
SM 2052 1513 186 25 3.51 0.0 214.8 M 105
================================================================================
AV 68.4 50.4 7.2 FASTST M M 4 MAX(MPH)
MISC ----> # 24 10 # 31 360
================================================================================
NOTES:
# LAST OF SEVERAL OCCURRENCES
COLUMN 17 PEAK WIND IN M.P.H.
PRELIMINARY LOCAL CLIMATOLOGICAL DATA (WS FORM: F-6) , PAGE 2
STATION: ST SIMONS ISLAND GA
MONTH: NOVEMBER
YEAR: 2019
LATITUDE: 31 9 N
LONGITUDE: 81 23 W
[TEMPERATURE DATA] [PRECIPITATION DATA] SYMBOLS USED IN COLUMN 16
AVERAGE MONTHLY: 59.4 TOTAL FOR MONTH: 3.51 1 = FOG OR MIST
DPTR FM NORMAL: -2.4 DPTR FM NORMAL: 1.48 2 = FOG REDUCING VISIBILITY
HIGHEST: 81 ON 12 GRTST 24HR 2.58 ON 14-15 TO 1/4 MILE OR LESS
LOWEST: 37 ON 13 3 = THUNDER
SNOW, ICE PELLETS, HAIL 4 = ICE PELLETS
TOTAL MONTH: 0.0 INCH 5 = HAIL
GRTST 24HR 0.0 6 = FREEZING RAIN OR DRIZZLE
GRTST DEPTH: 0 7 = DUSTSTORM OR SANDSTORM:
VSBY 1/2 MILE OR LESS
8 = SMOKE OR HAZE
[NO. OF DAYS WITH] [WEATHER - DAYS WITH] 9 = BLOWING SNOW
X = TORNADO
MAX 32 OR BELOW: 0 0.01 INCH OR MORE: 5
MAX 90 OR ABOVE: 0 0.10 INCH OR MORE: 5
MIN 32 OR BELOW: 0 0.50 INCH OR MORE: 1
MIN 0 OR BELOW: 0 1.00 INCH OR MORE: 1
[HDD (BASE 65) ]
TOTAL THIS MO. 186 CLEAR (SCALE 0-3) 19
DPTR FM NORMAL 36 PTCLDY (SCALE 4-7) 4
TOTAL FM JUL 1 186 CLOUDY (SCALE 8-10) 7
DPTR FM NORMAL 6
[CDD (BASE 65) ]
TOTAL THIS MO. 25
DPTR FM NORMAL -29 [PRESSURE DATA]
TOTAL FM JAN 1 3370 HIGHEST SLP 30.32 ON 13
DPTR FM NORMAL 755 LOWEST SLP 29.77 ON 18
[REMARKS]
#FINAL-11-19#