000
CXUS53 KGRB 171620
CF6STE
PRELIMINARY LOCAL CLIMATOLOGICAL DATA (WS FORM: F-6)
STATION: STEVENS POINT WI
MONTH: FEBRUARY
YEAR: 2022
LATITUDE: 44 32 N
LONGITUDE: 89 32 W
TEMPERATURE IN F: :PCPN: SNOW: WIND :SUNSHINE: SKY :PK WND
================================================================================
1 2 3 4 5 6A 6B 7 8 9 10 11 12 13 14 15 16 17 18
12Z AVG MX 2MIN
DY MAX MIN AVG DEP HDD CDD WTR SNW DPTH SPD SPD DIR MIN PSBL S-S WX SPD DR
================================================================================
1 38 13 26 M 39 0 M M M 10.7 15 290 M M 2 26 280
2 13 4 9 M 56 0 M M M 7.1 12 340 M M 0 18 290
3 12 -10 1 M 64 0 M M M 4.6 9 340 M M 0 M M
4 13 -13 0 M 65 0 M M M 0.8 5 290 M M 5 8 M M
5 21 -9 6 M 59 0 M M M 6.1 14 170 M M 4 21 150
6 29 11 20 M 45 0 M M M 5.5 10 330 M M 9 18 16 310
7 23 13 18 M 47 0 M M M 4.4 10 270 M M 7 8 16 270
8 38 15 27 M 38 0 M M M 4.9 13 150 M M 2 17 150
9 39 26 33 M 32 0 M M M 9.3 14 270 M M 9 26 270
10 31 19 25 M 40 0 M M M 10.4 16 180 M M 8 23 180
11 38 10 24 M 41 0 M M M 11.5 18 350 M M 10 32 340
12 11 0 6 M 59 0 M M M 5.1 9 260 M M 4 21 340
13 14 -6 4 M 61 0 M M M 2.7 7 10 M M 4 M M
14 19 4 12 M 53 0 M M M 3.0 9 270 M M 5 M M
15 31 -5 13 M 52 0 M M M 7.7 16 130 M M 3 28 110
16 41 25 33 M 32 0 M M M 5.8 13 340 M M 2 1 21 340
17 25 2 14 M 51 0 M M M 8.6 15 330 M M 1 21 340
18 31 -9 11 M 54 0 M M M 10.4 22 290 M M 6 8 37 290
19 17 -2 8 M 57 0 M M M 10.6 15 290 M M 1 24 280
20 47 15 31 M 34 0 M M M 9.5 15 230 M M 0 25 230
21 31 16 24 M 41 0 M M M 15.4 21 70 M M 10 31 70
22 21 13 17 M 48 0 0.04 M M 11.4 17 40 M M 10 23 50
23 19 5 12 M 53 0 M M M 4.3 9 320 M M 2 8 18 280
24 21 3 12 M 53 0 M M M 6.4 12 80 M M 8 17 50
25 24 9 17 M 48 0 M M M 4.6 9 10 M M 3 M M
26 35 4 20 M 45 0 M M M 11.4 20 250 M M 0 26 250
27 32 18 25 M 40 0 M M M 5.7 10 270 M M 1 18 250
28 41 18 30 M 35 0 M M M 4.3 10 130 M M 4 M M
================================================================================
SM 755 189 1342 0 0.04 M 202.2 M 120
================================================================================
AV 27.0 6.8 7.2 FASTST M M 4 MAX(MPH)
MISC ----> 22 290 37 290
================================================================================
NOTES:
# LAST OF SEVERAL OCCURRENCES
COLUMN 17 PEAK WIND IN M.P.H.
PRELIMINARY LOCAL CLIMATOLOGICAL DATA (WS FORM: F-6) , PAGE 2
STATION: STEVENS POINT WI
MONTH: FEBRUARY
YEAR: 2022
LATITUDE: 44 32 N
LONGITUDE: 89 32 W
[TEMPERATURE DATA] [PRECIPITATION DATA] SYMBOLS USED IN COLUMN 16
AVERAGE MONTHLY: 16.9 TOTAL FOR MONTH: 0.04 1 = FOG OR MIST
DPTR FM NORMAL: -1.0 DPTR FM NORMAL: 0.04 2 = FOG REDUCING VISIBILITY
HIGHEST: 47 ON 20 GRTST 24HR 0.04 ON 22-22 TO 1/4 MILE OR LESS
LOWEST: -13 ON 4 3 = THUNDER
SNOW, ICE PELLETS, HAIL 4 = ICE PELLETS
TOTAL MONTH: M 5 = HAIL
GRTST 24HR M ON M 6 = FREEZING RAIN OR DRIZZLE
GRTST DEPTH: M ON M 7 = DUSTSTORM OR SANDSTORM:
VSBY 1/2 MILE OR LESS
8 = SMOKE OR HAZE
[NO. OF DAYS WITH] [WEATHER - DAYS WITH] 9 = BLOWING SNOW
X = TORNADO
MAX 32 OR BELOW: 20 0.01 INCH OR MORE: 1
MAX 90 OR ABOVE: 0 0.10 INCH OR MORE: 0
MIN 32 OR BELOW: 28 0.50 INCH OR MORE: 0
MIN 0 OR BELOW: 8 1.00 INCH OR MORE: 0
[HDD (BASE 65) ]
TOTAL THIS MO. 1342 CLEAR (SCALE 0-3) 12
DPTR FM NORMAL 22 PTCLDY (SCALE 4-7) 9
TOTAL FM JUL 1 5754 CLOUDY (SCALE 8-10) 7
DPTR FM NORMAL 5496
[CDD (BASE 65) ]
TOTAL THIS MO. 0
DPTR FM NORMAL 0 [PRESSURE DATA]
TOTAL FM JAN 1 0 HIGHEST SLP M ON M
DPTR FM NORMAL 0 LOWEST SLP M ON M
[REMARKS]
#FINAL-02-22#