000
CXUS56 KMTR 010900
CF6STS
PRELIMINARY LOCAL CLIMATOLOGICAL DATA (WS FORM: F-6)
STATION: SANTA ROSA AIRPORT
MONTH: MARCH
YEAR: 2023
LATITUDE: 38 30 N
LONGITUDE: 122 49 W
TEMPERATURE IN F: :PCPN: SNOW: WIND :SUNSHINE: SKY :PK WND
================================================================================
1 2 3 4 5 6A 6B 7 8 9 10 11 12 13 14 15 16 17 18
12Z AVG MX 2MIN
DY MAX MIN AVG DEP HDD CDD WTR SNW DPTH SPD SPD DIR MIN PSBL S-S WX SPD DR
================================================================================
1 57 32 45 -7 20 0 0.00 M M 10.6 22 330 M M 1 31 310
2 61 31 46 -6 19 0 0.00 M M 3.9 13 160 M M 1 16 160
3 60 33 47 -5 18 0 0.00 M M 3.8 13 190 M M 2 1 17 190
4 54 38 46 -6 19 0 0.31 M M 6.7 21 280 M M 6 1 32 280
5 52 34 43 -9 22 0 0.30 M M 5.8 23 300 M M 6 1 33 210
6 52 35 44 -8 21 0 0.25 M M 2.9 20 290 M M 9 1 24 290
7 52 37 45 -8 20 0 0.16 M M 4.8 15 210 M M 8 12 20 230
8 56 36 46 -7 19 0 0.14 M M 5.7 14 190 M M 5 1 22 180
9 54 35 45 -8 20 0 3.66 M M 5.5 21 170 M M 10 1 29 170
10 60 46 53 0 12 0 0.34 M M 6.2 16 200 M M 7 1 23 200
11 53 43 48 -5 17 0 0.18 M M 3.0 10 180 M M 9 18 13 180
12 57 52 55 2 10 0 0.89 M M 8.4 16 190 M M 10 1 23 190
13 59 53 56 3 9 0 0.29 M M 8.3 18 200 M M 10 1 27 190
14 58 44 51 -2 14 0 2.08 M M 10.7 28 180 M M 8 1 42 180
15 64 37 51 -2 14 0 0.00 M M 3.9 13 190 M M 0 1 18 210
16 64 36 50 -3 15 0 0.00 M M 3.6 13 210 M M 1 12 17 200
17 68 36 52 -1 13 0 0.00 M M 2.5 12 250 M M 2 1 17 260
18 65 40 53 0 12 0 0.06 M M 3.6 14 180 M M 3 22 200
19 55 49 52 -2 13 0 0.68 M M 4.8 14 180 M M 9 1 22 200
20 57 41 49 -5 16 0 0.00 M M 4.6 15 190 M M 3 20 200
21 53 44 49 -5 16 0 1.34 M M 9.6 24 70 M M 10 1 32 70
22 60 44 52 -2 13 0 0.16 M M 5.9 17 350 M M 9 1 23 320
23 60 43 52 -2 13 0 T M M 7.7 22 270 M M 5 33 260
24 59 38 49 -5 16 0 0.00 M M 12.5 24 330 M M 2 35 320
25 61 39 50 -4 15 0 0.00 M M 12.0 22 320 M M 1 32 320
26 61 37 49 -5 16 0 0.00 M M 6.5 16 210 M M 1 22 210
27 60 31 46 -8 19 0 T M M 5.2 15 220 M M 4 23 180
28 53 44 49 -5 16 0 1.61 M M 9.7 20 290 M M 9 1 31 230
29 52 42 47 -7 18 0 0.39 M M 6.0 14 140 M M 10 18 18 140
30 60 39 50 -4 15 0 0.00 M M 4.4 14 240 M M 6 12 19 250
31 58 39 49 -5 16 0 0.00 M M 3.3 15 240 M M 5 1 19 250
================================================================================
SM 1795 1228 496 0 12.84 M 192.1 M 172
================================================================================
AV 57.9 39.6 6.2 FASTST M M 6 MAX(MPH)
MISC ----> 28 180 42 180
================================================================================
NOTES:
# LAST OF SEVERAL OCCURRENCES
COLUMN 17 PEAK WIND IN M.P.H.
PRELIMINARY LOCAL CLIMATOLOGICAL DATA (WS FORM: F-6) , PAGE 2
STATION: SANTA ROSA AIRPORT
MONTH: MARCH
YEAR: 2023
LATITUDE: 38 30 N
LONGITUDE: 122 49 W
[TEMPERATURE DATA] [PRECIPITATION DATA] SYMBOLS USED IN COLUMN 16
AVERAGE MONTHLY: 48.8 TOTAL FOR MONTH: 12.84 1 = FOG OR MIST
DPTR FM NORMAL: -4.5 DPTR FM NORMAL: 8.26 2 = FOG REDUCING VISIBILITY
HIGHEST: 68 ON 17 GRTST 24HR 4.00 ON 9-10 TO 1/4 MILE OR LESS
LOWEST: 31 ON 27, 2 3 = THUNDER
SNOW, ICE PELLETS, HAIL 4 = ICE PELLETS
TOTAL MONTH: M 5 = HAIL
GRTST 24HR M ON M 6 = FREEZING RAIN OR DRIZZLE
GRTST DEPTH: M ON M 7 = DUSTSTORM OR SANDSTORM:
VSBY 1/2 MILE OR LESS
8 = SMOKE OR HAZE
[NO. OF DAYS WITH] [WEATHER - DAYS WITH] 9 = BLOWING SNOW
X = TORNADO
MAX 32 OR BELOW: 0 0.01 INCH OR MORE: 17
MAX 90 OR ABOVE: 0 0.10 INCH OR MORE: 16
MIN 32 OR BELOW: 3 0.50 INCH OR MORE: 6
MIN 0 OR BELOW: 0 1.00 INCH OR MORE: 4
[HDD (BASE 65) ]
TOTAL THIS MO. 496 CLEAR (SCALE 0-3) 10
DPTR FM NORMAL 131 PTCLDY (SCALE 4-7) 10
TOTAL FM JUL 1 2662 CLOUDY (SCALE 8-10) 11
DPTR FM NORMAL 229
[CDD (BASE 65) ]
TOTAL THIS MO. 0
DPTR FM NORMAL -1 [PRESSURE DATA]
TOTAL FM JAN 1 0 HIGHEST SLP M ON M
DPTR FM NORMAL -1 LOWEST SLP 29.25 ON 21
[REMARKS]
#FINAL-03-23#