000
CXUS53 KGRB 310716
CF6SUE
PRELIMINARY LOCAL CLIMATOLOGICAL DATA (WS FORM: F-6)
STATION: STURGEON BAY WI
MONTH: MARCH
YEAR: 2023
LATITUDE: 44 55 N
LONGITUDE: 87 25 W
TEMPERATURE IN F: :PCPN: SNOW: WIND :SUNSHINE: SKY :PK WND
================================================================================
1 2 3 4 5 6A 6B 7 8 9 10 11 12 13 14 15 16 17 18
12Z AVG MX 2MIN
DY MAX MIN AVG DEP HDD CDD WTR SNW DPTH SPD SPD DIR MIN PSBL S-S WX SPD DR
================================================================================
1 39 28 34 M 31 0 0.01 M M 6.5 24 20 M M 10 1 29 20
2 34 17 26 M 39 0 M M M 10.9 24 20 M M 5 1 29 20
3 37 15 26 M 39 0 M M M 5.4 15 150 M M 3 M M
4 39 24 32 M 33 0 M M M 7.2 13 220 M M 2 1 M M
5 44 26 35 M 30 0 M M M 5.6 10 290 M M 1 M M
6 39 32 36 M 29 0 M M M 11.7 17 80 M M 10 1 28 70
7 36 25 31 M 34 0 M M M 7.6 12 30 M M 1 M M
8 39 20 30 M 35 0 M M M 5.7 12 130 M M 2 17 110
9 36 30 33 M 32 0 T M M 8.2 14 60 M M 7 21 60
10 32 25 29 M 36 0 0.03 M M 14.5 22 20 M M 10 1 24 20
11 34 25 30 M 35 0 T M M 8.3 12 30 M M 6 M M
12 35 27 31 M 34 0 0.09 M M 8.2 16 70 M M 10 1 24 70
13 28 15 22 M 43 0 T M M 15.7 21 20 M M 6 1 31 10
14 34 11 23 M 42 0 M M M 6.5 12 330 M M 0 M M
15 39 17 28 M 37 0 M M M 11.3 18 190 M M 3 28 190
16 38 35 37 M 28 0 0.50 M M 9.2 15 190 M M 9 1 22 190
17 36 15 26 M 39 0 0.18 M M 17.7 28 290 M M 10 1 39 300
18 25 10 18 M 47 0 T M M 15.1 22 340 M M 5 1 31 320
19 35 15 25 M 40 0 M M M 15.2 23 250 M M 0 31 250
20 39 27 33 M 32 0 M M M 9.5 20 250 M M 1 25 250
21 37 24 31 M 34 0 M M M 10.1 14 80 M M 4 22 90
22 42 35 39 M 26 0 0.23 M M 11.5 16 170 M M 8 1 23 190
23 42 28 35 M 30 0 M M M 8.2 16 360 M M 2 M M
24 39 26 33 M 32 0 M M M 5.9 9 120 M M 0 M M
25 36 23 30 M 35 0 0.03 M M 11.4 28 10 M M 6 12 33 10
26 45 26 36 M 29 0 M M M 5.7 10 40 M M 1 M M
27 43 21 32 M 33 0 M M M 6.9 13 10 M M 0 M M
28 39 28 34 M 31 0 M M M 7.8 14 250 M M 0 M M
29 34 22 28 M 37 0 M M M 12.3 20 340 M M 2 29 320
30 38 16 27 M 38 0 0.02 M M 8.5 17 190 M M 3 1 22 190
================================================================================
SM 1113 688 1040 0 1.09 M 288.4 M 127
================================================================================
AV 37.1 22.9 9.6 FASTST M M 4 MAX(MPH)
MISC ----> # 28 290 39 300
================================================================================
NOTES:
# LAST OF SEVERAL OCCURRENCES
COLUMN 17 PEAK WIND IN M.P.H.
PRELIMINARY LOCAL CLIMATOLOGICAL DATA (WS FORM: F-6) , PAGE 2
STATION: STURGEON BAY WI
MONTH: MARCH
YEAR: 2023
LATITUDE: 44 55 N
LONGITUDE: 87 25 W
[TEMPERATURE DATA] [PRECIPITATION DATA] SYMBOLS USED IN COLUMN 16
AVERAGE MONTHLY: 30.0 TOTAL FOR MONTH: 1.09 1 = FOG OR MIST
DPTR FM NORMAL: 0.0 DPTR FM NORMAL: 1.09 2 = FOG REDUCING VISIBILITY
HIGHEST: 45 ON 26 GRTST 24HR 0.50 ON 16-16 TO 1/4 MILE OR LESS
LOWEST: 10 ON 18 3 = THUNDER
SNOW, ICE PELLETS, HAIL 4 = ICE PELLETS
TOTAL MONTH: M 5 = HAIL
GRTST 24HR M ON M 6 = FREEZING RAIN OR DRIZZLE
GRTST DEPTH: M ON M 7 = DUSTSTORM OR SANDSTORM:
VSBY 1/2 MILE OR LESS
8 = SMOKE OR HAZE
[NO. OF DAYS WITH] [WEATHER - DAYS WITH] 9 = BLOWING SNOW
X = TORNADO
MAX 32 OR BELOW: 3 0.01 INCH OR MORE: 8
MAX 90 OR ABOVE: 0 0.10 INCH OR MORE: 3
MIN 32 OR BELOW: 28 0.50 INCH OR MORE: 1
MIN 0 OR BELOW: 0 1.00 INCH OR MORE: 0
[HDD (BASE 65) ]
TOTAL THIS MO. 1040 CLEAR (SCALE 0-3) 15
DPTR FM NORMAL M PTCLDY (SCALE 4-7) 8
TOTAL FM JUL 1 5918 CLOUDY (SCALE 8-10) 7
DPTR FM NORMAL 5680
[CDD (BASE 65) ]
TOTAL THIS MO. 0
DPTR FM NORMAL M [PRESSURE DATA]
TOTAL FM JAN 1 0 HIGHEST SLP M ON M
DPTR FM NORMAL 0 LOWEST SLP M ON M
[REMARKS]