000
CXUS53 KFSD 011642
CF6SUX
PRELIMINARY LOCAL CLIMATOLOGICAL DATA (WS FORM: F-6)
STATION: SIOUX CITY IA
MONTH: JULY
YEAR: 2022
LATITUDE: 42 24 N
LONGITUDE: 96 23 W
TEMPERATURE IN F: :PCPN: SNOW: WIND :SUNSHINE: SKY :PK WND
================================================================================
1 2 3 4 5 6A 6B 7 8 9 10 11 12 13 14 15 16 17 18
12Z AVG MX 2MIN
DY MAX MIN AVG DEP HDD CDD WTR SNW DPTH SPD SPD DIR MIN PSBL S-S WX SPD DR
================================================================================
1 87 63 75 1 0 10 0.00 0.0 0 5.1 18 210 M M 1 24 220
2 86 57 72 -2 0 7 0.00 0.0 0 8.3 17 170 M M 2 1 24 150
3 89 63 76 2 0 11 0.00 0.0 0 11.1 20 150 M M 1 27 170
4 93 69 81 7 0 16 0.85 0.0 0 9.2 26 180 M M 3 3 37 210
5 94 71 83 9 0 18 0.17 0.0 0 9.7 44 340 M M 1 13 58 340
6 89 68 79 5 0 14 T 0.0 0 6.8 15 150 M M 2 22 130
7 86 70 78 4 0 13 0.22 0.0 0 5.3 12 160 M M 5 1 20 40
8 87 69 78 4 0 13 T 0.0 0 7.2 21 40 M M 6 1 26 50
9 86 64 75 1 0 10 0.00 0.0 0 8.1 17 150 M M 1 1 22 170
10 93 69 81 7 0 16 0.00 0.0 0 12.5 26 200 M M 1 35 200
11 86 63 75 1 0 10 0.04 0.0 0 12.8 25 330 M M 3 13 33 330
12 87 57 72 -2 0 7 0.00 0.0 0 6.5 17 330 M M 0 24 330
13 93 60 77 3 0 12 0.00 0.0 0 5.0 10 90 M M 1 15 210
14 94 67 81 7 0 16 0.00 0.0 0 12.5 28 200 M M 0 36 180
15 95 71 83 9 0 18 0.00 0.0 0 9.7 21 10 M M 1 31 360
16 84 69 77 3 0 12 0.08 0.0 0 6.1 12 90 M M 5 1 15 130
17 90 64 77 3 0 12 0.00 0.0 0 3.9 10 60 M M 3 1 14 320
18 91 63 77 3 0 12 0.00 0.0 0 9.9 18 180 M M 0 1 24 190
19 92 68 80 6 0 15 0.00 0.0 0 14.4 26 320 M M 0 8 36 310
20 93 65 79 5 0 14 0.00 0.0 0 10.9 22 320 M M 0 8 31 310
21 93 65 79 5 0 14 T 0.0 0 7.6 18 360 M M 1 13 26 20
22 94 65 80 6 0 15 T 0.0 0 8.6 22 130 M M 1 3 30 130
23 95 71 83 9 0 18 0.08 0.0 0 10.9 31 230 M M 2 3 47 230
24 88 63 76 2 0 11 0.00 0.0 0 9.1 23 360 M M 0 29 360
25 72 61 67 -7 0 2 0.07 0.0 0 6.2 12 120 M M 7 14 120
26 85 66 76 2 0 11 0.29 0.0 0 5.5 21 340 M M 6 13 27 320
27 92 59 76 2 0 11 0.04 0.0 0 5.5 28 340 M M 2 123 33 330
28 82 55 69 -5 0 4 0.00 0.0 0 8.1 20 320 M M 1 1 38 350
29 85 52 69 -5 0 4 0.00 0.0 0 4.7 10 70 M M 0 1 16 60
30 87 56 72 -2 0 7 0.00 0.0 0 9.8 20 210 M M 0 28 200
31 97 59 78 4 0 13 0.02 0.0 0 10.6 23 190 M M 0 3 31 200
================================================================================
SM 2765 1982 0 366 1.86 0.0 261.6 M 56
================================================================================
AV 89.2 63.9 8.4 FASTST M M 2 MAX(MPH)
MISC ----> 44 340 58 340
================================================================================
NOTES:
# LAST OF SEVERAL OCCURRENCES
-COLUMN 17 PEAK WIND IN M.P.H.
-PRECIPITATION AMOUNTS IN COLUMNS 7,8 AND 9 ARE THE OFFICIAL
PRECIPITATION AMOUNTS FOR SIOUX CITY, IA.
-SNOW DEPTH IN COLUMN 9 IS RECORDED AT 6 AM CST (12Z).
PRELIMINARY LOCAL CLIMATOLOGICAL DATA (WS FORM: F-6) , PAGE 2
STATION: SIOUX CITY IA
MONTH: JULY
YEAR: 2022
LATITUDE: 42 24 N
LONGITUDE: 96 23 W
[TEMPERATURE DATA] [PRECIPITATION DATA] SYMBOLS USED IN COLUMN 16
AVERAGE MONTHLY: 76.6 TOTAL FOR MONTH: 1.86 1 = FOG OR MIST
DPTR FM NORMAL: 2.4 DPTR FM NORMAL: -1.49 2 = FOG REDUCING VISIBILITY
HIGHEST: 97 ON 31 GRTST 24HR 0.85 ON 4- 4 TO 1/4 MILE OR LESS
LOWEST: 52 ON 29 3 = THUNDER
SNOW, ICE PELLETS, HAIL 4 = ICE PELLETS
TOTAL MONTH: 0.0 INCH 5 = HAIL
GRTST 24HR 0.0 6 = FREEZING RAIN OR DRIZZLE
GRTST DEPTH: 0 7 = DUSTSTORM OR SANDSTORM:
VSBY 1/2 MILE OR LESS
8 = SMOKE OR HAZE
[NO. OF DAYS WITH] [WEATHER - DAYS WITH] 9 = BLOWING SNOW
X = TORNADO
MAX 32 OR BELOW: 0 0.01 INCH OR MORE: 10
MAX 90 OR ABOVE: 15 0.10 INCH OR MORE: 4
MIN 32 OR BELOW: 0 0.50 INCH OR MORE: 1
MIN 0 OR BELOW: 0 1.00 INCH OR MORE: 0
[HDD (BASE 65) ]
TOTAL THIS MO. 0 CLEAR (SCALE 0-3) 26
DPTR FM NORMAL -4 PTCLDY (SCALE 4-7) 5
TOTAL FM JUL 1 0 CLOUDY (SCALE 8-10) 0
DPTR FM NORMAL 0
[CDD (BASE 65) ]
TOTAL THIS MO. 366
DPTR FM NORMAL 77 [PRESSURE DATA]
TOTAL FM JAN 1 718 HIGHEST SLP 30.19 ON 9
DPTR FM NORMAL 169 LOWEST SLP 29.63 ON 19
[REMARKS]
#FINAL-07-22#