000
CXUS54 KEPZ 011130
CF6SVC
PRELIMINARY LOCAL CLIMATOLOGICAL DATA (WS FORM: F-6)
STATION: SILVER CITY
MONTH: JANUARY
YEAR: 2024
LATITUDE: 32 37 N
LONGITUDE: 108 10 W
TEMPERATURE IN F: :PCPN: SNOW: WIND :SUNSHINE: SKY :PK WND
================================================================================
1 2 3 4 5 6A 6B 7 8 9 10 11 12 13 14 15 16 17 18
12Z AVG MX 2MIN
DY MAX MIN AVG DEP HDD CDD WTR SNW DPTH SPD SPD DIR MIN PSBL S-S WX SPD DR
================================================================================
1 54 20 37 M 28 0 0.00 M M 6.5 10 150 M M 2 9 120
2 55 33 44 M 21 0 0.04 M M 6.5 13 280 M M 3 17 230
3 53 28 41 M 24 0 0.00 M M 6.7 13 170 M M 0 17 180
4 41 31 36 M 29 0 0.02 M M 15.7 35 290 M M 7 41 290
5 46 29 38 M 27 0 0.00 M M 13.3 23 280 M M 3 32 280
6 48 26 37 M 28 0 0.00 M M 8.7 14 280 M M 1 18 340
7 51 20 36 M 29 0 T M M 12.7 30 290 M M 3 41 290
8 33 19 26 M 39 0 T T M 21.7 35 290 M M 3 41 310
9 44 17 31 M 34 0 0.00 M M 10.7 18 290 M M 0 25 310
10 50 26 38 M 27 0 0.00 M M 16.0 30 300 M M 0 33 300
11 45 21 33 M 32 0 T M M 17.7 39 290 M M 3 48 290
12 41 14 28 M 37 0 0.00 M M 12.7 23 300 M M 0 28 310
13 53 19 36 M 29 0 0.00 M M 10.7 23 290 M M 0 29 290
14 57 27 42 M 23 0 0.00 M M 13.1 21 280 M M 0 30 280
15 56 22 39 M 26 0 0.00 M M 9.7 22 290 M M 0 27 290
16 58 24 41 M 24 0 0.00 M M 8.3 12 290 M M 0 M M
17 61 24 43 M 22 0 0.00 M M 9.9 24 280 M M 0 30 280
18 63 34 49 M 16 0 0.00 M M 11.7 26 290 M M 1 33 290
19 61 28 45 M 20 0 0.00 M M 6.2 10 140 M M 0 M M
20 55 27 41 M 24 0 0.00 M M 4.4 8 150 M M 1 M M
21 49 38 44 M 21 0 0.10 M M 7.7 16 280 M M 10 24 220
22 51 35 43 M 22 0 0.06 M M 7.0 15 280 M M 9 20 280
23 45 35 40 M 25 0 0.38 M M 5.4 13 320 M M 10 17 170
24 48 33 41 M 24 0 0.00 M M 9.5 16 300 M M 7 21 290
25 51 33 42 M 23 0 0.03 M M 10.2 17 280 M M 5 22 280
26 52 32 42 M 23 0 0.00 M M 11.7 21 310 M M 3 27 320
27 55 28 42 M 23 0 0.00 M M 6.0 13 120 M M 0 17 120
28 57 28 43 M 22 0 0.00 M M 6.6 13 150 M M 0 16 150
29 60 29 45 M 20 0 0.00 M M 6.0 12 360 M M 0 M M
30 62 33 48 M 17 0 0.01 M M 6.2 12 350 M M 1 8 M M
31 60 39 50 M 15 0 0.05 M M 5.3 10 350 M M 7 M M
================================================================================
SM 1615 852 774 0 0.69 T 304.4 M 79
================================================================================
AV 52.1 27.5 9.8 FASTST M M 3 MAX(MPH)
MISC ----> 39 290 48 290
================================================================================
NOTES:
# LAST OF SEVERAL OCCURRENCES
COLUMN 17 PEAK WIND IN M.P.H.
PRELIMINARY LOCAL CLIMATOLOGICAL DATA (WS FORM: F-6) , PAGE 2
STATION: SILVER CITY
MONTH: JANUARY
YEAR: 2024
LATITUDE: 32 37 N
LONGITUDE: 108 10 W
[TEMPERATURE DATA] [PRECIPITATION DATA] SYMBOLS USED IN COLUMN 16
AVERAGE MONTHLY: 39.8 TOTAL FOR MONTH: 0.69 1 = FOG OR MIST
DPTR FM NORMAL: 0.0 DPTR FM NORMAL: M 2 = FOG REDUCING VISIBILITY
HIGHEST: 63 ON 18 GRTST 24HR 0.38 ON 23-24 TO 1/4 MILE OR LESS
LOWEST: 14 ON 12 3 = THUNDER
SNOW, ICE PELLETS, HAIL 4 = ICE PELLETS
TOTAL MONTH: T 5 = HAIL
GRTST 24HR T ON 8- 8 6 = FREEZING RAIN OR DRIZZLE
GRTST DEPTH: M ON M 7 = DUSTSTORM OR SANDSTORM:
VSBY 1/2 MILE OR LESS
8 = SMOKE OR HAZE
[NO. OF DAYS WITH] [WEATHER - DAYS WITH] 9 = BLOWING SNOW
X = TORNADO
MAX 32 OR BELOW: 0 0.01 INCH OR MORE: 8
MAX 90 OR ABOVE: 0 0.10 INCH OR MORE: 1
MIN 32 OR BELOW: 22 0.50 INCH OR MORE: 0
MIN 0 OR BELOW: 0 1.00 INCH OR MORE: 0
[HDD (BASE 65) ]
TOTAL THIS MO. 774 CLEAR (SCALE 0-3) 22
DPTR FM NORMAL M PTCLDY (SCALE 4-7) 6
TOTAL FM JUL 1 2013 CLOUDY (SCALE 8-10) 3
DPTR FM NORMAL M
[CDD (BASE 65) ]
TOTAL THIS MO. 0
DPTR FM NORMAL M [PRESSURE DATA]
TOTAL FM JAN 1 0 HIGHEST SLP M ON M
DPTR FM NORMAL M LOWEST SLP M ON M
[REMARKS]
#FINAL-01-24#