000
CXUS54 KEWX 011010
CF6T82
PRELIMINARY LOCAL CLIMATOLOGICAL DATA (WS FORM: F-6)
STATION: FREDERICKSBURG
MONTH: JULY
YEAR: 2021
LATITUDE: 30 15 N
LONGITUDE: 98 55 W
TEMPERATURE IN F: :PCPN: SNOW: WIND :SUNSHINE: SKY :PK WND
================================================================================
1 2 3 4 5 6A 6B 7 8 9 10 11 12 13 14 15 16 17 18
12Z AVG MX 2MIN
DY MAX MIN AVG DEP HDD CDD WTR SNW DPTH SPD SPD DIR MIN PSBL S-S WX SPD DR
================================================================================
1 90 70 80 M 0 15 0.00 M M 2.3 6 150 M M 4 1 M M
2 92 72 82 M 0 17 0.00 M M 3.2 8 90 M M 2 M M
3 90 71 81 M 0 16 0.00 M M 4.6 15 40 M M 5 18 40
4 87 73 80 M 0 15 0.75 M M 2.5 7 140 M M 8 13 M M
5 82 71 77 M 0 12 0.28 M M 2.5 8 220 M M 8 1 M M
6 83 69 76 M 0 11 2.47 M M 3.0 9 60 M M 7 1 M M
7 85 68 77 M 0 12 0.00 M M 4.4 10 90 M M 6 1 16 90
8 86 67 77 M 0 12 0.09 M M 5.4 10 40 M M 7 21 60
9 78 72 75 M 0 10 0.37 M M 6.4 10 150 M M 10 1 17 110
10 86 70 78 M 0 13 0.10 M M 7.1 15 180 M M 7 21 170
11 88 73 81 M 0 16 0.00 M M 4.8 13 170 M M 6 1 18 190
12 83 72 78 M 0 13 0.00 M M 5.0 13 40 M M 3 20 80
13 88 65 77 M 0 12 0.00 M M 4.5 17 150 M M 4 1 24 150
14 88 70 79 M 0 14 0.00 M M 6.9 13 160 M M 5 23 150
15 88 70 79 M 0 14 0.00 M M 8.2 15 190 M M 5 20 180
16 88 72 80 M 0 15 0.00 M M 9.5 16 190 M M 6 22 190
17 88 71 80 M 0 15 0.00 M M 7.8 14 180 M M 6 17 160
18 89 67 78 M 0 13 0.00 M M 3.9 10 180 M M 2 M M
19 90 70 80 M 0 15 1.35 M M 4.4 28 40 M M 4 3 41 40
20 86 68 77 M 0 12 0.00 M M 4.3 12 40 M M 4 17 50
21 86 68 77 M 0 12 0.00 M M 3.5 8 60 M M 4 M M
22 88 67 78 M 0 13 0.00 M M 4.4 13 190 M M 3 21 170
23 90 72 81 M 0 16 0.00 M M 10.4 20 190 M M 5 27 200
24 93 74 84 M 0 19 0.00 M M 9.5 16 190 M M 3 23 190
25 95 70 83 M 0 18 0.00 M M 6.4 12 210 M M 2 18 210
26 94 68 81 M 0 16 0.00 M M 3.6 8 210 M M 2 18 210
27 93 68 81 M 0 16 0.00 M M 2.8 7 230 M M 1 M M
28 92 69 81 M 0 16 0.00 M M 1.9 8 150 M M 1 M M
29 93 69 81 M 0 16 0.00 M M 2.5 8 120 M M 1 17 120
30 92 67 80 M 0 15 0.00 M M 2.0 9 160 M M 1 M M
31 94 69 82 M 0 17 0.00 M M 3.3 9 140 M M 1 M M
================================================================================
SM 2745 2162 0 446 5.41 M 151.0 M 133
================================================================================
AV 88.5 69.7 4.9 FASTST M M 4 MAX(MPH)
MISC ----> 28 40 41 40
================================================================================
NOTES:
# LAST OF SEVERAL OCCURRENCES
COLUMN 17 PEAK WIND IN M.P.H.
PRELIMINARY LOCAL CLIMATOLOGICAL DATA (WS FORM: F-6) , PAGE 2
STATION: FREDERICKSBURG
MONTH: JULY
YEAR: 2021
LATITUDE: 30 15 N
LONGITUDE: 98 55 W
[TEMPERATURE DATA] [PRECIPITATION DATA] SYMBOLS USED IN COLUMN 16
AVERAGE MONTHLY: 79.1 TOTAL FOR MONTH: 5.41 1 = FOG OR MIST
DPTR FM NORMAL: 0.0 DPTR FM NORMAL: M 2 = FOG REDUCING VISIBILITY
HIGHEST: 95 ON 25 GRTST 24HR 2.47 ON 6- 6 TO 1/4 MILE OR LESS
LOWEST: 65 ON 13 3 = THUNDER
SNOW, ICE PELLETS, HAIL 4 = ICE PELLETS
TOTAL MONTH: 0.0 INCH 5 = HAIL
GRTST 24HR M ON M 6 = FREEZING RAIN OR DRIZZLE
GRTST DEPTH: 0 7 = DUSTSTORM OR SANDSTORM:
VSBY 1/2 MILE OR LESS
8 = SMOKE OR HAZE
[NO. OF DAYS WITH] [WEATHER - DAYS WITH] 9 = BLOWING SNOW
X = TORNADO
MAX 32 OR BELOW: 0 0.01 INCH OR MORE: 7
MAX 90 OR ABOVE: 13 0.10 INCH OR MORE: 6
MIN 32 OR BELOW: 0 0.50 INCH OR MORE: 3
MIN 0 OR BELOW: 0 1.00 INCH OR MORE: 2
[HDD (BASE 65) ]
TOTAL THIS MO. 0 CLEAR (SCALE 0-3) 10
DPTR FM NORMAL M PTCLDY (SCALE 4-7) 20
TOTAL FM JUL 1 0 CLOUDY (SCALE 8-10) 1
DPTR FM NORMAL M
[CDD (BASE 65) ]
TOTAL THIS MO. 446
DPTR FM NORMAL M [PRESSURE DATA]
TOTAL FM JAN 1 1174 HIGHEST SLP M ON M
DPTR FM NORMAL M LOWEST SLP M ON M
[REMARKS]
#FINAL-07-21#