000
CXUS55 KPUB 011210
CF6TAD
PRELIMINARY LOCAL CLIMATOLOGICAL DATA (WS FORM: F-6)
STATION: TRINIDAD CO
MONTH: SEPTEMBER
YEAR: 2022
LATITUDE: 37 16 N
LONGITUDE: 104 20 W
TEMPERATURE IN F: :PCPN: SNOW: WIND :SUNSHINE: SKY :PK WND
================================================================================
1 2 3 4 5 6A 6B 7 8 9 10 11 12 13 14 15 16 17 18
12Z AVG MX 2MIN
DY MAX MIN AVG DEP HDD CDD WTR SNW DPTH SPD SPD DIR MIN PSBL S-S WX SPD DR
================================================================================
1 90 54 72 2 0 7 0.00 M M 7.2 20 220 M M 0 24 220
2 93 57 75 5 0 10 0.00 M M 10.5 24 130 M M 0 34 130
3 84 58 71 1 0 6 T M M 11.0 31 350 M M 2 42 350
4 90 59 75 5 0 10 0.00 M M 9.3 18 250 M M 0 24 250
5 93 55 74 4 0 9 0.00 M M 7.8 15 70 M M 0 22 60
6 94 52 73 4 0 8 0.00 M M 9.5 17 260 M M 0 22 250
7 94 57 76 7 0 11 0.00 M M 8.7 15 120 M M 0 21 110
8 96 57 77 8 0 12 0.00 M M 7.2 16 240 M M 0 21 240
9 77 55 66 -2 0 1 T M M 8.2 15 50 M M 1 24 70
10 55 48 52 -16 13 0 0.03 M M 7.1 13 70 M M 9 1 15 60
11 80 49 65 -3 0 0 0.00 M M 5.0 12 110 M M 3 18 110
12 89 49 69 2 0 4 0.00 M M 8.1 15 250 M M 0 21 250
13 88 52 70 3 0 5 0.00 M M 10.4 26 150 M M 0 38 150
14 81 57 69 2 0 4 T M M 6.6 18 310 M M 3 3 25 300
15 83 49 66 0 0 1 0.09 M M 6.5 17 240 M M 1 24 70
16 87 45 66 0 0 1 0.00 M M 8.5 18 250 M M 1 24 240
17 91 46 69 3 0 4 0.00 M M 10.8 25 240 M M 0 33 240
18 91 55 73 8 0 8 0.00 M M 12.4 36 200 M M 0 52 200
19 89 63 76 11 0 11 0.00 M M 7.8 23 230 M M 1 33 220
20 94 59 77 13 0 12 0.00 M M 11.5 24 260 M M 0 34 260
21 73 49 61 -3 4 0 0.07 M M 9.2 24 250 M M 6 1 31 250
22 73 45 59 -5 6 0 0.17 M M 4.8 16 20 M M 6 13 22 360
23 85 53 69 6 0 4 0.00 M M 6.9 16 250 M M 0 21 250
24 84 46 65 2 0 0 0.00 M M 6.9 13 260 M M 0 16 40
25 77 50 64 2 1 0 0.00 M M 8.4 16 90 M M 1 24 90
26 85 45 65 3 0 0 0.00 M M 9.0 18 260 M M 0 24 260
27 85 49 67 6 0 2 T M M 10.2 17 80 M M 2 25 130
28 81 52 67 6 0 2 T M M 8.8 25 200 M M 2 3 38 190
29 85 55 70 10 0 5 T M M 12.4 32 240 M M 1 46 240
30 84 48 66 6 0 1 0.00 M M 11.7 30 200 M M 1 42 190
================================================================================
SM 2551 1568 24 138 0.36 M 262.4 M 40
================================================================================
AV 85.0 52.3 8.7 FASTST M M 1 MAX(MPH)
MISC ----> 36 200 52 200
================================================================================
NOTES:
# LAST OF SEVERAL OCCURRENCES
COLUMN 17 PEAK WIND IN M.P.H.
PRELIMINARY LOCAL CLIMATOLOGICAL DATA (WS FORM: F-6) , PAGE 2
STATION: TRINIDAD CO
MONTH: SEPTEMBER
YEAR: 2022
LATITUDE: 37 16 N
LONGITUDE: 104 20 W
[TEMPERATURE DATA] [PRECIPITATION DATA] SYMBOLS USED IN COLUMN 16
AVERAGE MONTHLY: 68.7 TOTAL FOR MONTH: 0.36 1 = FOG OR MIST
DPTR FM NORMAL: 2.8 DPTR FM NORMAL: -0.74 2 = FOG REDUCING VISIBILITY
HIGHEST: 96 ON 8 GRTST 24HR 0.22 ON 21-22 TO 1/4 MILE OR LESS
LOWEST: 45 ON 26,22 3 = THUNDER
SNOW, ICE PELLETS, HAIL 4 = ICE PELLETS
TOTAL MONTH: M 5 = HAIL
GRTST 24HR M ON M 6 = FREEZING RAIN OR DRIZZLE
GRTST DEPTH: M ON M 7 = DUSTSTORM OR SANDSTORM:
VSBY 1/2 MILE OR LESS
8 = SMOKE OR HAZE
[NO. OF DAYS WITH] [WEATHER - DAYS WITH] 9 = BLOWING SNOW
X = TORNADO
MAX 32 OR BELOW: 0 0.01 INCH OR MORE: 4
MAX 90 OR ABOVE: 10 0.10 INCH OR MORE: 1
MIN 32 OR BELOW: 0 0.50 INCH OR MORE: 0
MIN 0 OR BELOW: 0 1.00 INCH OR MORE: 0
[HDD (BASE 65) ]
TOTAL THIS MO. 24 CLEAR (SCALE 0-3) 27
DPTR FM NORMAL -55 PTCLDY (SCALE 4-7) 2
TOTAL FM JUL 1 29 CLOUDY (SCALE 8-10) 1
DPTR FM NORMAL -58
[CDD (BASE 65) ]
TOTAL THIS MO. 138
DPTR FM NORMAL 35 [PRESSURE DATA]
TOTAL FM JAN 1 958 HIGHEST SLP 30.36 ON 10
DPTR FM NORMAL 87 LOWEST SLP 29.59 ON 9
[REMARKS]
#FINAL-09-22#