000
CXUS54 KEPZ 011130
CF6TCS
PRELIMINARY LOCAL CLIMATOLOGICAL DATA (WS FORM: F-6)
STATION: TRUTH OR CONSEQUENCES
MONTH: NOVEMBER
YEAR: 2021
LATITUDE: 33 13 N
LONGITUDE: 107 16 W
TEMPERATURE IN F: :PCPN: SNOW: WIND :SUNSHINE: SKY :PK WND
================================================================================
1 2 3 4 5 6A 6B 7 8 9 10 11 12 13 14 15 16 17 18
12Z AVG MX 2MIN
DY MAX MIN AVG DEP HDD CDD WTR SNW DPTH SPD SPD DIR MIN PSBL S-S WX SPD DR
================================================================================
1 75 45 60 4 5 0 0.00 M M 6.1 14 280 M M 0 18 290
2 74 47 61 5 4 0 0.00 M M 5.8 16 310 M M 0 20 310
3 73 46 60 5 5 0 0.00 M M 7.0 14 80 M M 0 21 100
4 68 41 55 0 10 0 0.00 M M 6.4 16 200 M M 0 22 180
5 75 41 58 4 7 0 0.00 M M 5.4 10 290 M M 0 17 120
6 77 44 61 7 4 0 0.00 M M 6.8 14 190 M M 0 19 200
7 80 48 64 11 1 0 0.00 M M 8.4 17 180 M M 0 24 190
8 73 49 61 8 4 0 0.00 M M 6.2 17 200 M M 0 22 200
9 73 44 59 6 6 0 0.00 M M 6.8 14 310 M M 0 8 18 310
10 73 49 61 9 4 0 0.00 M M 13.8 25 330 M M 0 39 320
11 68 43 56 4 9 0 0.00 M M 6.0 14 310 M M 0 19 120
12 70 40 55 4 10 0 0.00 M M 5.7 14 60 M M 0 18 60
13 73 37 55 4 10 0 0.00 M M 5.2 13 200 M M 0 17 210
14 73 43 58 8 7 0 0.00 M M 6.2 14 290 M M 0 19 320
15 75 41 58 8 7 0 0.00 M M 5.0 14 330 M M 0 17 330
16 76 42 59 9 6 0 0.00 M M 7.5 15 300 M M 0 18 300
17 68 46 57 8 8 0 0.00 M M 6.7 20 20 M M 0 29 10
18 57 36 47 -2 18 0 0.00 M M 7.8 22 20 M M 0 31 30
19 63 33 48 0 17 0 0.00 M M 6.0 14 190 M M 0 18 200
20 73 35 54 6 11 0 0.00 M M 6.0 15 200 M M 0 20 190
21 57 40 49 1 16 0 0.00 M M 11.3 23 40 M M 0 32 10
22 60 33 47 0 18 0 0.00 M M 4.4 10 330 M M 0 15 310
23 64 37 51 4 14 0 0.00 M M 5.7 15 190 M M 0 19 180
24 63 49 56 9 9 0 T M M 8.0 18 190 M M 6 26 180
25 55 41 48 2 17 0 0.00 M M 10.6 25 20 M M 8 38 20
26 60 34 47 1 18 0 0.00 M M 5.3 14 190 M M 0 17 200
27 65 35 50 4 15 0 0.00 M M 4.8 16 40 M M 0 8 23 30
28 65 36 51 6 14 0 0.00 M M 5.7 10 320 M M 0 14 320
29 67 36 52 7 13 0 0.00 M M 5.5 10 170 M M 0 8 13 120
30 65 36 51 6 14 0 0.00 M M 5.5 12 310 M M 0 16 310
================================================================================
SM 2058 1227 301 0 T M 201.6 M 14
================================================================================
AV 68.6 40.9 6.7 FASTST M M 0 MAX(MPH)
MISC ----> # 25 330 39 320
================================================================================
NOTES:
# LAST OF SEVERAL OCCURRENCES
COLUMN 17 PEAK WIND IN M.P.H.
PRELIMINARY LOCAL CLIMATOLOGICAL DATA (WS FORM: F-6) , PAGE 2
STATION: TRUTH OR CONSEQUENCES
MONTH: NOVEMBER
YEAR: 2021
LATITUDE: 33 13 N
LONGITUDE: 107 16 W
[TEMPERATURE DATA] [PRECIPITATION DATA] SYMBOLS USED IN COLUMN 16
AVERAGE MONTHLY: 54.8 TOTAL FOR MONTH: T 1 = FOG OR MIST
DPTR FM NORMAL: 4.7 DPTR FM NORMAL: -0.51 2 = FOG REDUCING VISIBILITY
HIGHEST: 80 ON 7 GRTST 24HR T ON 24-24 TO 1/4 MILE OR LESS
LOWEST: 33 ON 22,19 3 = THUNDER
SNOW, ICE PELLETS, HAIL 4 = ICE PELLETS
TOTAL MONTH: M 5 = HAIL
GRTST 24HR M ON M 6 = FREEZING RAIN OR DRIZZLE
GRTST DEPTH: M ON M 7 = DUSTSTORM OR SANDSTORM:
VSBY 1/2 MILE OR LESS
8 = SMOKE OR HAZE
[NO. OF DAYS WITH] [WEATHER - DAYS WITH] 9 = BLOWING SNOW
X = TORNADO
MAX 32 OR BELOW: 0 0.01 INCH OR MORE: 0
MAX 90 OR ABOVE: 0 0.10 INCH OR MORE: 0
MIN 32 OR BELOW: 0 0.50 INCH OR MORE: 0
MIN 0 OR BELOW: 0 1.00 INCH OR MORE: 0
[HDD (BASE 65) ]
TOTAL THIS MO. 301 CLEAR (SCALE 0-3) 28
DPTR FM NORMAL -148 PTCLDY (SCALE 4-7) 2
TOTAL FM JUL 1 397 CLOUDY (SCALE 8-10) 0
DPTR FM NORMAL -191
[CDD (BASE 65) ]
TOTAL THIS MO. 0
DPTR FM NORMAL -1 [PRESSURE DATA]
TOTAL FM JAN 1 1881 HIGHEST SLP 30.40 ON 22
DPTR FM NORMAL 52 LOWEST SLP 29.76 ON 16
[REMARKS]
#FINAL-11-21#