000
CXUS52 KTAE 010800
CF6TLH
PRELIMINARY LOCAL CLIMATOLOGICAL DATA (WS FORM: F-6)
STATION: TALLAHASSEE
MONTH: MARCH
YEAR: 2022
LATITUDE: 30 22 N
LONGITUDE: 84 22 W
TEMPERATURE IN F: :PCPN: SNOW: WIND :SUNSHINE: SKY :PK WND
================================================================================
1 2 3 4 5 6A 6B 7 8 9 10 11 12 13 14 15 16 17 18
12Z AVG MX 2MIN
DY MAX MIN AVG DEP HDD CDD WTR SNW DPTH SPD SPD DIR MIN PSBL S-S WX SPD DR
================================================================================
1 74 42 58 -1 7 0 0.00 0.0 0 4.0 12 340 M M 2 16 10
2 79 37 58 -1 7 0 0.00 0.0 M 2.2 9 180 M M 0 8 13 10
3 81 37 59 0 6 0 0.00 0.0 M 2.3 12 210 M M 3 18 280
4 84 39 62 3 3 0 0.00 0.0 M 3.6 17 130 M M 0 25 130
5 82 47 65 6 0 0 0.00 0.0 M 5.3 18 180 M M 2 12 24 160
6 82 51 67 7 0 2 0.00 0.0 0 5.5 20 170 M M 2 1 26 160
7 81 53 67 7 0 2 0.00 M M 7.1 20 160 M M 5 26 190
8 83 67 75 15 0 10 0.00 0.0 0 5.4 18 200 M M 9 1 24 200
9 71 64 68 8 0 3 1.24 0.0 0 6.1 13 180 M M 10 13 17 160
10 68 63 66 6 0 1 0.25 M M 3.8 16 130 M M 10 13 19 130
11 71 64 68 8 0 3 1.00 M M 7.2 18 200 M M 9 13 27 180
12 70 39 55 -6 10 0 0.42 M M 17.9 38 300 M M 6 1 46 310
13 61 32 47 -14 18 0 0.00 M M 5.2 13 50 M M 0 17 40
14 73 34 54 -7 11 0 0.00 M M 5.0 17 160 M M 3 25 150
15 68 56 62 1 3 0 0.98 0.0 0 8.6 20 110 M M 9 1 26 120
16 79 56 68 6 0 3 T 0.0 0 8.6 20 220 M M 7 1 29 210
17 80 48 64 2 1 0 0.00 0.0 0 2.8 12 190 M M 5 12 15 190
18 77 54 66 4 0 1 2.21 0.0 0 8.3 22 210 M M 9 123 31 210
19 75 61 68 6 0 3 0.23 0.0 0 7.7 21 280 M M 9 13 29 290
20 74 46 60 -2 5 0 0.00 0.0 0 7.1 18 30 M M 1 24 30
21 79 41 60 -2 5 0 0.00 0.0 0 5.8 18 100 M M 1 25 110
22 78 55 67 5 0 2 T 0.0 0 11.0 22 160 M M 5 30 170
23 74 62 68 5 0 3 1.35 0.0 0 9.8 22 150 M M 9 13 29 150
24 67 54 61 -2 4 0 0.37 0.0 0 4.9 14 350 M M 9 13 18 350
25 74 45 60 -3 5 0 0.00 0.0 M 6.9 24 290 M M 1 31 300
26 76 44 60 -3 5 0 0.00 M M 8.3 26 300 M M 0 33 290
27 80 44 62 -1 3 0 0.00 0.0 M 6.2 22 290 M M 0 27 300
28 86 49 68 4 0 3 0.00 0.0 M 6.2 21 300 M M 1 1 28 290
29 84 54 69 5 0 4 0.00 0.0 0 4.4 9 180 M M 7 12 16 180
30 80 53 67 3 0 2 0.00 0.0 0 12.3 29 160 M M 5 1 44 170
31 81 64 73 9 0 8 1.00 0.0 M 12.3 30 170 M M 7 13 40 190
================================================================================
SM 2372 1555 93 50 9.05 0.0 211.8 M 146
================================================================================
AV 76.5 50.2 6.8 FASTST M M 5 MAX(MPH)
MISC ----> 38 300 46 310
================================================================================
NOTES:
# LAST OF SEVERAL OCCURRENCES
COLUMN 17 PEAK WIND IN M.P.H.
PRELIMINARY LOCAL CLIMATOLOGICAL DATA (WS FORM: F-6) , PAGE 2
STATION: TALLAHASSEE
MONTH: MARCH
YEAR: 2022
LATITUDE: 30 22 N
LONGITUDE: 84 22 W
[TEMPERATURE DATA] [PRECIPITATION DATA] SYMBOLS USED IN COLUMN 16
AVERAGE MONTHLY: 63.3 TOTAL FOR MONTH: 9.05 1 = FOG OR MIST
DPTR FM NORMAL: 1.9 DPTR FM NORMAL: 3.81 2 = FOG REDUCING VISIBILITY
HIGHEST: 86 ON 28 GRTST 24HR 2.28 ON 18-19 TO 1/4 MILE OR LESS
LOWEST: 32 ON 13 3 = THUNDER
SNOW, ICE PELLETS, HAIL 4 = ICE PELLETS
TOTAL MONTH: 0.0 INCH 5 = HAIL
GRTST 24HR 0.0 6 = FREEZING RAIN OR DRIZZLE
GRTST DEPTH: 0 7 = DUSTSTORM OR SANDSTORM:
VSBY 1/2 MILE OR LESS
8 = SMOKE OR HAZE
[NO. OF DAYS WITH] [WEATHER - DAYS WITH] 9 = BLOWING SNOW
X = TORNADO
MAX 32 OR BELOW: 0 0.01 INCH OR MORE: 10
MAX 90 OR ABOVE: 0 0.10 INCH OR MORE: 10
MIN 32 OR BELOW: 1 0.50 INCH OR MORE: 6
MIN 0 OR BELOW: 0 1.00 INCH OR MORE: 5
[HDD (BASE 65) ]
TOTAL THIS MO. 93 CLEAR (SCALE 0-3) 14
DPTR FM NORMAL -70 PTCLDY (SCALE 4-7) 8
TOTAL FM JUL 1 1191 CLOUDY (SCALE 8-10) 9
DPTR FM NORMAL -226
[CDD (BASE 65) ]
TOTAL THIS MO. 50
DPTR FM NORMAL -1 [PRESSURE DATA]
TOTAL FM JAN 1 86 HIGHEST SLP M ON M
DPTR FM NORMAL 13 LOWEST SLP 29.60 ON 12
[REMARKS]
#FINAL-03-22#