000
CXUS54 KBMX 011010
CF6TOI
PRELIMINARY LOCAL CLIMATOLOGICAL DATA (WS FORM: F-6)
STATION: TROY
MONTH: AUGUST
YEAR: 2021
LATITUDE: 31 51 N
LONGITUDE: 86 1 W
TEMPERATURE IN F: :PCPN: SNOW: WIND :SUNSHINE: SKY :PK WND
================================================================================
1 2 3 4 5 6A 6B 7 8 9 10 11 12 13 14 15 16 17 18
12Z AVG MX 2MIN
DY MAX MIN AVG DEP HDD CDD WTR SNW DPTH SPD SPD DIR MIN PSBL S-S WX SPD DR
================================================================================
1 97 75 86 5 0 21 T 0.0 0 4.3 24 330 M M 1 38 31 350
2 92 70 81 0 0 16 1.40 0.0 0 3.5 26 340 M M 4 138 32 340
3 90 71 81 0 0 16 0.00 0.0 0 2.7 12 330 M M 5 18 14 340
4 87 72 80 -1 0 15 0.01 0.0 0 2.9 10 350 M M 5 18 14 60
5 91 72 82 1 0 17 0.00 0.0 0 3.5 13 40 M M 3 18 16 40
6 91 69 80 -1 0 15 0.00 0.0 0 2.8 10 40 M M 1 18 13 70
7 92 71 82 1 0 17 0.01 0.0 0 1.6 14 220 M M 2 18 18 220
8 95 71 83 2 0 18 0.00 0.0 0 1.0 8 240 M M 2 18 10 240
9 95 73 84 3 0 19 0.11 0.0 M 2.3 12 10 M M 1 138 16 240
10 97 73 85 4 0 20 0.12 0.0 0 1.8 20 50 M M 1 138 31 40
11 95 72 84 3 0 19 1.34 0.0 0 3.8 25 280 M M 2 13 36 260
12 94 71 83 2 0 18 0.43 0.0 0 3.9 31 150 M M 2 3 42 140
13 95 69 82 1 0 17 0.00 0.0 0 1.3 7 60 M M 0 18 9 240
14 97 73 85 5 0 20 0.70 0.0 M 2.4 14 170 M M 2 138 19 180
15 92 73 83 3 0 18 0.01 0.0 M 2.7 17 100 M M 2 18 22 120
16 85 73 79 -1 0 14 0.46 0.0 M 7.6 22 70 M M 6 1 33 30
17 92 75 84 4 0 19 T 0.0 0 5.8 20 360 M M 6 27 350
18 95 73 84 4 0 19 0.00 0.0 M 2.3 9 170 M M 1 18 14 170
19 95 75 85 5 0 20 0.02 0.0 M 3.1 21 340 M M 2 1238 25 350
20 92 74 83 3 0 18 0.01 0.0 0 4.0 17 200 M M 3 138 23 210
21 93 74 84 4 0 19 0.09 0.0 0 5.1 16 230 M M 4 138 27 220
22 92 75 84 4 0 19 0.20 0.0 0 3.9 12 230 M M 4 16 260
23 97 74 86 6 0 21 T 0.0 0 2.8 12 330 M M 1 18 15 330
24 96 75 86 6 0 21 0.00 0.0 0 3.1 10 70 M M 1 18 13 90
25 93 74 84 4 0 19 0.01 0.0 M 3.0 17 150 M M 3 18 24 140
26 93 74 84 4 0 19 0.00 0.0 0 4.3 12 80 M M 4 18 14 90
27 92 74 83 3 0 18 0.00 0.0 0 4.4 12 110 M M 3 15 100
28 93 74 84 5 0 19 0.12 0.0 0 6.0 22 120 M M 5 3 29 130
29 M M M M M M M 0.0 0 M M M M M M M M
30 81 75 78 -1 0 13 0.45 0.0 0 8.1 15 140 M M 7 3 23 150
31 87 76 82 3 0 17 0.41 0.0 0 9.2 20 240 M M 9 3 29 170
================================================================================
SM 2776 2190 0 541 5.90 0.0 113.2 M 92
================================================================================
AV 92.5 73.0 3.8 FASTST M M 3 MAX(MPH)
MISC ----> 31 150 42 140
================================================================================
NOTES:
# LAST OF SEVERAL OCCURRENCES
COLUMN 17 PEAK WIND IN M.P.H.
PRELIMINARY LOCAL CLIMATOLOGICAL DATA (WS FORM: F-6) , PAGE 2
STATION: TROY
MONTH: AUGUST
YEAR: 2021
LATITUDE: 31 51 N
LONGITUDE: 86 1 W
[TEMPERATURE DATA] [PRECIPITATION DATA] SYMBOLS USED IN COLUMN 16
AVERAGE MONTHLY: 82.8 TOTAL FOR MONTH: 5.90 1 = FOG OR MIST
DPTR FM NORMAL: 2.6 DPTR FM NORMAL: 1.48 2 = FOG REDUCING VISIBILITY
HIGHEST: 97 ON 23,14 GRTST 24HR 1.40 ON 2- 2 TO 1/4 MILE OR LESS
LOWEST: 69 ON 13, 6 3 = THUNDER
SNOW, ICE PELLETS, HAIL 4 = ICE PELLETS
TOTAL MONTH: 0.0 INCH 5 = HAIL
GRTST 24HR 0.0 6 = FREEZING RAIN OR DRIZZLE
GRTST DEPTH: 0 7 = DUSTSTORM OR SANDSTORM:
VSBY 1/2 MILE OR LESS
8 = SMOKE OR HAZE
[NO. OF DAYS WITH] [WEATHER - DAYS WITH] 9 = BLOWING SNOW
X = TORNADO
MAX 32 OR BELOW: 0 0.01 INCH OR MORE: 18
MAX 90 OR ABOVE: 26 0.10 INCH OR MORE: 11
MIN 32 OR BELOW: 0 0.50 INCH OR MORE: 3
MIN 0 OR BELOW: 0 1.00 INCH OR MORE: 2
[HDD (BASE 65) ]
TOTAL THIS MO. 0 CLEAR (SCALE 0-3) 19
DPTR FM NORMAL 0 PTCLDY (SCALE 4-7) 10
TOTAL FM JUL 1 0 CLOUDY (SCALE 8-10) 2
DPTR FM NORMAL 0
[CDD (BASE 65) ]
TOTAL THIS MO. 541
DPTR FM NORMAL 68 [PRESSURE DATA]
TOTAL FM JAN 1 1934 HIGHEST SLP 30.20 ON 12
DPTR FM NORMAL 257 LOWEST SLP 29.69 ON 31
[REMARKS]
#FINAL-08-21#