000
CXUS51 KCLE 010800
CF6TOL
PRELIMINARY LOCAL CLIMATOLOGICAL DATA (WS FORM: F-6)
STATION: TOLEDO OH
MONTH: MARCH
YEAR: 2020
LATITUDE: 41 35 N
LONGITUDE: 83 48 W
TEMPERATURE IN F: :PCPN: SNOW: WIND :SUNSHINE: SKY :PK WND
================================================================================
1 2 3 4 5 6A 6B 7 8 9 10 11 12 13 14 15 16 17 18
12Z AVG MX 2MIN
DY MAX MIN AVG DEP HDD CDD WTR SNW DPTH SPD SPD DIR MIN PSBL S-S WX SPD DR
================================================================================
1 49 15 32 0 33 0 0.00 0.0 3 7.8 17 180 M M 1 26 180
2 53 40 47 15 18 0 0.26 0.0 0 10.1 21 240 M M 7 1 29 250
3 52 34 43 10 22 0 0.06 0.0 0 9.1 31 270 M M 7 128 39 260
4 48 30 39 6 26 0 T 0.0 0 9.8 22 280 M M 4 29 270
5 53 21 37 3 28 0 0.07 0.0 0 5.8 28 270 M M 2 1 45 270
6 40 31 36 2 29 0 T 0.0 0 12.7 26 350 M M 9 38 340
7 46 23 35 1 30 0 0.00 0.0 0 5.8 16 10 M M 1 21 10
8 63 33 48 14 17 0 0.00 0.0 0 10.8 22 230 M M 0 32 230
9 66 49 58 23 7 0 0.06 0.0 0 12.9 25 240 M M 4 1 35 230
10 56 32 44 9 21 0 0.23 0.0 0 10.6 24 200 M M 6 1 34 210
11 46 30 38 2 27 0 T 0.0 0 2.4 15 270 M M 8 18 18 270
12 57 41 49 13 16 0 0.01 0.0 0 3.9 9 120 M M 10 18 M M
13 55 36 46 10 19 0 T 0.0 0 16.7 31 260 M M 1 41 290
14 40 34 37 0 28 0 0.01 T 0 5.9 13 40 M M 6 17 60
15 46 29 38 1 27 0 0.00 0.0 0 9.9 21 60 M M 5 28 50
16 50 27 39 1 26 0 T 0.0 0 3.6 14 240 M M 6 18 250
17 52 30 41 3 24 0 0.01 0.0 0 8.1 17 260 M M 6 18 24 260
18 46 28 37 -1 28 0 0.48 0.0 0 5.9 18 80 M M 5 18 25 80
19 64 40 52 13 13 0 0.50 0.0 0 6.9 17 210 M M 9 12 25 210
20 67 31 49 10 16 0 0.12 0.0 0 16.5 30 280 M M 8 42 290
21 35 28 32 -7 33 0 T T 0 6.7 16 30 M M 9 21 20
22 41 23 32 -8 33 0 0.17 1.6 0 8.9 18 80 M M 5 1 24 90
23 45 34 40 0 25 0 0.02 T T 5.8 13 310 M M 10 1 15 300
24 44 36 40 -1 25 0 0.00 0.0 0 7.0 15 60 M M 10 18 50
25 57 34 46 5 19 0 0.00 0.0 0 4.1 13 250 M M 4 17 250
26 66 41 54 13 11 0 0.15 0.0 0 7.8 20 230 M M 4 1 23 220
27 45 40 43 1 22 0 0.63 0.0 0 9.8 17 70 M M 9 138 21 80
28 51 42 47 5 18 0 1.18 0.0 0 8.8 18 340 M M 8 138 22 340
29 64 48 56 13 9 0 0.05 0.0 0 18.6 43 240 M M 8 1 55 230
30 50 41 46 3 19 0 T 0.0 0 14.4 29 250 M M 9 36 250
31 44 41 43 0 22 0 0.05 0.0 0 6.7 13 50 M M 10 18 15 50
================================================================================
SM 1591 1042 691 0 4.06 1.6 273.8 M 191
================================================================================
AV 51.3 33.6 8.8 FASTST M M 6 MAX(MPH)
MISC ----> # 43 240 # 55 230
================================================================================
NOTES:
# LAST OF SEVERAL OCCURRENCES
COLUMN 17 PEAK WIND IN M.P.H.
PRELIMINARY LOCAL CLIMATOLOGICAL DATA (WS FORM: F-6) , PAGE 2
STATION: TOLEDO OH
MONTH: MARCH
YEAR: 2020
LATITUDE: 41 35 N
LONGITUDE: 83 48 W
[TEMPERATURE DATA] [PRECIPITATION DATA] SYMBOLS USED IN COLUMN 16
AVERAGE MONTHLY: 42.5 TOTAL FOR MONTH: 4.06 1 = FOG OR MIST
DPTR FM NORMAL: 4.9 DPTR FM NORMAL: 1.58 2 = FOG REDUCING VISIBILITY
HIGHEST: 67 ON 20 GRTST 24HR 1.18 ON 28-28 TO 1/4 MILE OR LESS
LOWEST: 15 ON 1 3 = THUNDER
SNOW, ICE PELLETS, HAIL 4 = ICE PELLETS
TOTAL MONTH: 1.6 INCHES 5 = HAIL
GRTST 24HR 1.6 ON 22-22 6 = FREEZING RAIN OR DRIZZLE
GRTST DEPTH: 3 ON 1 7 = DUSTSTORM OR SANDSTORM:
VSBY 1/2 MILE OR LESS
8 = SMOKE OR HAZE
[NO. OF DAYS WITH] [WEATHER - DAYS WITH] 9 = BLOWING SNOW
X = TORNADO
MAX 32 OR BELOW: 0 0.01 INCH OR MORE: 18
MAX 90 OR ABOVE: 0 0.10 INCH OR MORE: 9
MIN 32 OR BELOW: 14 0.50 INCH OR MORE: 3
MIN 0 OR BELOW: 0 1.00 INCH OR MORE: 1
[HDD (BASE 65) ]
TOTAL THIS MO. 691 CLEAR (SCALE 0-3) 5
DPTR FM NORMAL -159 PTCLDY (SCALE 4-7) 15
TOTAL FM JUL 1 4614 CLOUDY (SCALE 8-10) 11
DPTR FM NORMAL -812
[CDD (BASE 65) ]
TOTAL THIS MO. 0
DPTR FM NORMAL 0 [PRESSURE DATA]
TOTAL FM JAN 1 0 HIGHEST SLP 30.63 ON 15
DPTR FM NORMAL 0 LOWEST SLP 29.50 ON 3
[REMARKS]
#FINAL-03-20#