000
CXUS53 KTOP 010910
CF6TOP
PRELIMINARY LOCAL CLIMATOLOGICAL DATA (WS FORM: F-6)
STATION: TOPEKA KS
MONTH: JANUARY
YEAR: 2022
LATITUDE: 39 4 N
LONGITUDE: 95 38 W
TEMPERATURE IN F: :PCPN: SNOW: WIND :SUNSHINE: SKY :PK WND
================================================================================
1 2 3 4 5 6A 6B 7 8 9 10 11 12 13 14 15 16 17 18
12Z AVG MX 2MIN
DY MAX MIN AVG DEP HDD CDD WTR SNW DPTH SPD SPD DIR MIN PSBL S-S WX SPD DR
================================================================================
1 29 8 19 -12 46 0 0.25 1.3 T 15.9 24 350 M M 10 14689 39 360
2 20 0 10 -20 55 0 T T 1 6.0 17 320 M M 2 24 320
3 44 8 26 -4 39 0 0.00 0.0 1 4.3 12 150 M M 0 15 160
4 50 30 40 10 25 0 0.00 0.0 T 11.9 24 310 M M 0 38 180
5 30 15 23 -7 42 0 T T T 12.5 26 320 M M 4 36 310
6 18 9 14 -16 51 0 0.04 0.4 T 10.2 20 350 M M 5 29 350
7 25 9 17 -13 48 0 0.00 0.0 0 8.3 17 130 M M 2 23 150
8 45 23 34 4 31 0 0.00 0.0 0 8.4 15 330 M M 8 1 24 350
9 37 16 27 -3 38 0 0.00 0.0 0 8.1 25 350 M M 1 38 350
10 48 14 31 1 34 0 0.00 0.0 0 2.1 10 280 M M 0 14 300
11 64 21 43 13 22 0 0.00 0.0 0 6.7 23 230 M M 0 35 220
12 51 22 37 7 28 0 0.00 0.0 0 4.1 16 270 M M 0 22 270
13 62 30 46 16 19 0 0.00 0.0 0 5.9 17 320 M M 0 23 310
14 51 29 40 10 25 0 0.12 0.5 1 8.3 25 320 M M 6 1 35 320
15 29 18 24 -6 41 0 0.11 2.9 3 15.1 30 350 M M 10 18 44 10
16 41 18 30 0 35 0 0.00 0.0 2 6.6 14 260 M M 6 1 21 280
17 52 21 37 7 28 0 0.00 0.0 0 4.8 15 180 M M M 21 180
18 60 32 46 16 19 0 0.00 0.0 0 6.1 23 360 M M 0 34 10
19 42 12 27 -3 38 0 0.00 0.0 0 16.9 28 10 M M 3 39 10
20 22 5 14 -16 51 0 0.00 0.0 0 6.2 16 360 M M 0 22 10
21 31 2 17 -13 48 0 0.00 0.0 0 5.2 14 160 M M 0 21 170
22 52 22 37 7 28 0 0.00 0.0 0 4.9 14 230 M M 2 22 210
23 48 33 41 11 24 0 0.00 0.0 0 7.5 18 350 M M 1 26 350
24 58 22 40 10 25 0 0.00 0.0 0 12.6 25 360 M M 2 40 340
25 27 12 20 -10 45 0 0.00 0.0 0 8.1 17 20 M M 0 25 360
26 37 11 24 -6 41 0 0.00 0.0 0 7.4 17 190 M M 5 8 25 200
27 49 28 39 8 26 0 T T 0 8.3 21 350 M M 4 28 340
28 36 21 29 -2 36 0 0.00 0.0 0 6.4 18 350 M M 4 23 340
29 58 23 41 10 24 0 0.00 0.0 0 6.3 14 280 M M 0 19 280
30 50 22 36 5 29 0 0.00 0.0 0 3.2 8 250 M M 0 11 270
31 70 22 46 15 19 0 0.00 0.0 0 7.8 23 210 M M 0 34 200
================================================================================
SM 1336 558 1060 0 0.52 5.1 246.1 M 75
================================================================================
AV 43.1 18.0 7.9 FASTST M M 3 MAX(MPH)
MISC ----> 30 350 44 10
================================================================================
NOTES:
# LAST OF SEVERAL OCCURRENCES
COLUMN 17 PEAK WIND IN M.P.H.
PRELIMINARY LOCAL CLIMATOLOGICAL DATA (WS FORM: F-6) , PAGE 2
STATION: TOPEKA KS
MONTH: JANUARY
YEAR: 2022
LATITUDE: 39 4 N
LONGITUDE: 95 38 W
[TEMPERATURE DATA] [PRECIPITATION DATA] SYMBOLS USED IN COLUMN 16
AVERAGE MONTHLY: 30.5 TOTAL FOR MONTH: 0.52 1 = FOG OR MIST
DPTR FM NORMAL: 0.3 DPTR FM NORMAL: -0.37 2 = FOG REDUCING VISIBILITY
HIGHEST: 70 ON 31 GRTST 24HR 0.25 ON 1- 1 TO 1/4 MILE OR LESS
LOWEST: 0 ON 2 3 = THUNDER
SNOW, ICE PELLETS, HAIL 4 = ICE PELLETS
TOTAL MONTH: 5.1 INCHES 5 = HAIL
GRTST 24HR 2.9 ON 15-15 6 = FREEZING RAIN OR DRIZZLE
GRTST DEPTH: 3 ON 15 7 = DUSTSTORM OR SANDSTORM:
VSBY 1/2 MILE OR LESS
8 = SMOKE OR HAZE
[NO. OF DAYS WITH] [WEATHER - DAYS WITH] 9 = BLOWING SNOW
X = TORNADO
MAX 32 OR BELOW: 9 0.01 INCH OR MORE: 4
MAX 90 OR ABOVE: 0 0.10 INCH OR MORE: 3
MIN 32 OR BELOW: 30 0.50 INCH OR MORE: 0
MIN 0 OR BELOW: 1 1.00 INCH OR MORE: 0
[HDD (BASE 65) ]
TOTAL THIS MO. 1060 CLEAR (SCALE 0-3) 20
DPTR FM NORMAL -18 PTCLDY (SCALE 4-7) 8
TOTAL FM JUL 1 2449 CLOUDY (SCALE 8-10) 3
DPTR FM NORMAL -552
[CDD (BASE 65) ]
TOTAL THIS MO. 0
DPTR FM NORMAL 0 [PRESSURE DATA]
TOTAL FM JAN 1 0 HIGHEST SLP 30.79 ON 20
DPTR FM NORMAL 0 LOWEST SLP 29.58 ON 4
[REMARKS]
#FINAL-01-22#