000
CXUS53 KTOP 010800
CF6TOP
PRELIMINARY LOCAL CLIMATOLOGICAL DATA (WS FORM: F-6)
STATION: Topeka KS
MONTH: APRIL
YEAR: 2020
LATITUDE: 39 4 N
LONGITUDE: 95 38 W
TEMPERATURE IN F: :PCPN: SNOW: WIND :SUNSHINE: SKY :PK WND
================================================================================
1 2 3 4 5 6A 6B 7 8 9 10 11 12 13 14 15 16 17 18
12Z AVG MX 2MIN
DY MAX MIN AVG DEP HDD CDD WTR SNW DPTH SPD SPD DIR MIN PSBL S-S WX SPD DR
================================================================================
1 74 44 59 9 6 0 0.00 0.0 0 11.2 28 150 M M 0 18 36 160
2 70 36 53 2 12 0 T 0.0 0 13.5 25 150 M M 7 34 160
3 38 29 34 -17 31 0 0.19 T 0 13.8 22 330 M M 10 136 31 310
4 51 30 41 -10 24 0 0.00 0.0 0 9.0 15 360 M M 6 23 20
5 60 37 49 -3 16 0 0.00 0.0 0 6.5 17 160 M M 6 8 22 160
6 70 52 61 9 4 0 0.00 0.0 0 9.2 17 190 M M 8 28 190
7 83 59 71 19 0 6 0.00 0.0 0 6.7 15 200 M M 4 18 24 190
8 88 48 68 15 0 3 0.00 0.0 0 8.5 28 340 M M 2 128 38 360
9 63 35 49 -4 16 0 0.00 0.0 0 12.1 26 340 M M 1 40 320
10 57 26 42 -11 23 0 0.00 0.0 0 6.0 16 150 M M 3 8 22 160
11 80 50 65 11 0 0 0.20 T 0 12.0 24 140 M M 2 35 35 200
12 62 32 47 -7 18 0 0.38 T 0 15.7 35 340 M M 10 135 49 350
13 47 28 38 -16 27 0 0.00 0.0 0 9.2 20 330 M M 0 30 320
14 53 29 41 -14 24 0 0.00 0.0 0 8.8 21 220 M M 4 31 220
15 56 32 44 -11 21 0 0.00 0.0 0 5.0 16 210 M M 2 23 210
16 52 35 44 -11 21 0 0.81 T 0 13.0 22 60 M M 9 135 33 80
17 50 34 42 -14 23 0 0.23 T 0 8.0 20 10 M M 7 1 32 350
18 66 35 51 -5 14 0 0.00 0.0 0 8.7 21 190 M M 0 31 200
19 69 44 57 1 8 0 0.05 0.0 0 6.6 18 50 M M 3 24 60
20 72 41 57 0 8 0 0.09 0.0 0 4.9 20 300 M M 2 1 35 320
21 75 39 57 0 8 0 0.00 0.0 0 4.8 12 140 M M 0 16 140
22 64 52 58 1 7 0 0.15 0.0 0 5.5 16 150 M M 6 12 22 210
23 79 52 66 8 0 1 T 0.0 0 2.4 7 150 M M 5 123 M M
24 65 52 59 1 6 0 1.32 0.0 0 7.2 22 360 M M 7 13 32 350
25 70 46 58 0 7 0 0.15 0.0 0 8.0 31 310 M M 3 18 42 290
26 72 42 57 -2 8 0 T 0.0 0 4.7 13 150 M M 3 12 18 160
27 78 54 66 7 0 1 0.38 0.0 0 11.4 23 180 M M 2 13 31 170
28 77 53 65 6 0 0 0.03 0.0 0 8.0 29 320 M M 1 56 320
29 71 51 61 1 4 0 0.00 0.0 0 15.5 31 320 M M 5 44 320
30 76 48 62 2 3 0 0.00 0.0 0 4.0 12 290 M M 0 18 290
================================================================================
SM 1988 1245 339 11 3.98 T 259.9 M 118
================================================================================
AV 66.3 41.5 8.7 FASTST M M 4 MAX(MPH)
MISC ----> # 35 340 # 56 320
================================================================================
NOTES:
# LAST OF SEVERAL OCCURRENCES
COLUMN 17 PEAK WIND IN M.P.H.
PRELIMINARY LOCAL CLIMATOLOGICAL DATA (WS FORM: F-6) , PAGE 2
STATION: Topeka KS
MONTH: APRIL
YEAR: 2020
LATITUDE: 39 4 N
LONGITUDE: 95 38 W
[TEMPERATURE DATA] [PRECIPITATION DATA] SYMBOLS USED IN COLUMN 16
AVERAGE MONTHLY: 53.9 TOTAL FOR MONTH: 3.98 1 = FOG OR MIST
DPTR FM NORMAL: -1.2 DPTR FM NORMAL: 0.45 2 = FOG REDUCING VISIBILITY
HIGHEST: 88 ON 8 GRTST 24HR 1.32 ON 24-24 TO 1/4 MILE OR LESS
LOWEST: 26 ON 10 3 = THUNDER
SNOW, ICE PELLETS, HAIL 4 = ICE PELLETS
TOTAL MONTH: T 5 = HAIL
GRTST 24HR T ON 17-17 6 = FREEZING RAIN OR DRIZZLE
GRTST DEPTH: 0 7 = DUSTSTORM OR SANDSTORM:
VSBY 1/2 MILE OR LESS
8 = SMOKE OR HAZE
[NO. OF DAYS WITH] [WEATHER - DAYS WITH] 9 = BLOWING SNOW
X = TORNADO
MAX 32 OR BELOW: 0 0.01 INCH OR MORE: 12
MAX 90 OR ABOVE: 0 0.10 INCH OR MORE: 9
MIN 32 OR BELOW: 7 0.50 INCH OR MORE: 2
MIN 0 OR BELOW: 0 1.00 INCH OR MORE: 1
[HDD (BASE 65) ]
TOTAL THIS MO. 339 CLEAR (SCALE 0-3) 14
DPTR FM NORMAL 17 PTCLDY (SCALE 4-7) 13
TOTAL FM JUL 1 4598 CLOUDY (SCALE 8-10) 3
DPTR FM NORMAL -319
[CDD (BASE 65) ]
TOTAL THIS MO. 11
DPTR FM NORMAL -14 [PRESSURE DATA]
TOTAL FM JAN 1 11 HIGHEST SLP M ON M
DPTR FM NORMAL -17 LOWEST SLP 29.42 ON 11
[REMARKS]
#FINAL-04-20#