000
CXUS52 KTBW 011000
CF6TPA
PRELIMINARY LOCAL CLIMATOLOGICAL DATA (WS FORM: F-6)
STATION: TAMPA
MONTH: AUGUST
YEAR: 2021
LATITUDE: 27 58 N
LONGITUDE: 82 32 W
TEMPERATURE IN F: :PCPN: SNOW: WIND :SUNSHINE: SKY :PK WND
================================================================================
1 2 3 4 5 6A 6B 7 8 9 10 11 12 13 14 15 16 17 18
12Z AVG MX 2MIN
DY MAX MIN AVG DEP HDD CDD WTR SNW DPTH SPD SPD DIR MIN PSBL S-S WX SPD DR
================================================================================
1 93 83 88 4 0 23 0.00 0.0 0 9.1 15 230 M M 4 18 240
2 90 80 85 1 0 20 0.73 0.0 0 7.3 22 240 M M 6 38 30 230
3 86 77 82 -2 0 17 0.82 0.0 0 7.6 17 280 M M 9 13 25 270
4 87 76 82 -2 0 17 0.71 0.0 0 11.6 26 230 M M 8 138 35 230
5 86 76 81 -3 0 16 0.19 0.0 0 9.3 22 190 M M 8 1 30 200
6 92 79 86 2 0 21 0.00 0.0 0 6.0 12 270 M M 5 20 270
7 91 78 85 1 0 20 T 0.0 0 4.0 13 290 M M 5 3 17 300
8 91 80 86 2 0 21 0.00 0.0 0 3.7 14 250 M M 5 3 19 250
9 93 77 85 1 0 20 1.20 0.0 0 3.5 21 60 M M 5 13 33 120
10 92 78 85 1 0 20 0.00 0.0 0 5.1 18 210 M M 6 3 25 220
11 95 73 84 0 0 19 2.04 0.0 0 3.6 28 140 M M 5 13 38 140
12 96 78 87 3 0 22 0.07 0.0 0 5.1 21 40 M M 4 3 34 50
13 94 72 83 -1 0 18 0.20 0.0 0 6.6 21 10 M M 6 3 28 10
14 91 76 84 0 0 19 0.15 0.0 0 6.9 20 120 M M 8 138 30 110
15 85 77 81 -3 0 16 0.04 0.0 0 6.4 15 110 M M 9 3 20 120
16 89 80 85 1 0 20 0.37 0.0 0 6.9 14 150 M M 8 13 19 160
17 92 80 86 2 0 21 0.00 0.0 0 6.1 13 180 M M 5 8 16 200
18 97 79 88 4 0 23 0.34 0.0 0 4.5 20 180 M M 5 13 31 360
19 93 80 87 3 0 22 T 0.0 0 6.0 13 280 M M 3 16 310
20 95 81 88 4 0 23 0.12 0.0 0 5.8 22 180 M M 6 3 30 160
21 92 81 87 3 0 22 0.00 0.0 0 4.9 15 290 M M 6 3 20 290
22 91 79 85 1 0 20 0.00 0.0 0 5.6 17 240 M M 7 3 17 240
23 90 79 85 1 0 20 0.01 0.0 0 5.2 21 300 M M 8 3 27 290
24 92 80 86 2 0 21 0.00 0.0 0 4.6 14 220 M M 8 3 17 230
25 96 81 89 5 0 24 0.00 0.0 0 6.4 13 90 M M 6 3 22 110
26 92 76 84 0 0 19 0.19 0.0 0 5.8 21 90 M M 7 138 32 90
27 92 78 85 1 0 20 0.15 0.0 0 6.4 24 100 M M 5 13 37 120
28 89 80 85 1 0 20 0.00 0.0 0 8.0 16 110 M M 7 3 24 100
29 94 78 86 2 0 21 0.10 0.0 0 8.3 13 120 M M 8 3 21 60
30 92 76 84 0 0 19 0.00 0.0 0 6.9 13 290 M M 7 3 18 210
31 92 80 86 2 0 21 0.00 0.0 M 7.8 15 260 M M 6 21 260
================================================================================
SM 2840 2428 0 625 7.43 0.0 195.0 M 195
================================================================================
AV 91.6 78.3 6.3 FASTST M M 6 MAX(MPH)
MISC ----> 28 140 38 140
================================================================================
NOTES:
# LAST OF SEVERAL OCCURRENCES
COLUMN 17 PEAK WIND IN M.P.H.
PRELIMINARY LOCAL CLIMATOLOGICAL DATA (WS FORM: F-6) , PAGE 2
STATION: TAMPA
MONTH: AUGUST
YEAR: 2021
LATITUDE: 27 58 N
LONGITUDE: 82 32 W
[TEMPERATURE DATA] [PRECIPITATION DATA] SYMBOLS USED IN COLUMN 16
AVERAGE MONTHLY: 85.0 TOTAL FOR MONTH: 7.43 1 = FOG OR MIST
DPTR FM NORMAL: 1.0 DPTR FM NORMAL: -1.60 2 = FOG REDUCING VISIBILITY
HIGHEST: 97 ON 18 GRTST 24HR 2.04 ON 11-11 TO 1/4 MILE OR LESS
LOWEST: 72 ON 13 3 = THUNDER
SNOW, ICE PELLETS, HAIL 4 = ICE PELLETS
TOTAL MONTH: 0.0 INCH 5 = HAIL
GRTST 24HR 0.0 6 = FREEZING RAIN OR DRIZZLE
GRTST DEPTH: 0 7 = DUSTSTORM OR SANDSTORM:
VSBY 1/2 MILE OR LESS
8 = SMOKE OR HAZE
[NO. OF DAYS WITH] [WEATHER - DAYS WITH] 9 = BLOWING SNOW
X = TORNADO
MAX 32 OR BELOW: 0 0.01 INCH OR MORE: 17
MAX 90 OR ABOVE: 25 0.10 INCH OR MORE: 14
MIN 32 OR BELOW: 0 0.50 INCH OR MORE: 5
MIN 0 OR BELOW: 0 1.00 INCH OR MORE: 2
[HDD (BASE 65) ]
TOTAL THIS MO. 0 CLEAR (SCALE 0-3) 1
DPTR FM NORMAL 0 PTCLDY (SCALE 4-7) 27
TOTAL FM JUL 1 0 CLOUDY (SCALE 8-10) 3
DPTR FM NORMAL 0
[CDD (BASE 65) ]
TOTAL THIS MO. 625
DPTR FM NORMAL 36 [PRESSURE DATA]
TOTAL FM JAN 1 2988 HIGHEST SLP 30.19 ON 10
DPTR FM NORMAL 260 LOWEST SLP 29.88 ON 31
[REMARKS]
#FINAL-08-21#