000
CXUS52 KTBW 012045
CF6TPA
PRELIMINARY LOCAL CLIMATOLOGICAL DATA (WS FORM: F-6)
STATION: TAMPA
MONTH: NOVEMBER
YEAR: 2023
LATITUDE: 27 58 N
LONGITUDE: 82 32 W
TEMPERATURE IN F: :PCPN: SNOW: WIND :SUNSHINE: SKY :PK WND
================================================================================
1 2 3 4 5 6A 6B 7 8 9 10 11 12 13 14 15 16 17 18
12Z AVG MX 2MIN
DY MAX MIN AVG DEP HDD CDD WTR SNW DPTH SPD SPD DIR MIN PSBL S-S WX SPD DR
================================================================================
1 77 58 68 -5 0 3 0.00 0.0 0 11.7 17 350 M M 3 29 40
2 81 53 67 -6 0 2 0.00 0.0 0 9.1 15 50 M M 1 26 70
3 83 60 72 0 0 7 0.00 0.0 0 8.3 16 30 M M 3 24 50
4 84 63 74 2 0 9 0.00 0.0 0 8.7 17 10 M M 3 29 20
5 83 59 71 -1 0 6 0.00 0.0 0 7.7 16 340 M M 3 24 340
6 84 56 70 -2 0 5 0.00 0.0 0 5.1 17 270 M M 3 26 260
7 83 61 72 0 0 7 0.00 0.0 0 6.1 12 300 M M 3 20 280
8 83 63 73 2 0 8 0.00 0.0 0 5.6 10 340 M M 2 20 300
9 87 67 77 6 0 12 0.00 0.0 0 4.2 10 110 M M 6 19 260
10 87 73 80 9 0 15 0.00 0.0 0 5.3 13 300 M M 5 26 300
11 88 73 81 11 0 16 0.00 0.0 0 4.7 10 290 M M 4 22 270
12 88 71 80 10 0 15 0.00 0.0 0 5.4 14 20 M M 7 24 50
13 79 68 74 4 0 9 0.00 0.0 0 9.3 16 20 M M 9 24 30
14 78 68 73 3 0 8 0.37 0.0 0 8.0 20 60 M M 9 24 40
15 77 71 74 4 0 9 0.23 0.0 0 9.9 17 90 M M 9 31 100
16 75 69 72 2 0 7 0.01 0.0 0 7.7 15 90 M M 9 28 110
17 79 68 74 5 0 9 T 0.0 0 6.9 12 310 M M 9 128 21 270
18 79 67 73 4 0 8 0.11 0.0 0 8.5 16 310 M M 6 1 34 300
19 80 62 71 2 0 6 0.00 0.0 0 5.3 12 270 M M 1 19 280
20 83 63 73 4 0 8 0.00 0.0 0 5.1 15 280 M M 2 24 280
21 85 70 78 9 0 13 0.00 0.0 0 7.6 16 140 M M 5 25 130
22 77 67 72 4 0 7 0.08 0.0 0 9.5 15 310 M M 9 1 23 300
23 70 56 63 -5 2 0 0.00 0.0 0 7.5 15 330 M M 7 23 300
24 63 56 60 -8 5 0 T 0.0 0 5.9 12 360 M M 9 17 350
25 77 60 69 1 0 4 T 0.0 0 5.6 12 40 M M 8 20 10
26 78 66 72 4 0 7 1.05 0.0 0 6.9 21 210 M M 8 1 30 210
27 70 57 64 -4 1 0 0.00 0.0 0 9.8 22 330 M M 7 33 320
28 58 48 53 -15 12 0 0.00 0.0 0 7.1 14 350 M M 8 20 10
29 67 44 56 -11 9 0 0.00 0.0 0 7.3 13 20 M M 4 20 20
30 77 49 63 -4 2 0 T 0.0 0 5.2 12 130 M M 6 19 130
================================================================================
SM 2360 1866 31 200 1.85 0.0 215.0 M 168
================================================================================
AV 78.7 62.2 7.2 FASTST M M 6 MAX(MPH)
MISC ----> 22 330 34 300
================================================================================
NOTES:
# LAST OF SEVERAL OCCURRENCES
COLUMN 17 PEAK WIND IN M.P.H.
PRELIMINARY LOCAL CLIMATOLOGICAL DATA (WS FORM: F-6) , PAGE 2
STATION: TAMPA
MONTH: NOVEMBER
YEAR: 2023
LATITUDE: 27 58 N
LONGITUDE: 82 32 W
[TEMPERATURE DATA] [PRECIPITATION DATA] SYMBOLS USED IN COLUMN 16
AVERAGE MONTHLY: 70.4 TOTAL FOR MONTH: 1.85 1 = FOG OR MIST
DPTR FM NORMAL: 0.6 DPTR FM NORMAL: 0.45 2 = FOG REDUCING VISIBILITY
HIGHEST: 88 ON 12,11 GRTST 24HR 1.05 ON 25-26 TO 1/4 MILE OR LESS
LOWEST: 44 ON 29 3 = THUNDER
SNOW, ICE PELLETS, HAIL 4 = ICE PELLETS
TOTAL MONTH: 0.0 INCH 5 = HAIL
GRTST 24HR 0.0 6 = FREEZING RAIN OR DRIZZLE
GRTST DEPTH: 0 7 = DUSTSTORM OR SANDSTORM:
VSBY 1/2 MILE OR LESS
8 = SMOKE OR HAZE
[NO. OF DAYS WITH] [WEATHER - DAYS WITH] 9 = BLOWING SNOW
X = TORNADO
MAX 32 OR BELOW: 0 0.01 INCH OR MORE: 6
MAX 90 OR ABOVE: 0 0.10 INCH OR MORE: 4
MIN 32 OR BELOW: 0 0.50 INCH OR MORE: 1
MIN 0 OR BELOW: 0 1.00 INCH OR MORE: 1
[HDD (BASE 65) ]
TOTAL THIS MO. 31 CLEAR (SCALE 0-3) 8
DPTR FM NORMAL -3 PTCLDY (SCALE 4-7) 15
TOTAL FM JUL 1 31 CLOUDY (SCALE 8-10) 7
DPTR FM NORMAL -8
[CDD (BASE 65) ]
TOTAL THIS MO. 200
DPTR FM NORMAL 22 [PRESSURE DATA]
TOTAL FM JAN 1 4428 HIGHEST SLP 30.27 ON 28
DPTR FM NORMAL 602 LOWEST SLP 29.76 ON 18
[REMARKS]
#FINAL-11-23#