000
CXUS56 KLKN 040651
CF6TPH
PRELIMINARY LOCAL CLIMATOLOGICAL DATA (WS FORM: F-6)
STATION: TONOPAH AIRPORT NV
MONTH: JANUARY
YEAR: 2022
LATITUDE: 38 3 N
LONGITUDE: 117 5 W
TEMPERATURE IN F: :PCPN: SNOW: WIND :SUNSHINE: SKY :PK WND
================================================================================
1 2 3 4 5 6A 6B 7 8 9 10 11 12 13 14 15 16 17 18
12Z AVG MX 2MIN
DY MAX MIN AVG DEP HDD CDD WTR SNW DPTH SPD SPD DIR MIN PSBL S-S WX SPD DR
================================================================================
1 32 16 24 -8 41 0 0.00 M M 10.2 20 350 M M 0 23 330
2 37 11 24 -8 41 0 0.00 M M 6.6 14 10 M M 0 15 10
3 35 15 25 -8 40 0 0.00 M M 6.3 14 20 M M 0 16 20
4 45 17 31 -2 34 0 0.00 M M 5.4 16 10 M M 1 18 10
5 51 22 37 4 28 0 0.00 M M 9.8 25 310 M M 1 35 320
6 53 27 40 7 25 0 0.00 M M 5.6 12 10 M M 0 13 20
7 49 27 38 5 27 0 0.00 M M 7.1 23 10 M M 0 31 10
8 44 27 36 3 29 0 0.00 M M 10.3 20 320 M M 0 24 320
9 46 22 34 1 31 0 0.00 M M 8.5 15 10 M M 0 17 100
10 45 21 33 0 32 0 0.00 M M 7.2 15 10 M M 0 16 10
11 52 23 38 4 27 0 0.00 M M 6.4 14 360 M M 0 17 350
12 57 25 41 7 24 0 0.00 M M 5.8 13 10 M M 0 15 360
13 53 28 41 7 24 0 0.00 M M 5.4 15 330 M M 0 17 330
14 52 31 42 8 23 0 0.00 M M 11.7 20 360 M M 0 25 330
15 43 24 34 0 31 0 0.00 M M 5.7 16 360 M M 0 18 10
16 50 20 35 1 30 0 0.00 M M 5.8 12 10 M M 0 13 360
17 46 22 34 0 31 0 0.00 M M 5.2 10 10 M M 1 12 360
18 51 25 38 4 27 0 0.00 M M 10.4 24 320 M M 2 29 300
19 50 27 39 5 26 0 0.00 M M 11.5 23 320 M M 0 32 320
20 52 24 38 4 27 0 0.00 M M 6.4 16 360 M M 0 18 360
21 46 30 38 4 27 0 0.00 M M 18.9 33 360 M M 0 41 360
22 45 25 35 1 30 0 0.00 M M 13.9 25 320 M M 0 32 310
23 49 21 35 1 30 0 0.00 M M 11.6 23 310 M M 0 29 310
24 58 23 41 6 24 0 0.00 M M 7.2 20 320 M M 0 23 320
25 47 26 37 2 28 0 0.00 M M 14.8 26 10 M M 0 33 360
26 45 17 31 -4 34 0 0.00 M M 6.9 18 20 M M 0 22 30
27 51 19 35 0 30 0 0.00 M M 8.8 21 290 M M 0 25 300
28 51 16 34 -1 31 0 0.00 M M 7.1 14 360 M M 0 16 20
29 52 17 35 0 30 0 0.00 M M 7.3 16 360 M M 0 18 360
30 55 14 35 0 30 0 0.00 M M 6.7 16 300 M M 0 19 300
31 54 20 37 2 28 0 0.00 M M 9.9 24 350 M M 0 29 330
================================================================================
SM 1496 682 920 0 0.00 M 264.4 M 5
================================================================================
AV 48.3 22.0 8.5 FASTST M M 0 MAX(MPH)
MISC ----> 33 360 41 360
================================================================================
NOTES:
# LAST OF SEVERAL OCCURRENCES
COLUMN 17 PEAK WIND IN M.P.H.
PRELIMINARY LOCAL CLIMATOLOGICAL DATA (WS FORM: F-6) , PAGE 2
STATION: TONOPAH AIRPORT NV
MONTH: JANUARY
YEAR: 2022
LATITUDE: 38 3 N
LONGITUDE: 117 5 W
[TEMPERATURE DATA] [PRECIPITATION DATA] SYMBOLS USED IN COLUMN 16
AVERAGE MONTHLY: 35.1 TOTAL FOR MONTH: 0.00 1 = FOG OR MIST
DPTR FM NORMAL: 1.2 DPTR FM NORMAL: -0.45 2 = FOG REDUCING VISIBILITY
HIGHEST: 58 ON 24 GRTST 24HR 0.03 ON 21-21 TO 1/4 MILE OR LESS
LOWEST: 11 ON 2 3 = THUNDER
SNOW, ICE PELLETS, HAIL 4 = ICE PELLETS
TOTAL MONTH: M 5 = HAIL
GRTST 24HR M ON M 6 = FREEZING RAIN OR DRIZZLE
GRTST DEPTH: M ON M 7 = DUSTSTORM OR SANDSTORM:
VSBY 1/2 MILE OR LESS
8 = SMOKE OR HAZE
[NO. OF DAYS WITH] [WEATHER - DAYS WITH] 9 = BLOWING SNOW
X = TORNADO
MAX 32 OR BELOW: 1 0.01 INCH OR MORE: 0
MAX 90 OR ABOVE: 0 0.10 INCH OR MORE: 0
MIN 32 OR BELOW: 31 0.50 INCH OR MORE: 0
MIN 0 OR BELOW: 0 1.00 INCH OR MORE: 0
[HDD (BASE 65) ]
TOTAL THIS MO. 920 CLEAR (SCALE 0-3) 31
DPTR FM NORMAL -44 PTCLDY (SCALE 4-7) 0
TOTAL FM JUL 1 3006 CLOUDY (SCALE 8-10) 0
DPTR FM NORMAL -116
[CDD (BASE 65) ]
TOTAL THIS MO. 0
DPTR FM NORMAL 0 [PRESSURE DATA]
TOTAL FM JAN 1 0 HIGHEST SLP 30.64 ON 28
DPTR FM NORMAL 0 LOWEST SLP 29.78 ON 7
[REMARKS]
#FINAL-01-22#