000
CXUS56 KSGX 011145
CF6TRM
PRELIMINARY LOCAL CLIMATOLOGICAL DATA (WS FORM: F-6)
STATION: THERMAL AIRPORT CA
MONTH: FEBRUARY
YEAR: 2024
LATITUDE: 33 37 N
LONGITUDE: 116 10 W
TEMPERATURE IN F: :PCPN: SNOW: WIND :SUNSHINE: SKY :PK WND
================================================================================
1 2 3 4 5 6A 6B 7 8 9 10 11 12 13 14 15 16 17 18
12Z AVG MX 2MIN
DY MAX MIN AVG DEP HDD CDD WTR SNW DPTH SPD SPD DIR MIN PSBL S-S WX SPD DR
================================================================================
1 M M M M M M 0.00 M M M M M M M M M M
2 67 43 55 -2 10 0 0.00 M M 5.5 15 340 M M 0 1 19 330
3 67 40 54 -3 11 0 0.00 M M 3.2 10 300 M M 1 17 270
4 67 49 58 1 7 0 0.01 M M 5.3 20 120 M M 3 26 120
5 61 55 58 1 7 0 0.00 M M 3.4 13 310 M M 9 16 310
6 60 50 55 -2 10 0 0.14 M M 6.6 21 130 M M 8 1 25 280
7 66 43 55 -2 10 0 0.00 M M 9.1 29 280 M M 2 42 280
8 64 42 53 -4 12 0 T M M 8.0 21 310 M M 2 8 28 310
9 63 38 51 -7 14 0 0.00 M M 3.1 8 190 M M 6 11 170
10 66 49 58 0 7 0 0.00 M M 11.5 25 330 M M 2 8 32 340
11 68 38 53 -5 12 0 0.00 M M 3.4 9 340 M M 0 11 330
12 70 33 52 -6 13 0 0.00 M M 3.4 9 130 M M 0 12 160
13 71 33 52 -6 13 0 0.00 M M 3.7 9 150 M M 0 12 150
14 71 36 54 -4 11 0 0.00 M M 2.9 9 150 M M 0 8 12 130
15 75 38 57 -1 8 0 0.00 M M 2.4 8 320 M M 0 10 140
16 78 49 64 5 1 0 0.00 M M 5.1 9 150 M M 0 12 140
17 78 43 61 2 4 0 0.00 M M 4.6 18 330 M M 0 25 330
18 78 52 65 6 0 0 0.00 M M 6.2 22 320 M M 1 8 25 320
19 75 45 60 1 5 0 0.00 M M 4.7 14 320 M M 2 19 320
20 68 53 61 1 4 0 0.00 M M 4.8 14 330 M M 3 18 320
21 75 55 65 5 0 0 T M M 6.8 15 340 M M 3 19 330
22 78 51 65 5 0 0 0.00 M M 6.7 14 340 M M 0 18 330
23 81 47 64 4 1 0 0.00 M M 5.7 13 320 M M 0 15 320
24 81 48 65 5 0 0 0.00 M M 3.4 9 130 M M 0 12 110
25 80 49 65 4 0 0 0.00 M M 3.8 8 290 M M 0 11 150
26 74 50 62 1 3 0 0.00 M M 4.6 15 310 M M 1 20 340
27 78 55 67 6 0 2 0.00 M M 7.0 20 340 M M 0 25 340
28 84 51 68 7 0 3 0.00 M M 5.2 9 330 M M 0 14 250
29 79 46 63 1 2 0 0.00 M M 5.9 14 340 M M 0 M M
================================================================================
SM 2023 1281 165 5 0.15 M 146.0 M 43
================================================================================
AV 72.3 45.8 5.2 FASTST M M 2 MAX(MPH)
MISC ----> 29 280 42 280
================================================================================
NOTES:
# LAST OF SEVERAL OCCURRENCES
COLUMN 17 PEAK WIND IN M.P.H.
PRELIMINARY LOCAL CLIMATOLOGICAL DATA (WS FORM: F-6) , PAGE 2
STATION: THERMAL AIRPORT CA
MONTH: FEBRUARY
YEAR: 2024
LATITUDE: 33 37 N
LONGITUDE: 116 10 W
[TEMPERATURE DATA] [PRECIPITATION DATA] SYMBOLS USED IN COLUMN 16
AVERAGE MONTHLY: 59.0 TOTAL FOR MONTH: 0.15 1 = FOG OR MIST
DPTR FM NORMAL: 0.4 DPTR FM NORMAL: -0.46 2 = FOG REDUCING VISIBILITY
HIGHEST: 84 ON 28 GRTST 24HR 0.14 ON 6- 6 TO 1/4 MILE OR LESS
LOWEST: 33 ON 13,12 3 = THUNDER
SNOW, ICE PELLETS, HAIL 4 = ICE PELLETS
TOTAL MONTH: M 5 = HAIL
GRTST 24HR M ON M 6 = FREEZING RAIN OR DRIZZLE
GRTST DEPTH: M ON M 7 = DUSTSTORM OR SANDSTORM:
VSBY 1/2 MILE OR LESS
8 = SMOKE OR HAZE
[NO. OF DAYS WITH] [WEATHER - DAYS WITH] 9 = BLOWING SNOW
X = TORNADO
MAX 32 OR BELOW: 0 0.01 INCH OR MORE: 2
MAX 90 OR ABOVE: 0 0.10 INCH OR MORE: 1
MIN 32 OR BELOW: 0 0.50 INCH OR MORE: 0
MIN 0 OR BELOW: 0 1.00 INCH OR MORE: 0
[HDD (BASE 65) ]
TOTAL THIS MO. 165 CLEAR (SCALE 0-3) 24
DPTR FM NORMAL -25 PTCLDY (SCALE 4-7) 3
TOTAL FM JUL 1 788 CLOUDY (SCALE 8-10) 2
DPTR FM NORMAL -229
[CDD (BASE 65) ]
TOTAL THIS MO. 5
DPTR FM NORMAL -6 [PRESSURE DATA]
TOTAL FM JAN 1 10 HIGHEST SLP 30.25 ON 11
DPTR FM NORMAL -3 LOWEST SLP 29.60 ON 6
[REMARKS]
#FINAL-02-24#