000
CXUS56 KPQR 011200
CF6TTD
PRELIMINARY LOCAL CLIMATOLOGICAL DATA (WS FORM: F-6)
STATION: TROUTDALE OR
MONTH: JULY
YEAR: 2020
LATITUDE: 45 33 N
LONGITUDE: 122 25 W
TEMPERATURE IN F: :PCPN: SNOW: WIND :SUNSHINE: SKY :PK WND
================================================================================
1 2 3 4 5 6A 6B 7 8 9 10 11 12 13 14 15 16 17 18
12Z AVG MX 2MIN
DY MAX MIN AVG DEP HDD CDD WTR SNW DPTH SPD SPD DIR MIN PSBL S-S WX SPD DR
================================================================================
1 65 56 61 -4 4 0 0.06 M M 5.6 20 240 M M 10 24 240
2 73 56 65 0 0 0 0.00 M M 3.3 9 80 M M 6 12 220
3 74 51 63 -3 2 0 T M M 2.6 9 340 M M 4 13 310
4 76 54 65 -1 0 0 0.00 M M 3.3 9 270 M M 5 13 260
5 77 57 67 1 0 2 0.00 M M 3.2 9 270 M M 4 8 14 290
6 70 56 63 -3 2 0 0.00 M M 2.8 9 260 M M 8 14 270
7 68 57 63 -3 2 0 0.02 M M 4.2 10 210 M M 9 8 14 210
8 75 59 67 1 0 2 T M M 2.9 8 260 M M 6 12 270
9 78 56 67 0 0 2 0.00 M M 2.8 8 250 M M 7 12 300
10 81 59 70 3 0 5 0.00 M M 3.2 10 250 M M 4 14 260
11 81 54 68 1 0 3 0.00 M M 3.7 12 310 M M 3 22 310
12 78 59 69 2 0 4 0.00 M M 4.3 12 320 M M 7 17 310
13 82 50 66 -2 0 1 0.00 M M 2.9 12 260 M M 0 15 320
14 87 52 70 2 0 5 0.00 M M 4.1 9 260 M M 0 13 270
15 88 55 72 4 0 7 0.00 M M 3.9 12 310 M M 0 8 17 320
16 85 61 73 5 0 8 0.00 M M 3.9 12 310 M M 2 19 330
17 74 60 67 -1 0 2 0.00 M M 4.4 12 260 M M 6 18 320
18 87 51 69 1 0 4 0.00 M M 3.2 10 240 M M 0 14 320
19 91 57 74 6 0 9 0.00 M M 3.4 9 270 M M 0 14 260
20 94 60 77 8 0 12 0.00 M M 3.2 12 240 M M 0 14 320
21 89 62 76 7 0 11 0.00 M M 4.8 10 240 M M 0 14 320
22 81 63 72 3 0 7 T M M 2.8 10 310 M M 6 18 310
23 77 59 68 -1 0 3 0.00 M M 3.5 9 270 M M 6 15 260
24 72 59 66 -3 0 1 0.00 M M 4.0 12 320 M M 7 16 330
25 84 50 67 -2 0 2 0.00 M M 3.5 10 250 M M 2 16 320
26 99 53 76 7 0 11 0.00 M M 5.2 17 80 M M 0 22 100
27 100 60 80 11 0 15 0.00 M M 3.0 10 200 M M 0 14 210
28 90 60 75 6 0 10 0.00 M M 3.8 9 310 M M 0 14 340
29 94 59 77 8 0 12 0.00 M M 2.8 9 240 M M 0 16 230
30 96 61 79 10 0 14 0.00 M M 3.1 9 260 M M 0 13 260
31 90 62 76 7 0 11 0.00 M M 2.8 10 310 M M 0 17 310
================================================================================
SM 2556 1768 10 163 0.08 M 110.2 M 102
================================================================================
AV 82.5 57.0 3.6 FASTST M M 3 MAX(MPH)
MISC ----> # 20 240 # 24 240
================================================================================
NOTES:
# LAST OF SEVERAL OCCURRENCES
COLUMN 17 PEAK WIND IN M.P.H.
PRELIMINARY LOCAL CLIMATOLOGICAL DATA (WS FORM: F-6) , PAGE 2
STATION: TROUTDALE OR
MONTH: JULY
YEAR: 2020
LATITUDE: 45 33 N
LONGITUDE: 122 25 W
[TEMPERATURE DATA] [PRECIPITATION DATA] SYMBOLS USED IN COLUMN 16
AVERAGE MONTHLY: 69.7 TOTAL FOR MONTH: 0.08 1 = FOG OR MIST
DPTR FM NORMAL: 2.0 DPTR FM NORMAL: -0.66 2 = FOG REDUCING VISIBILITY
HIGHEST: 100 ON 27 GRTST 24HR 0.06 ON 1- 1 TO 1/4 MILE OR LESS
LOWEST: 50 ON 25,13 3 = THUNDER
SNOW, ICE PELLETS, HAIL 4 = ICE PELLETS
TOTAL MONTH: M 5 = HAIL
GRTST 24HR M ON M 6 = FREEZING RAIN OR DRIZZLE
GRTST DEPTH: M ON M 7 = DUSTSTORM OR SANDSTORM:
VSBY 1/2 MILE OR LESS
8 = SMOKE OR HAZE
[NO. OF DAYS WITH] [WEATHER - DAYS WITH] 9 = BLOWING SNOW
X = TORNADO
MAX 32 OR BELOW: 0 0.01 INCH OR MORE: 2
MAX 90 OR ABOVE: 8 0.10 INCH OR MORE: 0
MIN 32 OR BELOW: 0 0.50 INCH OR MORE: 0
MIN 0 OR BELOW: 0 1.00 INCH OR MORE: 0
[HDD (BASE 65) ]
TOTAL THIS MO. 10 CLEAR (SCALE 0-3) 16
DPTR FM NORMAL -23 PTCLDY (SCALE 4-7) 12
TOTAL FM JUL 1 10 CLOUDY (SCALE 8-10) 3
DPTR FM NORMAL -23
[CDD (BASE 65) ]
TOTAL THIS MO. 163
DPTR FM NORMAL 47 [PRESSURE DATA]
TOTAL FM JAN 1 262 HIGHEST SLP 30.21 ON 4
DPTR FM NORMAL 87 LOWEST SLP 29.77 ON 27
[REMARKS]
#FINAL-07-20#