000
CXUS55 KTWC 011430
CF6TUS
PRELIMINARY LOCAL CLIMATOLOGICAL DATA (WS FORM: F-6)
STATION: TUCSON AZ
MONTH: JUNE
YEAR: 2023
LATITUDE: 32 7 N
LONGITUDE: 110 56 W
TEMPERATURE IN F: :PCPN: SNOW: WIND :SUNSHINE: SKY :PK WND
================================================================================
1 2 3 4 5 6A 6B 7 8 9 10 11 12 13 14 15 16 17 18
12Z AVG MX 2MIN
DY MAX MIN AVG DEP HDD CDD WTR SNW DPTH SPD SPD DIR MIN PSBL S-S WX SPD DR
================================================================================
1 89 60 75 -7 0 10 0.00 M M 5.9 18 200 M M 0 27 190
2 91 64 78 -5 0 13 0.00 M M 5.0 15 340 M M 0 21 190
3 96 63 80 -3 0 15 0.00 M M 6.0 15 350 M M 0 23 290
4 101 67 84 1 0 19 0.00 M M 5.7 21 260 M M 0 8 31 330
5 101 70 86 2 0 21 0.00 M M 9.0 22 200 M M 0 37 230
6 98 69 84 0 0 19 0.00 M M 11.0 23 220 M M 0 38 210
7 94 65 80 -4 0 15 0.00 M M 6.4 18 280 M M 0 27 270
8 96 67 82 -3 0 17 0.00 M M 6.9 20 260 M M 0 29 280
9 93 66 80 -5 0 15 0.00 M M 5.6 16 160 M M 0 25 300
10 99 63 81 -4 0 16 0.00 M M 8.6 22 200 M M 0 34 210
11 94 71 83 -2 0 18 0.00 M M 12.5 28 200 M M 0 41 200
12 92 61 77 -9 0 12 0.00 M M 6.9 18 270 M M M 30 270
13 93 62 78 -8 0 13 0.00 M M 5.7 14 320 M M M 21 320
14 99 64 82 -4 0 17 0.00 M M 7.4 21 280 M M M 29 220
15 99 66 83 -3 0 18 0.00 M M 6.3 21 290 M M 0 31 290
16 100 70 85 -2 0 20 0.00 M M 10.4 28 220 M M M 40 220
17 102 64 83 -4 0 18 0.00 M M 6.1 21 290 M M M 29 290
18 103 70 87 0 0 22 0.00 M M 8.8 20 280 M M M 28 280
19 103 76 90 3 0 25 0.00 M M 9.9 25 230 M M 0 35 240
20 102 78 90 3 0 25 0.00 M M 6.6 20 280 M M 1 30 290
21 103 70 87 -1 0 22 0.00 M M 6.9 21 270 M M M 32 260
22 104 71 88 0 0 23 0.00 M M 6.9 22 210 M M 0 33 200
23 101 71 86 -2 0 21 0.00 M M 6.9 16 300 M M 0 24 340
24 105 67 86 -2 0 21 0.00 M M 5.4 16 310 M M 0 24 330
25 111 71 91 3 0 26 0.00 M M 6.5 21 270 M M 0 29 310
26 111 75 93 5 0 28 0.00 M M 7.1 21 310 M M 0 30 310
27 108 78 93 5 0 28 0.00 M M 8.6 22 270 M M 0 30 250
28 107 78 93 5 0 28 0.00 M M 9.1 22 230 M M 0 33 260
29 106 79 93 5 0 28 0.00 M M 7.6 25 250 M M 0 37 290
30 105 70 88 0 0 23 0.00 M M 6.5 16 330 M M 0 8 23 330
================================================================================
SM 3006 2066 0 596 0.00 M 222.2 M 1
================================================================================
AV100.2 68.9 7.4 FASTST M M 0 MAX(MPH)
MISC ----> # 28 200 41 200
================================================================================
NOTES:
# LAST OF SEVERAL OCCURRENCES
COLUMN 17 PEAK WIND IN M.P.H.
PRELIMINARY LOCAL CLIMATOLOGICAL DATA (WS FORM: F-6) , PAGE 2
STATION: TUCSON AZ
MONTH: JUNE
YEAR: 2023
LATITUDE: 32 7 N
LONGITUDE: 110 56 W
[TEMPERATURE DATA] [PRECIPITATION DATA] SYMBOLS USED IN COLUMN 16
AVERAGE MONTHLY: 84.5 TOTAL FOR MONTH: 0.00 1 = FOG OR MIST
DPTR FM NORMAL: -1.6 DPTR FM NORMAL: -0.23 2 = FOG REDUCING VISIBILITY
HIGHEST: 111 ON 26,25 GRTST 24HR 0.00 ON 1- 1 TO 1/4 MILE OR LESS
LOWEST: 60 ON 1 3 = THUNDER
SNOW, ICE PELLETS, HAIL 4 = ICE PELLETS
TOTAL MONTH: M 5 = HAIL
GRTST 24HR M ON M 6 = FREEZING RAIN OR DRIZZLE
GRTST DEPTH: M ON M 7 = DUSTSTORM OR SANDSTORM:
VSBY 1/2 MILE OR LESS
8 = SMOKE OR HAZE
[NO. OF DAYS WITH] [WEATHER - DAYS WITH] 9 = BLOWING SNOW
X = TORNADO
MAX 32 OR BELOW: 0 0.01 INCH OR MORE: 0
MAX 90 OR ABOVE: 29 0.10 INCH OR MORE: 0
MIN 32 OR BELOW: 0 0.50 INCH OR MORE: 0
MIN 0 OR BELOW: 0 1.00 INCH OR MORE: 0
[HDD (BASE 65) ]
TOTAL THIS MO. 0 CLEAR (SCALE 0-3) 23
DPTR FM NORMAL 0 PTCLDY (SCALE 4-7) 0
TOTAL FM JUL 1 1495 CLOUDY (SCALE 8-10) 7
DPTR FM NORMAL 164
[CDD (BASE 65) ]
TOTAL THIS MO. 596
DPTR FM NORMAL -38 [PRESSURE DATA]
TOTAL FM JAN 1 1178 HIGHEST SLP 29.91 ON 13
DPTR FM NORMAL -11 LOWEST SLP 29.61 ON 4
[REMARKS]
#FINAL-06-23#