000
CXUS53 KAPX 010607
CLMTVC
CLIMATE REPORT
NATIONAL WEATHER SERVICE
207 AM EDT TUE AUG 01 2023
...................................
...THE TRAVERSE CITY MI CLIMATE SUMMARY FOR THE MONTH OF JULY 2023...
CLIMATE NORMAL PERIOD: 1991 TO 2020
CLIMATE RECORD PERIOD: 1896 TO 2023
WEATHER OBSERVED NORMAL DEPART LAST YEAR`S
VALUE DATE(S) VALUE FROM VALUE
NORMAL
..............................................................
TEMPERATURE (F)
HIGHEST 93 07/04 MM MM
LOWEST 53 07/30 MM MM
AVG. MAXIMUM 81.8 81.3 0.5
AVG. MINIMUM 60.6 59.4 1.2
MEAN 71.2 70.3 0.9
DAYS MAX >= 90 4 4.0 0.0
DAYS MAX <= 32 0 0.0 0.0
DAYS MIN <= 32 0 0.0 0.0
DAYS MIN <= 0 0 0.0 0.0
PRECIPITATION (INCHES)
TOTALS 1.91 2.71 -0.80
DAYS >= .01 11 9.9 1.1
DAYS >= .10 6 5.1 0.9
DAYS >= .50 1 1.6 -0.6
DAYS >= 1.00 0 0.6 -0.6
GREATEST
24 HR. TOTAL 0.65 07/20 TO 07/20
DEGREE DAYS
HEATING TOTAL 0 20 -20
SINCE 7/1 0 19 -19
COOLING TOTAL 201 186 15
SINCE 1/1 346 317 29
..............................................................
WIND (MPH)
AVERAGE WIND SPEED 5.3
HIGHEST WIND SPEED/DIRECTION 25/320 DATE 07/16
HIGHEST GUST SPEED/DIRECTION 37/210 DATE 07/10
SKY COVER
AVERAGE SKY COVER 0.49
AVERAGE RH (PERCENT) 69
- INDICATES NEGATIVE NUMBERS.
R INDICATES RECORD WAS SET OR TIED.
MM INDICATES DATA IS MISSING.
T INDICATES TRACE AMOUNT.
$$