000
CXUS55 KBOI 011002
CF6TWF
PRELIMINARY LOCAL CLIMATOLOGICAL DATA (WS FORM: F-6)
STATION: TWIN FALLS ID
MONTH: NOVEMBER
YEAR: 2021
LATITUDE: 42 28 N
LONGITUDE: 114 29 W
TEMPERATURE IN F: :PCPN: SNOW: WIND :SUNSHINE: SKY :PK WND
================================================================================
1 2 3 4 5 6A 6B 7 8 9 10 11 12 13 14 15 16 17 18
12Z AVG MX 2MIN
DY MAX MIN AVG DEP HDD CDD WTR SNW DPTH SPD SPD DIR MIN PSBL S-S WX SPD DR
================================================================================
1 53 38 46 3 19 0 0.11 M M 6.3 16 110 M M 6 1 20 120
2 57 41 49 7 16 0 0.07 M M 7.4 13 320 M M 4 1 17 200
3 60 36 48 6 17 0 0.00 M M 5.8 12 70 M M 0 15 210
4 64 34 49 8 16 0 T M M 8.8 24 200 M M 2 35 190
5 60 36 48 7 17 0 0.00 M M 7.6 16 220 M M 0 23 240
6 54 41 48 8 17 0 0.03 M M 9.7 24 270 M M 5 32 270
7 47 30 39 -1 26 0 0.00 M M 8.0 14 270 M M 5 18 290
8 45 24 35 -5 30 0 0.00 M M 8.8 17 80 M M 1 21 90
9 49 30 40 1 25 0 0.34 M M 10.3 25 230 M M 8 1 36 220
10 47 34 41 2 24 0 0.00 M M 9.4 18 270 M M 6 27 270
11 54 38 46 8 19 0 T M M 10.8 17 280 M M 9 24 290
12 61 39 50 12 15 0 0.00 M M 9.0 16 210 M M 2 8 22 210
13 59 44 52 14 13 0 0.00 M M 12.6 21 300 M M 2 27 270
14 67 45 56 19 9 0 0.00 M M 11.1 16 210 M M 1 23 210
15 68 42 55 18 10 0 0.00 M M 10.5 21 210 M M 0 28 220
16 57 28 43 7 22 0 T M M 19.1 30 280 M M 4 40 280
17 39 21 30 -6 35 0 0.00 M M 9.1 18 240 M M 0 25 250
18 45 20 33 -2 32 0 0.09 0.0 0 5.4 12 90 M M 4 1 15 90
19 50 39 45 10 20 0 0.27 M M 8.5 18 260 M M 10 1 28 270
20 45 30 38 3 27 0 0.00 M M 12.8 21 270 M M 2 27 270
21 43 24 34 0 31 0 0.00 M M 6.7 13 210 M M 0 17 210
22 48 22 35 1 30 0 0.00 M M 5.7 15 180 M M 0 19 200
23 49 29 39 5 26 0 T M M 14.9 26 290 M M 3 18 35 290
24 39 22 31 -2 34 0 0.00 M M 13.2 25 240 M M 0 33 280
25 44 20 32 -1 33 0 0.00 M M 5.8 14 80 M M 0 17 210
26 52 25 39 7 26 0 0.00 M M 5.5 14 210 M M 5 8 18 200
27 53 27 40 8 25 0 0.00 M M 6.3 16 200 M M 1 22 210
28 58 30 44 12 21 0 0.00 M M 8.2 15 210 M M 0 8 20 210
29 60 37 49 18 16 0 0.00 M M 10.7 20 230 M M 0 8 27 240
30 50 30 40 9 25 0 0.00 M M 9.2 17 230 M M 0 21 230
================================================================================
SM 1577 956 676 0 0.91 0.0 277.2 M 80
================================================================================
AV 52.6 31.9 9.2 FASTST M M 3 MAX(MPH)
MISC ----> 30 280 40 280
================================================================================
NOTES:
# LAST OF SEVERAL OCCURRENCES
COLUMN 17 PEAK WIND IN M.P.H.
PRELIMINARY LOCAL CLIMATOLOGICAL DATA (WS FORM: F-6) , PAGE 2
STATION: TWIN FALLS ID
MONTH: NOVEMBER
YEAR: 2021
LATITUDE: 42 28 N
LONGITUDE: 114 29 W
[TEMPERATURE DATA] [PRECIPITATION DATA] SYMBOLS USED IN COLUMN 16
AVERAGE MONTHLY: 42.2 TOTAL FOR MONTH: 0.91 1 = FOG OR MIST
DPTR FM NORMAL: 5.6 DPTR FM NORMAL: 0.09 2 = FOG REDUCING VISIBILITY
HIGHEST: 68 ON 15 GRTST 24HR 0.36 ON 18-19 TO 1/4 MILE OR LESS
LOWEST: 20 ON 25,18 3 = THUNDER
SNOW, ICE PELLETS, HAIL 4 = ICE PELLETS
TOTAL MONTH: 0.0 INCH 5 = HAIL
GRTST 24HR 0.0 6 = FREEZING RAIN OR DRIZZLE
GRTST DEPTH: 0 7 = DUSTSTORM OR SANDSTORM:
VSBY 1/2 MILE OR LESS
8 = SMOKE OR HAZE
[NO. OF DAYS WITH] [WEATHER - DAYS WITH] 9 = BLOWING SNOW
X = TORNADO
MAX 32 OR BELOW: 0 0.01 INCH OR MORE: 6
MAX 90 OR ABOVE: 0 0.10 INCH OR MORE: 3
MIN 32 OR BELOW: 16 0.50 INCH OR MORE: 0
MIN 0 OR BELOW: 0 1.00 INCH OR MORE: 0
[HDD (BASE 65) ]
TOTAL THIS MO. 676 CLEAR (SCALE 0-3) 19
DPTR FM NORMAL -176 PTCLDY (SCALE 4-7) 8
TOTAL FM JUL 1 1234 CLOUDY (SCALE 8-10) 3
DPTR FM NORMAL -285
[CDD (BASE 65) ]
TOTAL THIS MO. 0
DPTR FM NORMAL 0 [PRESSURE DATA]
TOTAL FM JAN 1 960 HIGHEST SLP 30.65 ON 25
DPTR FM NORMAL 344 LOWEST SLP 29.77 ON 15
[REMARKS]
#FINAL-11-21#