000
CXUS56 KPQR 011201
CF6UAO
PRELIMINARY LOCAL CLIMATOLOGICAL DATA (WS FORM: F-6)
STATION: AURORA STATE OR
MONTH: AUGUST
YEAR: 2023
LATITUDE: 45 15 N
LONGITUDE: 122 46 W
TEMPERATURE IN F: :PCPN: SNOW: WIND :SUNSHINE: SKY :PK WND
================================================================================
1 2 3 4 5 6A 6B 7 8 9 10 11 12 13 14 15 16 17 18
12Z AVG MX 2MIN
DY MAX MIN AVG DEP HDD CDD WTR SNW DPTH SPD SPD DIR MIN PSBL S-S WX SPD DR
================================================================================
1 88 55 72 1 0 7 0.00 M M 4.8 13 20 M M 0 18 360
2 89 57 73 2 0 8 0.00 M M 3.2 15 340 M M 0 20 330
3 89 55 72 1 0 7 0.00 M M 3.7 12 20 M M 0 17 20
4 88 58 73 2 0 8 0.00 M M 4.4 14 20 M M 1 8 17 350
5 82 67 75 4 0 10 0.00 M M 2.8 9 110 M M 5 13 100
6 82 63 73 2 0 8 0.01 M M 3.9 13 350 M M 4 17 360
7 85 63 74 3 0 9 0.00 M M 4.3 13 30 M M 2 16 40
8 88 58 73 2 0 8 0.00 M M 4.2 10 330 M M 1 15 340
9 83 59 71 0 0 6 0.00 M M 4.4 13 360 M M 5 16 10
10 81 63 72 2 0 7 0.00 M M 7.0 15 10 M M 4 20 10
11 87 56 72 2 0 7 0.00 M M 5.5 12 350 M M 0 17 360
12 91 59 75 5 0 10 0.00 M M 6.8 16 360 M M 0 21 10
13 102 63 83 13 0 18 0.00 M M 10.5 20 360 M M 0 25 340
14 107 72 90 20 0 25 0.00 M M 8.5 13 360 M M 0 18 360
15 101 69 85 15 0 20 0.00 M M 2.6 8 170 M M 0 11 190
16 105 67 86 16 0 21 0.00 M M 2.3 9 360 M M 0 12 340
17 91 66 79 9 0 14 0.00 M M 1.7 9 250 M M 1 14 250
18 84 57 71 1 0 6 0.00 M M 6.3 17 350 M M 1 22 350
19 90 51 71 1 0 6 0.00 M M 6.6 14 360 M M 1 8 18 10
20 88 57 73 3 0 8 0.00 M M 3.8 10 330 M M 10 8 16 320
21 81 57 69 0 0 4 0.00 M M 3.7 12 330 M M 4 17 330
22 77 54 66 -3 0 1 0.00 M M 3.8 14 240 M M 5 18 240
23 79 53 66 -3 0 1 0.00 M M 5.2 15 10 M M 1 19 20
24 92 52 72 3 0 7 0.09 M M 6.1 20 120 M M 0 3 23 120
25 93 63 78 9 0 13 0.01 M M 3.5 10 250 M M 1 3 15 240
26 88 58 73 4 0 8 0.00 M M 3.1 9 230 M M 0 13 240
27 83 58 71 2 0 6 0.00 M M 4.0 9 250 M M 1 13 210
28 72 59 66 -2 0 1 0.00 M M 2.0 9 20 M M 9 18 11 10
29 75 61 68 0 0 3 0.03 M M 5.4 15 220 M M 9 20 220
30 80 61 71 3 0 6 0.00 M M 5.0 10 250 M M 6 14 220
31 64 59 62 -6 3 0 0.74 M M 2.6 10 170 M M 8 1 12 170
================================================================================
SM 2685 1850 3 263 0.88 M 141.7 M 79
================================================================================
AV 86.6 59.7 4.6 FASTST M M 3 MAX(MPH)
MISC ----> # 20 360 25 340
================================================================================
NOTES:
# LAST OF SEVERAL OCCURRENCES
COLUMN 17 PEAK WIND IN M.P.H.
PRELIMINARY LOCAL CLIMATOLOGICAL DATA (WS FORM: F-6) , PAGE 2
STATION: AURORA STATE OR
MONTH: AUGUST
YEAR: 2023
LATITUDE: 45 15 N
LONGITUDE: 122 46 W
[TEMPERATURE DATA] [PRECIPITATION DATA] SYMBOLS USED IN COLUMN 16
AVERAGE MONTHLY: 73.1 TOTAL FOR MONTH: 0.88 1 = FOG OR MIST
DPTR FM NORMAL: 3.3 DPTR FM NORMAL: 0.36 2 = FOG REDUCING VISIBILITY
HIGHEST: 107 ON 14 GRTST 24HR 0.74 ON 31-31 TO 1/4 MILE OR LESS
LOWEST: 51 ON 19 3 = THUNDER
SNOW, ICE PELLETS, HAIL 4 = ICE PELLETS
TOTAL MONTH: M 5 = HAIL
GRTST 24HR M ON M 6 = FREEZING RAIN OR DRIZZLE
GRTST DEPTH: M ON M 7 = DUSTSTORM OR SANDSTORM:
VSBY 1/2 MILE OR LESS
8 = SMOKE OR HAZE
[NO. OF DAYS WITH] [WEATHER - DAYS WITH] 9 = BLOWING SNOW
X = TORNADO
MAX 32 OR BELOW: 0 0.01 INCH OR MORE: 5
MAX 90 OR ABOVE: 9 0.10 INCH OR MORE: 1
MIN 32 OR BELOW: 0 0.50 INCH OR MORE: 1
MIN 0 OR BELOW: 0 1.00 INCH OR MORE: 0
[HDD (BASE 65) ]
TOTAL THIS MO. 3 CLEAR (SCALE 0-3) 20
DPTR FM NORMAL -9 PTCLDY (SCALE 4-7) 7
TOTAL FM JUL 1 6 CLOUDY (SCALE 8-10) 4
DPTR FM NORMAL -13
[CDD (BASE 65) ]
TOTAL THIS MO. 263
DPTR FM NORMAL 102 [PRESSURE DATA]
TOTAL FM JAN 1 611 HIGHEST SLP 30.24 ON 6
DPTR FM NORMAL 224 LOWEST SLP 29.73 ON 17
[REMARKS]
#FINAL-08-23#