000
CXUS53 KLSX 011712
CLMUIN
CLIMATE REPORT
NATIONAL WEATHER SERVICE ST LOUIS MO
1212 PM CDT MON MAY 01 2023
...................................
...THE QUINCY IL CLIMATE SUMMARY FOR THE MONTH OF APRIL 2023...
CLIMATE NORMAL PERIOD 1991 TO 2020
CLIMATE RECORD PERIOD 1901 TO 2023
WEATHER OBSERVED NORMAL DEPART LAST YEAR`S
VALUE DATE(S) VALUE FROM VALUE
NORMAL
..............................................................
TEMPERATURE (F)
RECORD
HIGH 92 04/25/1986
04/10/1930
LOW 9 04/02/2018
HIGHEST 87 04/04 85
LOWEST 30 04/06 26
AVG. MAXIMUM 67.7 63.7 4.0 61.0
AVG. MINIMUM 41.6 42.8 -1.2 40.2
MEAN 54.7 53.3 1.4 50.8
DAYS MAX >= 90 0 0.0 0.0 0
DAYS MAX <= 32 0 0.0 0.0 0
DAYS MIN <= 32 1 4.0 -3.0 7
DAYS MIN <= 0 0 0.0 0.0 0
PRECIPITATION (INCHES)
RECORD
MAXIMUM 7.97 1944
MINIMUM 0.63 2018
TOTALS 0.92 3.98 -3.06 3.01
DAILY AVG. 0.03 0.13 -0.10 0.10
DAYS >= .01 5 11.6 -6.6 15
DAYS >= .10 4 7.5 -3.5 7
DAYS >= .50 0 3.0 -3.0 2
DAYS >= 1.00 0 0.9 -0.9 1
GREATEST
24 HR. TOTAL 0.36 04/15 TO 04/16
DEGREE DAYS
HEATING TOTAL 312 367 -55 444
SINCE 7/1 4888 5342 -454 MM
COOLING TOTAL 10 14 -4 17
SINCE 1/1 10 16 -6 MM
..............................................................
WIND (MPH)
HIGHEST WIND SPEED/DIRECTION 37/270 DATE 04/01
HIGHEST GUST SPEED/DIRECTION 55/280 DATE 04/01
SKY COVER
NUMBER OF DAYS FAIR 18
NUMBER OF DAYS PC 10
NUMBER OF DAYS CLOUDY 2
WEATHER CONDITIONS. NUMBER OF DAYS WITH
THUNDERSTORM 4 MIXED PRECIP 0
HEAVY RAIN 1 RAIN 5
LIGHT RAIN 5 FREEZING RAIN 0
LT FREEZING RAIN 0 HAIL 0
HEAVY SNOW 0 SNOW 0
LIGHT SNOW 0 SLEET 0
FOG 4 FOG W/VIS <= 1/4 MILE 0
HAZE 4
- INDICATES NEGATIVE NUMBERS.
R INDICATES RECORD WAS SET OR TIED.
MM INDICATES DATA IS MISSING.
T INDICATES TRACE AMOUNT.
$$
...MONTHLY...
3RD DRIEST APRIL ON RECORD (0.92 INCHES).
TIED FOR 4TH FOR LEAST OCCURRENCES WITH MEASURABLE RAINFALL
(5 DAYS).
...DAILY...
RECORD HIGH TEMPERATURE OF 87 DEGREES SET ON 4/4. PREVIOUS
86 IN 1942.
RECORD LOW MAXIMUM TEMPERATURE OF 44 DEGREES TIED ON 4/22.
ALSO SET IN 1927.
BYRD